000
CDUS42 KAKQ 212227
CLIECG


CLIMATE REPORT
NATIONAL WEATHER SERVICE WAKEFIELD, VA
527 PM EST SUN JAN 21 2018


...................................

...THE ELIZABETH CITY NC CLIMATE SUMMARY FOR JANUARY 21 2018...
VALID TODAY AS OF 0500 PM LOCAL TIME.

CLIMATE NORMAL PERIOD 1981 TO 2010
CLIMATE RECORD PERIOD 1934 TO 2018


WEATHER ITEM   OBSERVED TIME   RECORD YEAR NORMAL DEPARTURE LAST
                VALUE   (LST)  VALUE       VALUE  FROM      YEAR
                                                  NORMAL
..................................................................
TEMPERATURE (F)
 TODAY
  MAXIMUM         65    203 PM  75    1935  51     14       55
  MINIMUM         34    718 AM  -2    1985  32      2       47
  AVERAGE         50

PRECIPITATION (IN)
  TODAY            0.00          0.87 1981   0.09  -0.09     0.11
  MONTH TO DATE    1.56                      2.10  -0.54     3.25
  SINCE DEC 1      4.62                      4.66  -0.04     5.92
  SINCE JAN 1      1.56                      2.10  -0.54     3.25

SNOWFALL (IN)
  TODAY            0.0
  MONTH TO DATE    6.8
  SINCE NOV 1      6.8
  SINCE JUL 1      6.8
  SNOW DEPTH       0

DEGREE DAYS
 HEATING
  TODAY           15
  MONTH TO DATE  652
  SINCE DEC 1   1294
  SINCE JUL 1   1728

 COOLING
  TODAY            0
  MONTH TO DATE    3
  SINCE DEC 1      3
  SINCE JAN 1      3
..................................................................


WIND (MPH)
  RESULTANT WIND SPEED   2   RESULTANT WIND DIRECTION  SW (220)
  HIGHEST WIND SPEED     9   HIGHEST WIND DIRECTION    SE (140)
  HIGHEST GUST SPEED    11   HIGHEST GUST DIRECTION    SE (150)


SKY COVER
  POSSIBLE SUNSHINE  MM
  AVERAGE SKY COVER 0.0


WEATHER CONDITIONS
 THE FOLLOWING WEATHER WAS RECORDED TODAY.
  NO SIGNIFICANT WEATHER WAS OBSERVED.


RELATIVE HUMIDITY (PERCENT)
 HIGHEST   100
 LOWEST     62
 AVERAGE    81

..........................................................


THE ELIZABETH CITY NC CLIMATE NORMALS FOR TOMORROW
                         NORMAL    RECORD    YEAR
 MAXIMUM TEMPERATURE (F)   51        79      1937
 MINIMUM TEMPERATURE (F)   32         9      2014


SUNRISE AND SUNSET
JANUARY 21 2018.......SUNRISE   713 AM EST   SUNSET   520 PM EST
JANUARY 22 2018.......SUNRISE   712 AM EST   SUNSET   521 PM EST


-  INDICATES NEGATIVE NUMBERS.
R  INDICATES RECORD WAS SET OR TIED.
MM INDICATES DATA IS MISSING.
T  INDICATES TRACE AMOUNT.




$$
