000
CDUS42 KAKQ 050122
CLIECG


CLIMATE REPORT
NATIONAL WEATHER SERVICE WAKEFIELD, VA
922 PM EDT TUE AUG 4 2015


...................................

...THE ELIZABETH CITY NC CLIMATE SUMMARY FOR AUGUST 4 2015...
VALID TODAY AS OF 0500 PM LOCAL TIME.

CLIMATE NORMAL PERIOD 1981 TO 2010
CLIMATE RECORD PERIOD 1934 TO 2015


WEATHER ITEM   OBSERVED TIME   RECORD YEAR NORMAL DEPARTURE LAST
                VALUE   (LST)  VALUE       VALUE  FROM      YEAR
                                                  NORMAL
..................................................................
TEMPERATURE (F)
 TODAY
  MAXIMUM         90   1151 AM  98    1995  87      3       80
  MINIMUM         76   1238 PM  58    1998  70      6       67
  AVERAGE         83

PRECIPITATION (IN)
  TODAY            0.04          1.24 1972   0.22  -0.18     0.33
  MONTH TO DATE    0.04                      0.86  -0.82     2.08
  SINCE JUN 1     10.47                     11.01  -0.54    11.29
  SINCE JAN 1     27.77                     28.18  -0.41    26.25

SNOWFALL (IN)
  TODAY            0.0
  MONTH TO DATE    0.0
  SINCE NOV 1      T
  SINCE JUL 1      0.0
  SNOW DEPTH       0

DEGREE DAYS
 HEATING
  TODAY            0
  MONTH TO DATE    0
  SINCE JUN 1      0
  SINCE JUL 1      0

 COOLING
  TODAY           18
  MONTH TO DATE   62
  SINCE JUN 1    912
  SINCE JAN 1   1117
..................................................................


WIND (MPH)
  RESULTANT WIND SPEED  12   RESULTANT WIND DIRECTION  SW (210)
  HIGHEST WIND SPEED    32   HIGHEST WIND DIRECTION     S (200)
  HIGHEST GUST SPEED    47   HIGHEST GUST DIRECTION    SW (210)


SKY COVER
  POSSIBLE SUNSHINE  MM
  AVERAGE SKY COVER 0.4


WEATHER CONDITIONS
 THE FOLLOWING WEATHER WAS RECORDED TODAY.
  THUNDERSTORM
  RAIN
  LIGHT RAIN
  FOG


RELATIVE HUMIDITY (PERCENT)
 HIGHEST    91
 LOWEST     59
 AVERAGE    75

..........................................................


THE ELIZABETH CITY NC CLIMATE NORMALS FOR TOMORROW
                         NORMAL    RECORD    YEAR
 MAXIMUM TEMPERATURE (F)   87        97      1995
 MINIMUM TEMPERATURE (F)   70        55      1976


SUNRISE AND SUNSET
AUGUST  4 2015........SUNRISE   614 AM EDT   SUNSET   807 PM EDT
AUGUST  5 2015........SUNRISE   615 AM EDT   SUNSET   806 PM EDT


-  INDICATES NEGATIVE NUMBERS.
R  INDICATES RECORD WAS SET OR TIED.
MM INDICATES DATA IS MISSING.
T  INDICATES TRACE AMOUNT.




$$
