000
CDUS42 KAKQ 270545
CLIECG


CLIMATE REPORT
NATIONAL WEATHER SERVICE WAKEFIELD, VA
145 AM EDT MON MAR 27 2017


...................................

...THE ELIZABETH CITY NC CLIMATE SUMMARY FOR MARCH 26 2017...

CLIMATE NORMAL PERIOD 1981 TO 2010
CLIMATE RECORD PERIOD 1934 TO 2017


WEATHER ITEM   OBSERVED TIME   RECORD YEAR NORMAL DEPARTURE LAST
                VALUE   (LST)  VALUE       VALUE  FROM      YEAR
                                                  NORMAL
..................................................................
TEMPERATURE (F)
 YESTERDAY
  MAXIMUM         75    125 PM  86    1939  64     11       63
  MINIMUM         50    543 AM  19    1940  42      8       50
  AVERAGE         63                        53     10       57

PRECIPITATION (IN)
  YESTERDAY        0.00          2.31 1978   0.15  -0.15     0.00
  MONTH TO DATE    2.91                      3.22  -0.31     1.25
  SINCE MAR 1      2.91                      3.22  -0.31     1.25
  SINCE JAN 1      7.52                      9.66  -2.14     8.84

SNOWFALL (IN)
  YESTERDAY        0.0           0.0  2002  MM     MM
  MONTH TO DATE    T                        MM     MM
  SINCE NOV 1      1.2                      MM     MM
  SINCE JUL 1      1.2                      MM     MM
  SNOW DEPTH       0

DEGREE DAYS
 HEATING
  YESTERDAY        2                        12    -10        8
  MONTH TO DATE  451                       408     43      241
  SINCE MAR 1    451                       408     43      241
  SINCE JUL 1   2546                      2880   -334     2152

 COOLING
  YESTERDAY        0                         0      0        0
  MONTH TO DATE    7                         0      7       24
  SINCE MAR 1      7                         0      7       24
  SINCE JAN 1     10                         2      8       24
..................................................................


WIND (MPH)
  HIGHEST WIND SPEED    15   HIGHEST WIND DIRECTION     E (110)
  HIGHEST GUST SPEED    17   HIGHEST GUST DIRECTION     E (110)
  AVERAGE WIND SPEED     5.2


SKY COVER
  POSSIBLE SUNSHINE  MM
  AVERAGE SKY COVER 0.3


WEATHER CONDITIONS
 THE FOLLOWING WEATHER WAS RECORDED YESTERDAY.
  NO SIGNIFICANT WEATHER WAS OBSERVED.


RELATIVE HUMIDITY (PERCENT)
 HIGHEST   100           400 AM
 LOWEST     46          1200 PM
 AVERAGE    73

..........................................................


THE ELIZABETH CITY NC CLIMATE NORMALS FOR TODAY
                         NORMAL    RECORD    YEAR
 MAXIMUM TEMPERATURE (F)   64        85      2007
 MINIMUM TEMPERATURE (F)   43        23      1955


SUNRISE AND SUNSET
MARCH 27 2017.........SUNRISE   658 AM EDT   SUNSET   723 PM EDT
MARCH 28 2017.........SUNRISE   656 AM EDT   SUNSET   724 PM EDT


-  INDICATES NEGATIVE NUMBERS.
R  INDICATES RECORD WAS SET OR TIED.
MM INDICATES DATA IS MISSING.
T  INDICATES TRACE AMOUNT.




$$
