000
CDUS42 KAKQ 120627
CLIECG


CLIMATE REPORT
NATIONAL WEATHER SERVICE WAKEFIELD, VA
127 AM EST FRI FEB 12 2016


...................................

...THE ELIZABETH CITY NC CLIMATE SUMMARY FOR FEBRUARY 11 2016...

CLIMATE NORMAL PERIOD 1981 TO 2010
CLIMATE RECORD PERIOD 1934 TO 2016


WEATHER ITEM   OBSERVED TIME   RECORD YEAR NORMAL DEPARTURE LAST
                VALUE   (LST)  VALUE       VALUE  FROM      YEAR
                                                  NORMAL
..................................................................
TEMPERATURE (F)
 YESTERDAY
  MAXIMUM         37    253 PM  74    1959  53    -16       38
  MINIMUM         23    724 AM  13    1980  34    -11       28
  AVERAGE         30                        44    -14       33

PRECIPITATION (IN)
  YESTERDAY        0.00          1.22 1983   0.10  -0.10      T
  MONTH TO DATE    3.10                      1.23   1.87     0.93
  SINCE DEC 1     10.02                      7.05   2.97     8.08
  SINCE JAN 1      6.01                      4.49   1.52     4.94

SNOWFALL (IN)
  YESTERDAY        0.0          MM      MM  MM     MM
  MONTH TO DATE    T                        MM     MM
  SINCE NOV 1      T                        MM     MM
  SINCE JUL 1      T                        MM     MM
  SNOW DEPTH       0

DEGREE DAYS
 HEATING
  YESTERDAY       35                        21     14       32
  MONTH TO DATE  222                       242    -20      275
  SINCE DEC 1   1198                      1614   -416     1427
  SINCE JUL 1   1554                      2129   -575     1942

 COOLING
  YESTERDAY        0                         0      0        0
  MONTH TO DATE    0                         0      0        0
  SINCE DEC 1     31                         3     28        2
  SINCE JAN 1      0                         1     -1        2
..................................................................


WIND (MPH)
  HIGHEST WIND SPEED    23   HIGHEST WIND DIRECTION     W (280)
  HIGHEST GUST SPEED    30   HIGHEST GUST DIRECTION     W (290)
  AVERAGE WIND SPEED    12.2


SKY COVER
  POSSIBLE SUNSHINE  MM
  AVERAGE SKY COVER 0.0


WEATHER CONDITIONS
 THE FOLLOWING WEATHER WAS RECORDED YESTERDAY.
  NO SIGNIFICANT WEATHER WAS OBSERVED.


RELATIVE HUMIDITY (PERCENT)
 HIGHEST    62           900 PM
 LOWEST     32           200 PM
 AVERAGE    47

..........................................................


THE ELIZABETH CITY NC CLIMATE NORMALS FOR TODAY
                         NORMAL    RECORD    YEAR
 MAXIMUM TEMPERATURE (F)   53        71      1984
 MINIMUM TEMPERATURE (F)   34        12      1973


SUNRISE AND SUNSET
FEBRUARY 12 2016......SUNRISE   656 AM EST   SUNSET   542 PM EST
FEBRUARY 13 2016......SUNRISE   655 AM EST   SUNSET   543 PM EST


-  INDICATES NEGATIVE NUMBERS.
R  INDICATES RECORD WAS SET OR TIED.
MM INDICATES DATA IS MISSING.
T  INDICATES TRACE AMOUNT.




$$
