000
CDUS42 KAKQ 210845
CLIECG


CLIMATE REPORT
NATIONAL WEATHER SERVICE WAKEFIELD, VA
445 AM EDT THU AUG 21 2014


...................................

...THE ELIZABETH CITY NC CLIMATE SUMMARY FOR AUGUST 20 2014...

CLIMATE NORMAL PERIOD 1981 TO 2010
CLIMATE RECORD PERIOD 1934 TO 2014


WEATHER ITEM   OBSERVED TIME   RECORD YEAR NORMAL DEPARTURE LAST
                VALUE   (LST)  VALUE       VALUE  FROM      YEAR
                                                  NORMAL
..................................................................
TEMPERATURE (F)
 YESTERDAY
  MAXIMUM         85    319 PM 100    1983  87     -2       82
  MINIMUM         74   1008 PM  56    1943  68      6       68
  AVERAGE         80                        78      2       75

PRECIPITATION (IN)
  YESTERDAY        0.00          2.26 1981   0.22  -0.22     0.00
  MONTH TO DATE    2.94                      4.31  -1.37     5.06
  SINCE JUN 1     12.15                     14.46  -2.31    18.16
  SINCE JAN 1     27.11                     31.63  -4.52    28.83

SNOWFALL (IN)
  YESTERDAY        0.0           0.0  2002  MM     MM
  MONTH TO DATE    0.0                      MM     MM
  SINCE NOV 1     10.2                      MM     MM
  SINCE JUL 1      0.0                      MM     MM
  SNOW DEPTH       0

DEGREE DAYS
 HEATING
  YESTERDAY        0                         0      0        0
  MONTH TO DATE    0                         0      0        0
  SINCE JUN 1      5                         3      2        0
  SINCE JUL 1      0                         0      0        0

 COOLING
  YESTERDAY       15                        12      3       10
  MONTH TO DATE  219                       264    -45      237
  SINCE JUN 1    904                      1004   -100     1057
  SINCE JAN 1   1113                      1168    -55     1263
..................................................................


WIND (MPH)
  HIGHEST WIND SPEED    12   HIGHEST WIND DIRECTION    NE (40)
  HIGHEST GUST SPEED    14   HIGHEST GUST DIRECTION    NE (50)
  AVERAGE WIND SPEED     5.9


SKY COVER
  POSSIBLE SUNSHINE  MM
  AVERAGE SKY COVER 0.3


WEATHER CONDITIONS
 THE FOLLOWING WEATHER WAS RECORDED YESTERDAY.
  FOG
  HAZE


RELATIVE HUMIDITY (PERCENT)
 HIGHEST   100           100 AM
 LOWEST     61           100 PM
 AVERAGE    81

..........................................................


THE ELIZABETH CITY NC CLIMATE NORMALS FOR TODAY
                         NORMAL    RECORD    YEAR
 MAXIMUM TEMPERATURE (F)   86        96      2007
                                             1983
 MINIMUM TEMPERATURE (F)   68        55      1998


SUNRISE AND SUNSET
AUGUST 21 2014........SUNRISE   628 AM EDT   SUNSET   748 PM EDT
AUGUST 22 2014........SUNRISE   628 AM EDT   SUNSET   746 PM EDT


-  INDICATES NEGATIVE NUMBERS.
R  INDICATES RECORD WAS SET OR TIED.
MM INDICATES DATA IS MISSING.
T  INDICATES TRACE AMOUNT.




$$
