554
CDUS42 KAKQ 310529
CLIECG


CLIMATE REPORT
NATIONAL WEATHER SERVICE WAKEFIELD, VA
128 AM EDT WED AUG 31 2016


...................................

...THE ELIZABETH CITY NC CLIMATE SUMMARY FOR AUGUST 30 2016...

CLIMATE NORMAL PERIOD 1981 TO 2010
CLIMATE RECORD PERIOD 1934 TO 2016


WEATHER ITEM   OBSERVED TIME   RECORD YEAR NORMAL DEPARTURE LAST
                VALUE   (LST)  VALUE       VALUE  FROM      YEAR
                                                  NORMAL
..................................................................
TEMPERATURE (F)
 YESTERDAY
  MAXIMUM         87    309 PM  95    1990  85      2       87
  MINIMUM         71    406 AM  49    1965  67      4       64
  AVERAGE         79                        76      3       76

PRECIPITATION (IN)
  YESTERDAY        0.00          7.30 2006   0.18  -0.18     0.00
  MONTH TO DATE    3.14                      6.45  -3.31     2.12
  SINCE JUN 1      9.30                     16.60  -7.30    12.55
  SINCE JAN 1     27.51                     33.77  -6.26    29.85

SNOWFALL (IN)
  YESTERDAY        0.0           0.0  2002  MM     MM
  MONTH TO DATE    0.0                      MM     MM
  SINCE NOV 1      1.8                      MM     MM
  SINCE JUL 1      0.0                      MM     MM
  SNOW DEPTH       0

DEGREE DAYS
 HEATING
  YESTERDAY        0                         0      0        0
  MONTH TO DATE    0                         0      0        0
  SINCE JUN 1      0                         3     -3        0
  SINCE JUL 1      0                         0      0        0

 COOLING
  YESTERDAY       14                        11      3       11
  MONTH TO DATE  485                       381    104      374
  SINCE JUN 1   1321                      1121    200     1224
  SINCE JAN 1   1491                      1285    206     1429
..................................................................


WIND (MPH)
  HIGHEST WIND SPEED    18   HIGHEST WIND DIRECTION    NE (50)
  HIGHEST GUST SPEED    24   HIGHEST GUST DIRECTION    NE (30)
  AVERAGE WIND SPEED    10.1


SKY COVER
  POSSIBLE SUNSHINE  MM
  AVERAGE SKY COVER 0.2


WEATHER CONDITIONS
 THE FOLLOWING WEATHER WAS RECORDED YESTERDAY.
  NO SIGNIFICANT WEATHER WAS OBSERVED.


RELATIVE HUMIDITY (PERCENT)
 HIGHEST    94          1100 PM
 LOWEST     63           200 PM
 AVERAGE    79

..........................................................


THE ELIZABETH CITY NC CLIMATE NORMALS FOR TODAY
                         NORMAL    RECORD    YEAR
 MAXIMUM TEMPERATURE (F)   85        97      1970
 MINIMUM TEMPERATURE (F)   67        52      1976


SUNRISE AND SUNSET
AUGUST 31 2016........SUNRISE   636 AM EDT   SUNSET   733 PM EDT
SEPTEMBER  1 2016.....SUNRISE   637 AM EDT   SUNSET   732 PM EDT


-  INDICATES NEGATIVE NUMBERS.
R  INDICATES RECORD WAS SET OR TIED.
MM INDICATES DATA IS MISSING.
T  INDICATES TRACE AMOUNT.




$$
