000
CDUS45 KGJT 122339
CLIEEO


CLIMATE REPORT
NATIONAL WEATHER SERVICE GRAND JUNCTION CO
530 PM MDT SAT JUL 12 2014


...................................

...THE MEEKER CO CLIMATE SUMMARY FOR JULY 12 2014...
VALID TODAY AS OF 0500 PM LOCAL TIME.

CLIMATE NORMAL PERIOD 1981 TO 2010
CLIMATE RECORD PERIOD 9999 TO 9999


WEATHER ITEM   OBSERVED TIME   RECORD YEAR NORMAL DEPARTURE LAST
                VALUE   (LST)  VALUE       VALUE  FROM      YEAR
                                                  NORMAL
..................................................................
TEMPERATURE (F)
 TODAY
  MAXIMUM         86    335 PM  MM      MM  86      0       86
  MINIMUM         57    436 AM  MM      MM  48      9       54
  AVERAGE         72                        67      5       70

PRECIPITATION (IN)
  TODAY            T            MM      MM   0.04  -0.04     0.01
  MONTH TO DATE    0.05                      0.40  -0.35     0.57
  SINCE JUN 1      0.55                      1.64  -1.09     0.64
  SINCE JAN 1      7.98                      7.79   0.19     7.01

SNOWFALL (IN)
  TODAY           MM            MM      MM  MM     MM       MM
  MONTH TO DATE   MM                        MM     MM       MM
  SINCE JUN 1     MM                        MM     MM       MM
  SINCE JUL 1     MM                        MM     MM       MM
  SNOW DEPTH      MM

DEGREE DAYS
 HEATING
  TODAY            0                         1     -1        0
  MONTH TO DATE    5                        14     -9        0
  SINCE JUN 1    140                       158    -18       76
  SINCE JUL 1      5                        14     -9        0

 COOLING
  TODAY            7                         3      4        5
  MONTH TO DATE   53                        23     30       57
  SINCE JUN 1     58                        40     18       94
  SINCE JAN 1     59                        41     18       94
..................................................................


WIND (MPH)
  HIGHEST WIND SPEED    18   HIGHEST WIND DIRECTION    NW (310)
  HIGHEST GUST SPEED    29   HIGHEST GUST DIRECTION     W (270)
  AVERAGE WIND SPEED     6.0


SKY COVER
  POSSIBLE SUNSHINE  MM
  AVERAGE SKY COVER 0.4


WEATHER CONDITIONS
 THE FOLLOWING WEATHER WAS RECORDED TODAY.
  LIGHT RAIN


RELATIVE HUMIDITY (PERCENT)
 HIGHEST    78           300 AM
 LOWEST     29           400 PM
 AVERAGE    54

..........................................................


THE MEEKER CO CLIMATE NORMALS FOR TOMORROW
                         NORMAL    RECORD    YEAR
 MAXIMUM TEMPERATURE (F)   86        MM        MM
 MINIMUM TEMPERATURE (F)   48        MM        MM


SUNRISE AND SUNSET
JULY 12 2014..........SUNRISE   553 AM MDT   SUNSET   841 PM MDT
JULY 13 2014..........SUNRISE   554 AM MDT   SUNSET   840 PM MDT


-  INDICATES NEGATIVE NUMBERS.
R  INDICATES RECORD WAS SET OR TIED.
MM INDICATES DATA IS MISSING.
T  INDICATES TRACE AMOUNT.




$$
