000
CDUS44 KBMX 290025
CLIEET


CLIMATE REPORT
NATIONAL WEATHER SERVICE BIRMINGHAM, AL
724 PM CDT TUE JUL 28 2015


...................................

...THE SHELBY COUNTY AIRPORT CLIMATE SUMMARY FOR JULY 28 2015...
VALID TODAY AS OF 0700 PM LOCAL TIME.

CLIMATE NORMAL PERIOD 1981 TO 2010
CLIMATE RECORD PERIOD 9999 TO 9999


WEATHER ITEM   OBSERVED TIME   RECORD YEAR NORMAL DEPARTURE LAST
                VALUE   (LST)  VALUE       VALUE  FROM      YEAR
                                                  NORMAL
..................................................................
TEMPERATURE (F)
 TODAY
  MAXIMUM         96    426 PM  MM      MM  91      5       94
  MINIMUM         73    507 AM  MM      MM  71      2       72
  AVERAGE         85                        81      4       83

PRECIPITATION (IN)
  TODAY            1.07                      0.15   0.92     0.00
  MONTH TO DATE   10.22                      4.29   5.93     3.06
  SINCE JUN 1     12.24                      8.92   3.32     8.53
  SINCE JAN 1     36.45                     32.85   3.60    36.03

DEGREE DAYS
 COOLING
  TODAY           20                        16      4       18
  MONTH TO DATE  442                       440      2      417
  SINCE JUN 1    872                       814     58      832
  SINCE JAN 1   1222                      1083    139     1126
..................................................................


WIND (MPH)
  HIGHEST WIND SPEED    24   HIGHEST WIND DIRECTION    NW (310)
  HIGHEST GUST SPEED    33   HIGHEST GUST DIRECTION     W (290)
  AVERAGE WIND SPEED     2.8


SKY COVER
  POSSIBLE SUNSHINE  MM
  AVERAGE SKY COVER 0.1


WEATHER CONDITIONS
 THE FOLLOWING WEATHER WAS RECORDED TODAY.
  THUNDERSTORM
  HEAVY RAIN
  RAIN
  LIGHT RAIN
  FOG
  HAZE


RELATIVE HUMIDITY (PERCENT)
 HIGHEST    94          1200 AM
 LOWEST     49           400 PM
 AVERAGE    72

..........................................................


THE SHELBY COUNTY AIRPORT CLIMATE NORMALS FOR TOMORROW
                         NORMAL    RECORD    YEAR
 MAXIMUM TEMPERATURE (F)   91        MM        MM
 MINIMUM TEMPERATURE (F)   71        MM        MM


SUNRISE AND SUNSET
JULY 28 2015..........SUNRISE   557 AM CDT   SUNSET   750 PM CDT
JULY 29 2015..........SUNRISE   558 AM CDT   SUNSET   749 PM CDT


-  INDICATES NEGATIVE NUMBERS.
R  INDICATES RECORD WAS SET OR TIED.
MM INDICATES DATA IS MISSING.
T  INDICATES TRACE AMOUNT.




$$
