000
CDUS44 KBMX 232147
CLIEET


CLIMATE REPORT
NATIONAL WEATHER SERVICE BIRMINGHAM, AL
446 PM CDT TUE MAY 23 2017


...................................

...THE SHELBY COUNTY AIRPORT CLIMATE SUMMARY FOR MAY 23 2017...
VALID AS OF 0400 PM LOCAL TIME.

CLIMATE NORMAL PERIOD 1981 TO 2010
CLIMATE RECORD PERIOD 9999 TO 9999


WEATHER ITEM   OBSERVED TIME   RECORD YEAR NORMAL DEPARTURE LAST
                VALUE   (LST)  VALUE       VALUE  FROM      YEAR
                                                  NORMAL
..................................................................
TEMPERATURE (F)
 TODAY
  MAXIMUM         78    230 PM  MM      MM  83     -5       84
  MINIMUM         66    606 AM  MM      MM  62      4       55
  AVERAGE         72                        72      0       70

PRECIPITATION (IN)
  TODAY            0.44                      0.15   0.29     0.00
  MONTH TO DATE    4.02                      3.23   0.79     1.51
  SINCE MAR 1     14.59                     11.60   2.99    11.88
  SINCE JAN 1     25.69                     22.68   3.01    22.52

DEGREE DAYS
 COOLING
  TODAY            7                         8     -1        5
  MONTH TO DATE  148                       125     23      104
  SINCE MAR 1    357                       196    161      199
  SINCE JAN 1    367                       200    167      206
..................................................................


WIND (MPH)
  HIGHEST WIND SPEED    14   HIGHEST WIND DIRECTION     S (160)
  HIGHEST GUST SPEED    17   HIGHEST GUST DIRECTION     S (160)
  AVERAGE WIND SPEED     4.1


SKY COVER
  POSSIBLE SUNSHINE  MM
  AVERAGE SKY COVER 0.9


WEATHER CONDITIONS
 THE FOLLOWING WEATHER WAS RECORDED TODAY.
  RAIN
  LIGHT RAIN
  FOG


RELATIVE HUMIDITY (PERCENT)
 HIGHEST   100           100 AM
 LOWEST     74           100 PM
 AVERAGE    87

..........................................................


THE SHELBY COUNTY AIRPORT CLIMATE NORMALS FOR TOMORROW
                         NORMAL    RECORD    YEAR
 MAXIMUM TEMPERATURE (F)   83        MM        MM
 MINIMUM TEMPERATURE (F)   62        MM        MM


SUNRISE AND SUNSET
MAY 23 2017...........SUNRISE   542 AM CDT   SUNSET   746 PM CDT
MAY 24 2017...........SUNRISE   542 AM CDT   SUNSET   746 PM CDT


-  INDICATES NEGATIVE NUMBERS.
R  INDICATES RECORD WAS SET OR TIED.
MM INDICATES DATA IS MISSING.
T  INDICATES TRACE AMOUNT.




$$
