000
CDUS44 KBMX 240736
CLIEET


CLIMATE REPORT
NATIONAL WEATHER SERVICE BIRMINGHAM, AL
235 AM CDT SAT JUN 24 2017


...................................

...THE SHELBY COUNTY AIRPORT CLIMATE SUMMARY FOR JUNE 23 2017...

CLIMATE NORMAL PERIOD 1981 TO 2010
CLIMATE RECORD PERIOD 9999 TO 9999


WEATHER ITEM   OBSERVED TIME   RECORD YEAR NORMAL DEPARTURE LAST
                VALUE   (LST)  VALUE       VALUE  FROM      YEAR
                                                  NORMAL
..................................................................
TEMPERATURE (F)
 YESTERDAY
  MAXIMUM         89    127 PM  MM      MM  89      0       89
  MINIMUM         73   1159 PM  MM      MM  69      4       70
  AVERAGE         81                        79      2       80

PRECIPITATION (IN)
  YESTERDAY        1.86                      0.15   1.71     0.00
  MONTH TO DATE   10.53                      3.59   6.94     2.56
  SINCE JUN 1     10.53                      3.59   6.94     2.56
  SINCE JAN 1     38.31                     27.52  10.79    25.08

DEGREE DAYS
 COOLING
  YESTERDAY       16                        14      2       15
  MONTH TO DATE  280                       275      5      333
  SINCE JUN 1    280                       275      5      333
  SINCE JAN 1    702                       544    158      637
..................................................................


WIND (MPH)
  HIGHEST WIND SPEED    21   HIGHEST WIND DIRECTION     S (180)
  HIGHEST GUST SPEED    30   HIGHEST GUST DIRECTION     S (170)
  AVERAGE WIND SPEED     9.1


SKY COVER
  POSSIBLE SUNSHINE  MM
  AVERAGE SKY COVER 0.8


WEATHER CONDITIONS
 THE FOLLOWING WEATHER WAS RECORDED YESTERDAY.
  THUNDERSTORM
  HEAVY RAIN
  RAIN
  LIGHT RAIN
  FOG


RELATIVE HUMIDITY (PERCENT)
 HIGHEST   100           300 AM
 LOWEST     63           100 PM
 AVERAGE    82

..........................................................


THE SHELBY COUNTY AIRPORT CLIMATE NORMALS FOR TODAY
                         NORMAL    RECORD    YEAR
 MAXIMUM TEMPERATURE (F)   89        MM        MM
 MINIMUM TEMPERATURE (F)   69        MM        MM


SUNRISE AND SUNSET
JUNE 24 2017..........SUNRISE   539 AM CDT   SUNSET   800 PM CDT
JUNE 25 2017..........SUNRISE   540 AM CDT   SUNSET   800 PM CDT


-  INDICATES NEGATIVE NUMBERS.
R  INDICATES RECORD WAS SET OR TIED.
MM INDICATES DATA IS MISSING.
T  INDICATES TRACE AMOUNT.




$$
