000
CDUS44 KBMX 220942
CLIEET


CLIMATE REPORT
NATIONAL WEATHER SERVICE BIRMINGHAM, AL
441 AM CDT FRI AUG 22 2014


...................................

...THE SHELBY COUNTY AIRPORT CLIMATE SUMMARY FOR AUGUST 21 2014...

CLIMATE NORMAL PERIOD 1981 TO 2010
CLIMATE RECORD PERIOD 9999 TO 9999


WEATHER ITEM   OBSERVED TIME   RECORD YEAR NORMAL DEPARTURE LAST
                VALUE   (LST)  VALUE       VALUE  FROM      YEAR
                                                  NORMAL
..................................................................
TEMPERATURE (F)
 YESTERDAY
  MAXIMUM         95    201 PM  MM      MM  90      5       89
  MINIMUM         72    513 AM  MM      MM  70      2       72
  AVERAGE         84                        80      4       81

PRECIPITATION (IN)
  YESTERDAY        0.18                      0.16   0.02     0.01
  MONTH TO DATE    2.87                      3.25  -0.38     6.35
  SINCE JUN 1     11.24                     12.64  -1.40    17.93
  SINCE JAN 1     38.74                     36.57   2.17    46.93

DEGREE DAYS
 COOLING
  YESTERDAY       19                        15      4       16
  MONTH TO DATE  342                       327     15      286
  SINCE JUN 1   1203                      1188     15     1113
  SINCE JAN 1   1497                      1457     40     1365
..................................................................


WIND (MPH)
  HIGHEST WIND SPEED    18   HIGHEST WIND DIRECTION     W (280)
  HIGHEST GUST SPEED    26   HIGHEST GUST DIRECTION     W (270)
  AVERAGE WIND SPEED     2.7


SKY COVER
  POSSIBLE SUNSHINE  MM
  AVERAGE SKY COVER 0.1


WEATHER CONDITIONS
 THE FOLLOWING WEATHER WAS RECORDED YESTERDAY.
  THUNDERSTORM
  HEAVY RAIN
  RAIN
  LIGHT RAIN
  FOG


RELATIVE HUMIDITY (PERCENT)
 HIGHEST    93           300 AM
 LOWEST     42           200 PM
 AVERAGE    68

..........................................................


THE SHELBY COUNTY AIRPORT CLIMATE NORMALS FOR TODAY
                         NORMAL    RECORD    YEAR
 MAXIMUM TEMPERATURE (F)   90        MM        MM
 MINIMUM TEMPERATURE (F)   70        MM        MM


SUNRISE AND SUNSET
AUGUST 22 2014........SUNRISE   615 AM CDT   SUNSET   725 PM CDT
AUGUST 23 2014........SUNRISE   615 AM CDT   SUNSET   723 PM CDT


-  INDICATES NEGATIVE NUMBERS.
R  INDICATES RECORD WAS SET OR TIED.
MM INDICATES DATA IS MISSING.
T  INDICATES TRACE AMOUNT.




$$
