000
CDUS46 KEKA 291209
CLIEKA


CLIMATE REPORT
NATIONAL WEATHER SERVICE EUREKA CA
509 AM PDT THU SEP 29 2016


...................................

...THE EUREKA CA CLIMATE SUMMARY FOR SEPTEMBER 28 2016...

CLIMATE NORMAL PERIOD 1981 TO 2010
CLIMATE RECORD PERIOD 1886 TO 2016


WEATHER ITEM   OBSERVED RECORD YEAR NORMAL DEPARTURE LAST
                VALUE   VALUE       VALUE  FROM      YEAR
                                           NORMAL
...........................................................
TEMPERATURE (F)
 YESTERDAY
  MAXIMUM         56     79    1945  63     -7       63
  MINIMUM         53     42    1999  49      4       47
  AVERAGE         55                 56     -1       55

PRECIPITATION (IN)
  YESTERDAY        0.00   0.72 1977   0.02  -0.02     0.00
  MONTH TO DATE    0.01               0.53  -0.52     0.27
  SINCE OCT 1     48.08              40.27   7.81    31.50
  SINCE JAN 1     27.36              24.30   3.06    13.12

SNOWFALL (IN)
  YESTERDAY        0.0   MM      MM   0.0    0.0      0.0
  MONTH TO DATE    0.0                0.0    0.0      0.0
  SINCE SEP 1      0.0                0.0    0.0      0.0
  SINCE JUL 1      0.0                0.0    0.0      0.0
  SNOW DEPTH       0

DEGREE DAYS
 HEATING
  YESTERDAY       10                  9      1       10
  MONTH TO DATE  218                221     -3      184
  SINCE SEP 1    218                221     -3      184
  SINCE JUL 1    665                647     18      407

 COOLING
  YESTERDAY        0                  0      0        0
  MONTH TO DATE    0                  0      0        0
  SINCE SEP 1      0                  0      0        0
  SINCE JAN 1      0                  0      0        5
...........................................................


WIND (MPH)
  HIGHEST WIND SPEED     9   HIGHEST WIND DIRECTION    NW (320)
  HIGHEST GUST SPEED    10   HIGHEST GUST DIRECTION    MM
  AVERAGE WIND SPEED     2.9


SKY COVER
  AVERAGE SKY COVER 1.0


WEATHER CONDITIONS
 THE FOLLOWING WEATHER WAS RECORDED YESTERDAY.
  FOG


..........................................................


THE EUREKA CA CLIMATE NORMALS FOR TODAY
                         NORMAL    RECORD    YEAR
 MAXIMUM TEMPERATURE (F)   63        77      1966
 MINIMUM TEMPERATURE (F)   49        41      2007


SUNRISE AND SUNSET
SEPTEMBER 29 2016.....SUNRISE   712 AM PDT   SUNSET   701 PM PDT
SEPTEMBER 30 2016.....SUNRISE   713 AM PDT   SUNSET   659 PM PDT


-  INDICATES NEGATIVE NUMBERS.
R  INDICATES RECORD WAS SET OR TIED.
MM INDICATES DATA IS MISSING.
T  INDICATES TRACE AMOUNT.




&&

..........................................................

TOTAL SEASON     NORMAL   % OF NORMAL     LAST SEASON

    48.08         40.27        119            31.50


$$
