000
CDUS46 KEKA 241211
CLIEKA


CLIMATE REPORT
NATIONAL WEATHER SERVICE EUREKA CA
409 AM PST WED DEC 24 2014


...................................

...THE EUREKA CA CLIMATE SUMMARY FOR DECEMBER 23 2014...

CLIMATE NORMAL PERIOD 1981 TO 2010
CLIMATE RECORD PERIOD 1886 TO 2014


WEATHER ITEM   OBSERVED RECORD YEAR NORMAL DEPARTURE LAST
                VALUE   VALUE       VALUE  FROM      YEAR
                                           NORMAL
...........................................................
TEMPERATURE (F)
 YESTERDAY
  MAXIMUM         55     68    1993  55      0       54
  MINIMUM         52     24    1998  40     12       37
  AVERAGE         54                 48      6       46

PRECIPITATION (IN)
  YESTERDAY        T      1.41 1892   0.27  -0.27     0.00
  MONTH TO DATE    8.95               6.11   2.84     0.55
  SINCE JUL 1     20.71              15.04   5.67     5.11
  SINCE JAN 1     36.70              38.32  -1.62    16.59

SNOWFALL (IN)
  YESTERDAY        0.0    0.0  2001   0.0    0.0      0.0
  MONTH TO DATE    0.0                0.0    0.0       T
  SINCE DEC 1      0.0                0.0    0.0       T
  SINCE JUL 1      0.0                0.0    0.0       T
  SNOW DEPTH       0

DEGREE DAYS
 HEATING
  YESTERDAY       11                 17     -6       19
  MONTH TO DATE  212                390   -178      533
  SINCE DEC 1    212                390   -178      533
  SINCE JUL 1   1232               1812   -580     1984

 COOLING
  YESTERDAY        0                  0      0        0
  MONTH TO DATE    0                  0      0        0
  SINCE DEC 1      0                  0      0        0
  SINCE JAN 1      4                  0      4        6
...........................................................


WIND (MPH)
  HIGHEST WIND SPEED     6   HIGHEST WIND DIRECTION     N (350)
  HIGHEST GUST SPEED     8   HIGHEST GUST DIRECTION    MM
  AVERAGE WIND SPEED     1.8


SKY COVER
  AVERAGE SKY COVER 1.0


WEATHER CONDITIONS
 THE FOLLOWING WEATHER WAS RECORDED YESTERDAY.
  LIGHT RAIN
  FOG


..........................................................


THE EUREKA CA CLIMATE NORMALS FOR TODAY
                         NORMAL    RECORD    YEAR
 MAXIMUM TEMPERATURE (F)   55        66      1980
                                             1963
                                             1935
 MINIMUM TEMPERATURE (F)   40        28      1998
                                             1990


SUNRISE AND SUNSET
DECEMBER 24 2014......SUNRISE   739 AM PST   SUNSET   454 PM PST
DECEMBER 25 2014......SUNRISE   739 AM PST   SUNSET   455 PM PST


-  INDICATES NEGATIVE NUMBERS.
R  INDICATES RECORD WAS SET OR TIED.
MM INDICATES DATA IS MISSING.
T  INDICATES TRACE AMOUNT.




&&

..........................................................

TOTAL SEASON     NORMAL   % OF NORMAL     LAST SEASON

    20.71         15.04        138             5.11


$$
