000
CDUS46 KEKA 221227
CLIEKA


CLIMATE REPORT
NATIONAL WEATHER SERVICE EUREKA CA
426 AM PST MON JAN 22 2018


...................................

...THE EUREKA CA CLIMATE SUMMARY FOR JANUARY 21 2018...

CLIMATE NORMAL PERIOD 1981 TO 2010
CLIMATE RECORD PERIOD 1886 TO 2018


WEATHER ITEM   OBSERVED RECORD YEAR NORMAL DEPARTURE LAST
                VALUE   VALUE       VALUE  FROM      YEAR
                                           NORMAL
...........................................................
TEMPERATURE (F)
 YESTERDAY
  MAXIMUM         52     75    1981  56     -4       52
  MINIMUM         44     25    1937  41      3       44
  AVERAGE         48                 49     -1       48

PRECIPITATION (IN)
  YESTERDAY        0.94   4.96 1903   0.20   0.74     0.51
  MONTH TO DATE    4.51               4.57  -0.06     9.50
  SINCE OCT 1     15.49              20.54  -5.05    35.27
  SINCE JAN 1      4.51               4.57  -0.06     9.50

SNOWFALL (IN)
  YESTERDAY       MM      0.4  2002   0.0   MM       MM
  MONTH TO DATE    0.0                0.0    0.0       T
  SINCE DEC 1      0.0                T      0.0       T
  SINCE JUL 1      0.0                T      0.0       T
  SNOW DEPTH       0

DEGREE DAYS
 HEATING
  YESTERDAY       17                 17      0       17
  MONTH TO DATE  301                357    -56      414
  SINCE DEC 1    841                890    -49     1027
  SINCE JUL 1   2101               2312   -211     2261

 COOLING
  YESTERDAY        0                  0      0        0
  MONTH TO DATE    0                  0      0        0
  SINCE DEC 1      0                  0      0        0
  SINCE JAN 1      0                  0      0        0
...........................................................


WIND (MPH)
  HIGHEST WIND SPEED    23   HIGHEST WIND DIRECTION     S (170)
  HIGHEST GUST SPEED    29   HIGHEST GUST DIRECTION     S (170)
  AVERAGE WIND SPEED     9.5


SKY COVER
  AVERAGE SKY COVER 1.0


WEATHER CONDITIONS
 THE FOLLOWING WEATHER WAS RECORDED YESTERDAY.
  LIGHT RAIN
  FOG


..........................................................


THE EUREKA CA CLIMATE NORMALS FOR TODAY
                         NORMAL    RECORD    YEAR
 MAXIMUM TEMPERATURE (F)   56        70      1968
 MINIMUM TEMPERATURE (F)   41        29      1962


SUNRISE AND SUNSET
JANUARY 22 2018.......SUNRISE   735 AM PST   SUNSET   522 PM PST
JANUARY 23 2018.......SUNRISE   734 AM PST   SUNSET   523 PM PST


-  INDICATES NEGATIVE NUMBERS.
R  INDICATES RECORD WAS SET OR TIED.
MM INDICATES DATA IS MISSING.
T  INDICATES TRACE AMOUNT.




&&

..........................................................

TOTAL SEASON     NORMAL   % OF NORMAL     LAST SEASON

    15.49         20.54        75            35.27


$$
