000
CDUS46 KEKA 231215
CLIEKA


CLIMATE REPORT
NATIONAL WEATHER SERVICE EUREKA CA
514 AM PDT WED AUG 23 2017


...................................

...THE EUREKA CA CLIMATE SUMMARY FOR AUGUST 22 2017...

CLIMATE NORMAL PERIOD 1981 TO 2010
CLIMATE RECORD PERIOD 1886 TO 2017


WEATHER ITEM   OBSERVED RECORD YEAR NORMAL DEPARTURE LAST
                VALUE   VALUE       VALUE  FROM      YEAR
                                           NORMAL
...........................................................
TEMPERATURE (F)
 YESTERDAY
  MAXIMUM         60     77    2001  65     -5       59
  MINIMUM         54     46    1933  53      1       50
                               1909
  AVERAGE         57                 59     -2       55

PRECIPITATION (IN)
  YESTERDAY        T      0.24 1925   0.01  -0.01      T
  MONTH TO DATE    0.01               0.18  -0.17      T
  SINCE OCT 1     62.79              39.61  23.18    48.03
  SINCE JAN 1     37.02              23.64  13.38    27.31

SNOWFALL (IN)
  YESTERDAY        0.0    0.0  2002   0.0    0.0      0.0
                               2001
  MONTH TO DATE    0.0                0.0    0.0      0.0
  SINCE JUN 1      0.0                0.0    0.0      0.0
  SINCE JUL 1      0.0                0.0    0.0      0.0
  SNOW DEPTH       0

DEGREE DAYS
 HEATING
  YESTERDAY        8                  6      2       10
  MONTH TO DATE  122                138    -16      178
  SINCE JUN 1    569                630    -61      606
  SINCE JUL 1    339                364    -25      382

 COOLING
  YESTERDAY        0                  0      0        0
  MONTH TO DATE    0                  0      0        0
  SINCE JUN 1      0                  0      0        0
  SINCE JAN 1      0                  0      0        0
...........................................................


WIND (MPH)
  HIGHEST WIND SPEED     7   HIGHEST WIND DIRECTION     N (10)
  HIGHEST GUST SPEED     9   HIGHEST GUST DIRECTION     N (10)
  AVERAGE WIND SPEED     3.9


SKY COVER
  AVERAGE SKY COVER 1.0


WEATHER CONDITIONS
 THE FOLLOWING WEATHER WAS RECORDED YESTERDAY.
  LIGHT RAIN
  FOG


..........................................................


THE EUREKA CA CLIMATE NORMALS FOR TODAY
                         NORMAL    RECORD    YEAR
 MAXIMUM TEMPERATURE (F)   65        72      1950
 MINIMUM TEMPERATURE (F)   53        46      2010


SUNRISE AND SUNSET
AUGUST 23 2017........SUNRISE   635 AM PDT   SUNSET   802 PM PDT
AUGUST 24 2017........SUNRISE   636 AM PDT   SUNSET   801 PM PDT


-  INDICATES NEGATIVE NUMBERS.
R  INDICATES RECORD WAS SET OR TIED.
MM INDICATES DATA IS MISSING.
T  INDICATES TRACE AMOUNT.




&&

..........................................................

TOTAL SEASON     NORMAL   % OF NORMAL     LAST SEASON

    62.79         39.61        159            48.03


$$
