909
CDUS46 KEKA 241209
CLIEKA


CLIMATE REPORT
NATIONAL WEATHER SERVICE EUREKA CA
509 AM PDT SAT JUN 24 2017


...................................

...THE EUREKA CA CLIMATE SUMMARY FOR JUNE 23 2017...

CLIMATE NORMAL PERIOD 1981 TO 2010
CLIMATE RECORD PERIOD 1886 TO 2017


WEATHER ITEM   OBSERVED RECORD YEAR NORMAL DEPARTURE LAST
                VALUE   VALUE       VALUE  FROM      YEAR
                                           NORMAL
...........................................................
TEMPERATURE (F)
 YESTERDAY
  MAXIMUM         62     71    2013  63     -1       66
  MINIMUM         50     45    1920  51     -1       52
                               1916
                               1893
  AVERAGE         56                 57     -1       59

PRECIPITATION (IN)
  YESTERDAY        0.00   0.51 1975   0.02  -0.02     0.00
                               1914
  MONTH TO DATE    0.58               0.67  -0.09     0.02
  SINCE OCT 1     62.70              39.17  23.53    47.49
  SINCE JAN 1     36.93              23.20  13.73    26.77

SNOWFALL (IN)
  YESTERDAY        0.0    0.0  2002   0.0    0.0      0.0
                               2001
  MONTH TO DATE    0.0                0.0    0.0      0.0
  SINCE JUN 1      0.0                0.0    0.0      0.0
  SINCE JUL 1      T                  0.2   -0.2       T
  SNOW DEPTH       0

DEGREE DAYS
 HEATING
  YESTERDAY        9                  8      1        6
  MONTH TO DATE  182                210    -28      172
  SINCE JUN 1    182                210    -28      172
  SINCE JUL 1   4242               4378   -136     3575

 COOLING
  YESTERDAY        0                  0      0        0
  MONTH TO DATE    0                  0      0        0
  SINCE JUN 1      0                  0      0        0
  SINCE JAN 1      0                  0      0        0
...........................................................


WIND (MPH)
  HIGHEST WIND SPEED    10   HIGHEST WIND DIRECTION     W (290)
  HIGHEST GUST SPEED    12   HIGHEST GUST DIRECTION    MM
  AVERAGE WIND SPEED     5.0


SKY COVER
  AVERAGE SKY COVER 0.1


WEATHER CONDITIONS
 THE FOLLOWING WEATHER WAS RECORDED YESTERDAY.
  FOG


..........................................................


THE EUREKA CA CLIMATE NORMALS FOR TODAY
                         NORMAL    RECORD    YEAR
 MAXIMUM TEMPERATURE (F)   63        80      1925
 MINIMUM TEMPERATURE (F)   51        40      2003


SUNRISE AND SUNSET
JUNE 24 2017..........SUNRISE   546 AM PDT   SUNSET   852 PM PDT
JUNE 25 2017..........SUNRISE   547 AM PDT   SUNSET   852 PM PDT


-  INDICATES NEGATIVE NUMBERS.
R  INDICATES RECORD WAS SET OR TIED.
MM INDICATES DATA IS MISSING.
T  INDICATES TRACE AMOUNT.




&&

..........................................................

TOTAL SEASON     NORMAL   % OF NORMAL     LAST SEASON

    62.70         39.17        160            47.49


$$
