000
CDUS41 KRLX 072127
CLIEKN


CLIMATE REPORT
NATIONAL WEATHER SERVICE CHARLESTON WV
525 PM EDT TUE JUL 7 2015


...................................

...THE ELKINS WV CLIMATE SUMMARY FOR JULY 7 2015...
VALID TODAY AS OF 0500 PM LOCAL TIME.

CLIMATE NORMAL PERIOD 1981 TO 2010
CLIMATE RECORD PERIOD 1899 TO 2015


WEATHER ITEM   OBSERVED TIME   RECORD YEAR NORMAL DEPARTURE LAST
                VALUE   (LST)  VALUE       VALUE  FROM      YEAR
                                                  NORMAL
..................................................................
TEMPERATURE (F)
 TODAY
  MAXIMUM         85    359 PM  96    2012  81      4       85
  MINIMUM         61    544 AM  33    2001  59      2       63
  AVERAGE         73                        70      3       74

PRECIPITATION (IN)
  TODAY            0.00          3.50 1927   0.18  -0.18     0.00
  MONTH TO DATE    1.07                      1.23  -0.16      T
  SINCE JUN 1      9.59                      5.63   3.96     4.52
  SINCE JAN 1     31.44                     24.84   6.60    19.86

DEGREE DAYS
 HEATING
  TODAY            0                         1     -1        0
  MONTH TO DATE    0                         7     -7        6
  SINCE JUN 1     21                        62    -41       20
  SINCE JUL 1      0                         7     -7        6

 COOLING
  TODAY            8                         5      3        9
  MONTH TO DATE   24                        35    -11       35
  SINCE JUN 1    177                       127     50      180
  SINCE JAN 1    242                       150     92      216
..................................................................


WIND (MPH)
  HIGHEST WIND SPEED    13   HIGHEST WIND DIRECTION     W (260)
  HIGHEST GUST SPEED    20   HIGHEST GUST DIRECTION    SW (210)
  AVERAGE WIND SPEED     4.2


SKY COVER
  POSSIBLE SUNSHINE  MM
  AVERAGE SKY COVER 0.5


WEATHER CONDITIONS
 THE FOLLOWING WEATHER WAS RECORDED TODAY.
  FOG
  FOG W/VISIBILITY <= 1/4 MILE
  HAZE


RELATIVE HUMIDITY (PERCENT)
 HIGHEST   100           500 AM
 LOWEST     47           200 PM
 AVERAGE    74

..........................................................


THE ELKINS WV CLIMATE NORMALS FOR TOMORROW
                         NORMAL    RECORD    YEAR
 MAXIMUM TEMPERATURE (F)   81        96      2012
 MINIMUM TEMPERATURE (F)   59        41      1984


SUNRISE AND SUNSET
JULY  7 2015..........SUNRISE   601 AM EDT   SUNSET   847 PM EDT
JULY  8 2015..........SUNRISE   602 AM EDT   SUNSET   847 PM EDT


-  INDICATES NEGATIVE NUMBERS.
R  INDICATES RECORD WAS SET OR TIED.
MM INDICATES DATA IS MISSING.
T  INDICATES TRACE AMOUNT.




$$
