000
CDUS41 KRLX 292149
CLIEKN


CLIMATE REPORT
NATIONAL WEATHER SERVICE CHARLESTON WV
545 PM EDT SAT APR 29 2017


...................................

...THE ELKINS WV CLIMATE SUMMARY FOR APRIL 29 2017...
VALID TODAY AS OF 0500 PM LOCAL TIME.

CLIMATE NORMAL PERIOD 1981 TO 2010
CLIMATE RECORD PERIOD 1899 TO 2017


WEATHER ITEM   OBSERVED TIME   RECORD YEAR NORMAL DEPARTURE LAST
                VALUE   (LST)  VALUE       VALUE  FROM      YEAR
                                                  NORMAL
..................................................................
TEMPERATURE (F)
 TODAY
  MAXIMUM         82    145 PM  87    1996  67     15       72
  MINIMUM         58    307 AM  21    1982  40     18       54
  AVERAGE         70                        54     16       63

PRECIPITATION (IN)
  TODAY            0.15          2.07 2009   0.13   0.02     0.01
  MONTH TO DATE    4.95                      3.67   1.28     3.32
  SINCE MAR 1      9.09                      7.63   1.46     5.69
  SINCE JAN 1     16.34                     13.96   2.38    11.07

DEGREE DAYS
 HEATING
  TODAY            0                        12    -12        2
  MONTH TO DATE  273                       452   -179      420
  SINCE MAR 1    990                      1232   -242      982
  SINCE JUL 1   4393                      5553  -1160     4724

 COOLING
  TODAY            5                         0      5        0
  MONTH TO DATE    5                         0      5        3
  SINCE MAR 1      5                         0      5        3
  SINCE JAN 1      5                         0      5        3
..................................................................


WIND (MPH)
  HIGHEST WIND SPEED    28   HIGHEST WIND DIRECTION    NW (310)
  HIGHEST GUST SPEED    37   HIGHEST GUST DIRECTION    NW (310)
  AVERAGE WIND SPEED     7.5


SKY COVER
  POSSIBLE SUNSHINE  MM
  AVERAGE SKY COVER 0.4


WEATHER CONDITIONS
 THE FOLLOWING WEATHER WAS RECORDED TODAY.
  LIGHT RAIN
  FOG


RELATIVE HUMIDITY (PERCENT)
 HIGHEST    87           400 AM
 LOWEST     45          1200 PM
 AVERAGE    66

..........................................................


THE ELKINS WV CLIMATE NORMALS FOR TOMORROW
                         NORMAL    RECORD    YEAR
 MAXIMUM TEMPERATURE (F)   67        87      1899
 MINIMUM TEMPERATURE (F)   41        24      1977


SUNRISE AND SUNSET
APRIL 29 2017.........SUNRISE   624 AM EDT   SUNSET   810 PM EDT
APRIL 30 2017.........SUNRISE   623 AM EDT   SUNSET   811 PM EDT


-  INDICATES NEGATIVE NUMBERS.
R  INDICATES RECORD WAS SET OR TIED.
MM INDICATES DATA IS MISSING.
T  INDICATES TRACE AMOUNT.




$$
