000
CDUS41 KRLX 050820
CLIEKN


CLIMATE REPORT
NATIONAL WEATHER SERVICE CHARLESTON WV
319 AM EST MON DEC 5 2016


...................................

...THE ELKINS WV CLIMATE SUMMARY FOR DECEMBER 4 2016...

CLIMATE NORMAL PERIOD 1981 TO 2010
CLIMATE RECORD PERIOD 1899 TO 2016


WEATHER ITEM   OBSERVED TIME   RECORD YEAR NORMAL DEPARTURE LAST
                VALUE   (LST)  VALUE       VALUE  FROM      YEAR
                                                  NORMAL
..................................................................
TEMPERATURE (F)
 YESTERDAY
  MAXIMUM         44    539 PM  71    2001  46     -2       45
  MINIMUM         28    550 AM  -5    1966  26      2       23
  AVERAGE         36                        36      0       34

PRECIPITATION (IN)
  YESTERDAY        0.12          1.35 1900   0.11   0.01     0.00
  MONTH TO DATE    0.12                      0.45  -0.33     1.46
  SINCE JAN 1     40.31                     43.12  -2.81    44.93

SNOWFALL (IN)
  YESTERDAY        0.0
  MONTH TO DATE    T
  SINCE SEP 1      4.7
  SNOW DEPTH       0

DEGREE DAYS
 HEATING
  YESTERDAY       29                        29      0       31
  MONTH TO DATE  113                       115     -2       90
  SINCE DEC 1    113                       115     -2       90
  SINCE JUL 1   1058                      1399   -341     1093

 COOLING
  YESTERDAY        0                         0      0        0
  MONTH TO DATE    0                         0      0        0
  SINCE DEC 1      0                         0      0        0
  SINCE JAN 1    809                       475    334      627
..................................................................


WIND (MPH)
  HIGHEST WIND SPEED    13   HIGHEST WIND DIRECTION    SE (150)
  HIGHEST GUST SPEED    17   HIGHEST GUST DIRECTION    SE (150)
  AVERAGE WIND SPEED     3.4


SKY COVER
  POSSIBLE SUNSHINE  MM
  AVERAGE SKY COVER 0.6


WEATHER CONDITIONS
 THE FOLLOWING WEATHER WAS RECORDED YESTERDAY.
  LIGHT RAIN
  FOG


RELATIVE HUMIDITY (PERCENT)
 HIGHEST    85           200 AM
 LOWEST     53           200 PM
 AVERAGE    69

..........................................................


THE ELKINS WV CLIMATE NORMALS FOR TODAY
                         NORMAL    RECORD    YEAR
 MAXIMUM TEMPERATURE (F)   45        74      2001
 MINIMUM TEMPERATURE (F)   26        -9      1974


SUNRISE AND SUNSET
DECEMBER  5 2016......SUNRISE   723 AM EST   SUNSET   457 PM EST
DECEMBER  6 2016......SUNRISE   724 AM EST   SUNSET   457 PM EST


-  INDICATES NEGATIVE NUMBERS.
R  INDICATES RECORD WAS SET OR TIED.
MM INDICATES DATA IS MISSING.
T  INDICATES TRACE AMOUNT.




$$
