000
CDUS41 KRLX 240724
CLIEKN


CLIMATE REPORT
NATIONAL WEATHER SERVICE CHARLESTON WV
321 AM EDT FRI OCT 24 2014


...................................

...THE ELKINS WV CLIMATE SUMMARY FOR OCTOBER 23 2014...

CLIMATE NORMAL PERIOD 1981 TO 2010
CLIMATE RECORD PERIOD 1899 TO 2014


WEATHER ITEM   OBSERVED TIME   RECORD YEAR NORMAL DEPARTURE LAST
                VALUE   (LST)  VALUE       VALUE  FROM      YEAR
                                                  NORMAL
..................................................................
TEMPERATURE (F)
 YESTERDAY
  MAXIMUM         50    442 PM  80    1947  62    -12       43
  MINIMUM         40   1152 PM  15    1974  36      4       31
  AVERAGE         45                        49     -4       37

PRECIPITATION (IN)
  YESTERDAY        0.01          1.95 1959   0.10  -0.09     0.15
  MONTH TO DATE    5.70                      2.08   3.62     1.05
  SINCE JAN 1     35.16                     38.52  -3.36    36.33

SNOWFALL (IN)
  YESTERDAY       MM
  MONTH TO DATE    0.0
  SINCE SEP 1      0.0
  SNOW DEPTH       0

DEGREE DAYS
 HEATING
  YESTERDAY       20                        16      4       28
  MONTH TO DATE  254                       292    -38      194
  SINCE SEP 1    350                       422    -72      307
  SINCE JUL 1    401                       452    -51      330

 COOLING
  YESTERDAY        0                         0      0        0
  MONTH TO DATE    2                         0      2       10
  SINCE SEP 1     67                        45     22       70
  SINCE JAN 1    505                       471     34      533
..................................................................


WIND (MPH)
  HIGHEST WIND SPEED    12   HIGHEST WIND DIRECTION    NW (300)
  HIGHEST GUST SPEED    17   HIGHEST GUST DIRECTION    NW (310)
  AVERAGE WIND SPEED     4.8


SKY COVER
  POSSIBLE SUNSHINE  MM
  AVERAGE SKY COVER 1.0


WEATHER CONDITIONS
 THE FOLLOWING WEATHER WAS RECORDED YESTERDAY.
  LIGHT RAIN
  FOG


RELATIVE HUMIDITY (PERCENT)
 HIGHEST   100           100 AM
 LOWEST     86           100 PM
 AVERAGE    93

..........................................................


THE ELKINS WV CLIMATE NORMALS FOR TODAY
                         NORMAL    RECORD    YEAR
 MAXIMUM TEMPERATURE (F)   62        82      1920
 MINIMUM TEMPERATURE (F)   36        13      1969


SUNRISE AND SUNSET
OCTOBER 24 2014.......SUNRISE   738 AM EDT   SUNSET   629 PM EDT
OCTOBER 25 2014.......SUNRISE   739 AM EDT   SUNSET   627 PM EDT


-  INDICATES NEGATIVE NUMBERS.
R  INDICATES RECORD WAS SET OR TIED.
MM INDICATES DATA IS MISSING.
T  INDICATES TRACE AMOUNT.




$$
