000
CDUS41 KRLX 250718
CLIEKN


CLIMATE REPORT
NATIONAL WEATHER SERVICE CHARLESTON WV
317 AM EDT SAT MAR 25 2017


...................................

...THE ELKINS WV CLIMATE SUMMARY FOR MARCH 24 2017...

CLIMATE NORMAL PERIOD 1981 TO 2010
CLIMATE RECORD PERIOD 1899 TO 2017


WEATHER ITEM   OBSERVED TIME   RECORD YEAR NORMAL DEPARTURE LAST
                VALUE   (LST)  VALUE       VALUE  FROM      YEAR
                                                  NORMAL
..................................................................
TEMPERATURE (F)
 YESTERDAY
  MAXIMUM         74    433 PM  80    1910  55     19       76
  MINIMUM         41    207 AM  11    1940  30     11       30
  AVERAGE         58                        42     16       53

PRECIPITATION (IN)
  YESTERDAY        T             1.06 1936   0.13  -0.13      T
  MONTH TO DATE    2.61                      3.02  -0.41     1.82
  SINCE JAN 1      9.86                      9.35   0.51     7.20

SNOWFALL (IN)
  YESTERDAY        0.0
  MONTH TO DATE   10.9
  SINCE SEP 1     41.3
  SNOW DEPTH       0

DEGREE DAYS
 HEATING
  YESTERDAY        7                        23    -16       12
  MONTH TO DATE  656                       632     24      464
  SINCE MAR 1    656                       632     24      464
  SINCE JUL 1   4059                      4953   -894     4206

 COOLING
  YESTERDAY        0                         0      0        0
  MONTH TO DATE    0                         0      0        0
  SINCE MAR 1      0                         0      0        0
  SINCE JAN 1      0                         0      0        0
..................................................................


WIND (MPH)
  HIGHEST WIND SPEED    18   HIGHEST WIND DIRECTION     W (250)
  HIGHEST GUST SPEED    24   HIGHEST GUST DIRECTION     W (260)
  AVERAGE WIND SPEED     4.8


SKY COVER
  POSSIBLE SUNSHINE  MM
  AVERAGE SKY COVER 0.6


WEATHER CONDITIONS
 THE FOLLOWING WEATHER WAS RECORDED YESTERDAY.
  LIGHT RAIN


RELATIVE HUMIDITY (PERCENT)
 HIGHEST    77           900 PM
 LOWEST     33           100 AM
 AVERAGE    55

..........................................................


THE ELKINS WV CLIMATE NORMALS FOR TODAY
                         NORMAL    RECORD    YEAR
 MAXIMUM TEMPERATURE (F)   55        86      1929
 MINIMUM TEMPERATURE (F)   31         0      1971


SUNRISE AND SUNSET
MARCH 25 2017.........SUNRISE   715 AM EDT   SUNSET   737 PM EDT
MARCH 26 2017.........SUNRISE   713 AM EDT   SUNSET   737 PM EDT


-  INDICATES NEGATIVE NUMBERS.
R  INDICATES RECORD WAS SET OR TIED.
MM INDICATES DATA IS MISSING.
T  INDICATES TRACE AMOUNT.




$$
