655
CDUS41 KRLX 060716
CLIEKN


CLIMATE REPORT
NATIONAL WEATHER SERVICE CHARLESTON WV
316 AM EDT FRI MAY 6 2016


...................................

...THE ELKINS WV CLIMATE SUMMARY FOR MAY 5 2016...

CLIMATE NORMAL PERIOD 1981 TO 2010
CLIMATE RECORD PERIOD 1899 TO 2016


WEATHER ITEM   OBSERVED TIME   RECORD YEAR NORMAL DEPARTURE LAST
                VALUE   (LST)  VALUE       VALUE  FROM      YEAR
                                                  NORMAL
..................................................................
TEMPERATURE (F)
 YESTERDAY
  MAXIMUM         54    351 PM  87    1950  68    -14       78
  MINIMUM         46    731 AM  26    1976  42      4       51
                                      1966
  AVERAGE         50                        55     -5       65

PRECIPITATION (IN)
  YESTERDAY        1.55R         1.15 1908   0.16   1.39     0.07
  MONTH TO DATE    2.77                      0.74   2.03     0.33
  SINCE JAN 1     13.97                     14.83  -0.86    20.39

SNOWFALL (IN)
  YESTERDAY        0.0
  MONTH TO DATE    0.0
  SINCE SEP 1     59.0
  SNOW DEPTH       0

DEGREE DAYS
 HEATING
  YESTERDAY       15                        10      5        0
  MONTH TO DATE   39                        53    -14       38
  SINCE MAR 1   1027                      1295   -268     1234
  SINCE JUL 1   4769                      5616   -847     5865

 COOLING
  YESTERDAY        0                         0      0        0
  MONTH TO DATE    1                         0      1        0
  SINCE MAR 1      4                         3      1        3
  SINCE JAN 1      4                         3      1        3
..................................................................


WIND (MPH)
  HIGHEST WIND SPEED    13   HIGHEST WIND DIRECTION    NW (310)
  HIGHEST GUST SPEED    16   HIGHEST GUST DIRECTION    NW (310)
  AVERAGE WIND SPEED     2.2


SKY COVER
  POSSIBLE SUNSHINE  MM
  AVERAGE SKY COVER 1.0


WEATHER CONDITIONS
 THE FOLLOWING WEATHER WAS RECORDED YESTERDAY.
  HEAVY RAIN
  RAIN
  LIGHT RAIN
  FOG


RELATIVE HUMIDITY (PERCENT)
 HIGHEST    93           400 AM
 LOWEST     80          1200 AM
 AVERAGE    87

..........................................................


THE ELKINS WV CLIMATE NORMALS FOR TODAY
                         NORMAL    RECORD    YEAR
 MAXIMUM TEMPERATURE (F)   69        88      1999
 MINIMUM TEMPERATURE (F)   42        25      1910


SUNRISE AND SUNSET
MAY  6 2016...........SUNRISE   615 AM EDT   SUNSET   817 PM EDT
MAY  7 2016...........SUNRISE   614 AM EDT   SUNSET   818 PM EDT


-  INDICATES NEGATIVE NUMBERS.
R  INDICATES RECORD WAS SET OR TIED.
MM INDICATES DATA IS MISSING.
T  INDICATES TRACE AMOUNT.




$$
