735
CDUS41 KRLX 150817
CLIEKN


CLIMATE REPORT
NATIONAL WEATHER SERVICE CHARLESTON WV
317 AM EST FRI DEC 15 2017


...................................

...THE ELKINS WV CLIMATE SUMMARY FOR DECEMBER 14 2017...

CLIMATE NORMAL PERIOD 1981 TO 2010
CLIMATE RECORD PERIOD 1899 TO 2017


WEATHER ITEM   OBSERVED TIME   RECORD YEAR NORMAL DEPARTURE LAST
                VALUE   (LST)  VALUE       VALUE  FROM      YEAR
                                                  NORMAL
..................................................................
TEMPERATURE (F)
 YESTERDAY
  MAXIMUM         40    303 AM  67    2015  42     -2       34
                                      2001
                                      1918
  MINIMUM         25   1159 PM   0    1960  23      2       26
  AVERAGE         33                        33      0       30

PRECIPITATION (IN)
  YESTERDAY        0.13          2.28 1901   0.11   0.02     0.04
  MONTH TO DATE    0.65                      1.57  -0.92     1.77
  SINCE JAN 1     44.36                     44.24   0.12    41.96

SNOWFALL (IN)
  YESTERDAY        1.2           5.5  2004   0.6    0.6      1.0
  MONTH TO DATE    4.9                       6.8   -1.9      3.0
  SINCE SEP 1      4.9                      12.4   -7.5      7.7
  SNOW DEPTH       2

DEGREE DAYS
 HEATING
  YESTERDAY       32                        32      0       35
  MONTH TO DATE  428                       426      2      435
  SINCE DEC 1    428                       426      2      435
  SINCE JUL 1   1513                      1710   -197     1380

 COOLING
  YESTERDAY        0                         0      0        0
  MONTH TO DATE    0                         0      0        0
  SINCE DEC 1      0                         0      0        0
  SINCE JAN 1    544                       475     69      809
..................................................................


WIND (MPH)
  HIGHEST WIND SPEED    29   HIGHEST WIND DIRECTION    SW (240)
  HIGHEST GUST SPEED    40   HIGHEST GUST DIRECTION    SW (230)
  AVERAGE WIND SPEED     8.7


SKY COVER
  POSSIBLE SUNSHINE  MM
  AVERAGE SKY COVER 1.0


WEATHER CONDITIONS
 THE FOLLOWING WEATHER WAS RECORDED YESTERDAY.
  LIGHT RAIN
  SNOW
  LIGHT SNOW
  HAZE


RELATIVE HUMIDITY (PERCENT)
 HIGHEST    81          1000 AM
 LOWEST     59           100 AM
 AVERAGE    70

..........................................................


THE ELKINS WV CLIMATE NORMALS FOR TODAY
                         NORMAL    RECORD    YEAR
 MAXIMUM TEMPERATURE (F)   42        71      1971
 MINIMUM TEMPERATURE (F)   23        -4      1914


SUNRISE AND SUNSET
DECEMBER 15 2017......SUNRISE   731 AM EST   SUNSET   458 PM EST
DECEMBER 16 2017......SUNRISE   732 AM EST   SUNSET   459 PM EST


-  INDICATES NEGATIVE NUMBERS.
R  INDICATES RECORD WAS SET OR TIED.
MM INDICATES DATA IS MISSING.
T  INDICATES TRACE AMOUNT.




$$
