000
CDUS45 KLKN 160931
CLIEKO


CLIMATE REPORT
NATIONAL WEATHER SERVICE ELKO NV
231 AM PDT TUE SEP 16 2014


...................................

...THE ELKO AIRPORT NV CLIMATE SUMMARY FOR SEPTEMBER 15 2014...

CLIMATE NORMAL PERIOD 1981 TO 2010
CLIMATE RECORD PERIOD 1888 TO 2014


WEATHER ITEM   OBSERVED TIME   RECORD YEAR NORMAL DEPARTURE LAST
                VALUE   (LST)  VALUE       VALUE  FROM      YEAR
                                                  NORMAL
..................................................................
TEMPERATURE (F)
 YESTERDAY
  MAXIMUM         89    320 PM  92    2000  79     10       85
                                      1943
  MINIMUM         45    248 AM  20    1936  39      6       50
  AVERAGE         67                        59      8       68

PRECIPITATION (IN)
  YESTERDAY        0.00          0.38 1982   0.02  -0.02     0.00
  MONTH TO DATE    0.01                      0.24  -0.23     1.09
  SINCE OCT 1      9.29                      9.58  -0.29     7.58
  SINCE JAN 1      7.68                      6.52   1.16     4.75

SNOWFALL (IN)
  YESTERDAY        0.0           0.0  1888   0.0    0.0      0.0
  MONTH TO DATE    0.0                       0.0    0.0      0.0
  SINCE SEP 1      0.0                       0.0    0.0      0.0
  SINCE JUL 1      0.0                       0.0    0.0      0.0
  SNOW DEPTH       0

DEGREE DAYS
 HEATING
  YESTERDAY        0                         6     -6        0
  MONTH TO DATE   30                        67    -37        6
  SINCE SEP 1     30                        67    -37        6
  SINCE JUL 1     50                       118    -68        6

 COOLING
  YESTERDAY        2                         1      1        3
  MONTH TO DATE   11                        19     -8       60
  SINCE SEP 1     11                        19     -8       60
  SINCE JAN 1    515                       381    134      770
..................................................................


WIND (MPH)
  HIGHEST WIND SPEED    15   HIGHEST WIND DIRECTION     W (260)
  HIGHEST GUST SPEED    23   HIGHEST GUST DIRECTION     W (290)
  AVERAGE WIND SPEED     3.5



WEATHER CONDITIONS
 THE FOLLOWING WEATHER WAS RECORDED YESTERDAY.
  NO SIGNIFICANT WEATHER WAS OBSERVED.


RELATIVE HUMIDITY (PERCENT)
 HIGHEST    49           100 AM
 LOWEST     11           100 PM
 AVERAGE    30

..........................................................


THE ELKO AIRPORT NV CLIMATE NORMALS FOR TODAY
                         NORMAL    RECORD    YEAR
 MAXIMUM TEMPERATURE (F)   79        96      1924
 MINIMUM TEMPERATURE (F)   39        19      1912


SUNRISE AND SUNSET
SEPTEMBER 16 2014.....SUNRISE   625 AM PDT   SUNSET   650 PM PDT
SEPTEMBER 17 2014.....SUNRISE   626 AM PDT   SUNSET   649 PM PDT


-  INDICATES NEGATIVE NUMBERS.
R  INDICATES RECORD WAS SET OR TIED.
MM INDICATES DATA IS MISSING.
T  INDICATES TRACE AMOUNT.




$$
