000
CDUS45 KLKN 250027
CLIEKO


CLIMATE REPORT
NATIONAL WEATHER SERVICE ELKO NV
526 PM PDT THU APR 24 2014


...................................

...THE ELKO AIRPORT NV CLIMATE SUMMARY FOR APRIL 24 2014...
VALID TODAY AS OF 500 PM LOCAL TIME.

CLIMATE NORMAL PERIOD 1981 TO 2010
CLIMATE RECORD PERIOD 1888 TO 2014


WEATHER ITEM   OBSERVED TIME   RECORD YEAR NORMAL DEPARTURE LAST
                VALUE   (LST)  VALUE       VALUE  FROM      YEAR
                                                  NORMAL
..................................................................
TEMPERATURE (F)
 TODAY
  MAXIMUM         64    309 PM  84    1977  62      2       63
  MINIMUM         30    515 AM  15    1950  33     -3       24
  AVERAGE         47                        47      0       44

PRECIPITATION (IN)
  TODAY            0.00          1.05 1902   0.03  -0.03     0.00
  MONTH TO DATE    0.36                      0.77  -0.41     0.48
  SINCE OCT 1      5.60                      6.79  -1.19     5.03
  SINCE JAN 1      3.99                      3.73   0.26     2.20

SNOWFALL (IN)
  TODAY            0.0           4.3  1971   0.0    0.0      0.0
  MONTH TO DATE    2.6                       2.8   -0.2      1.3
  SINCE MAR 1      7.9                       7.9    0.0      3.9
  SINCE JUL 1     20.2                      40.4  -20.2     42.2
  SNOW DEPTH       0

DEGREE DAYS
 HEATING
  TODAY           18                        18      0       21
  MONTH TO DATE  450                       493    -43      532
  SINCE MAR 1   1208                      1302    -94     1260
  SINCE JUL 1   5939                      6470   -531     6321

 COOLING
  TODAY            0                         0      0        0
  MONTH TO DATE    0                         0      0        0
  SINCE MAR 1      0                         0      0        0
  SINCE JAN 1      0                         0      0        0
..................................................................


WIND (MPH)
  HIGHEST WIND SPEED    25   HIGHEST WIND DIRECTION     W (260)
  HIGHEST GUST SPEED    32   HIGHEST GUST DIRECTION    SW (230)



WEATHER CONDITIONS
 THE FOLLOWING WEATHER WAS RECORDED TODAY.
  NO SIGNIFICANT WEATHER WAS OBSERVED.


RELATIVE HUMIDITY (PERCENT)
 HIGHEST    75           500 AM
 LOWEST     18           300 PM
 AVERAGE    47

..........................................................


THE ELKO AIRPORT NV CLIMATE NORMALS FOR TOMORROW
                         NORMAL    RECORD    YEAR
 MAXIMUM TEMPERATURE (F)   62        84      1910
 MINIMUM TEMPERATURE (F)   33        14      1899


SUNRISE AND SUNSET
APRIL 24 2014.........SUNRISE   551 AM PDT   SUNSET   732 PM PDT
APRIL 25 2014.........SUNRISE   550 AM PDT   SUNSET   733 PM PDT


-  INDICATES NEGATIVE NUMBERS.
R  INDICATES RECORD WAS SET OR TIED.
MM INDICATES DATA IS MISSING.
T  INDICATES TRACE AMOUNT.




$$
