962
CDUS45 KLKN 260927
CLIEKO


CLIMATE REPORT
NATIONAL WEATHER SERVICE ELKO NV
227 AM PDT THU MAY 26 2016


...................................

...THE ELKO AIRPORT NV CLIMATE SUMMARY FOR MAY 25 2016...

CLIMATE NORMAL PERIOD 1981 TO 2010
CLIMATE RECORD PERIOD 1888 TO 2016


WEATHER ITEM   OBSERVED TIME   RECORD YEAR NORMAL DEPARTURE LAST
                VALUE   (LST)  VALUE       VALUE  FROM      YEAR
                                                  NORMAL
..................................................................
TEMPERATURE (F)
 YESTERDAY
  MAXIMUM         61   1113 AM  91    2001  72    -11       68
  MINIMUM         40   1157 PM  21    1888  40      0       41
  AVERAGE         51                        56     -5       55

PRECIPITATION (IN)
  YESTERDAY        0.19          0.25 1937   0.03   0.16      T
                                      1906
  MONTH TO DATE    1.88                      0.78   1.10     3.32
  SINCE OCT 1     11.70                      7.77   3.93     6.94
  SINCE JAN 1      7.16                      4.71   2.45     4.70

SNOWFALL (IN)
  YESTERDAY        0.0           T    1997   0.0    0.0      0.0
                                      1980
                                      1978
  MONTH TO DATE    0.0                       0.5   -0.5      2.0
  SINCE MAR 1      7.5                       8.8   -1.3      4.9
  SINCE JUL 1     63.8                      41.3   22.5     14.3
  SNOW DEPTH       0

DEGREE DAYS
 HEATING
  YESTERDAY       14                         9      5       10
  MONTH TO DATE  275                       313    -38      291
  SINCE MAR 1   1421                      1716   -295     1499
  SINCE JUL 1   6446                      6884   -438     5507

 COOLING
  YESTERDAY        0                         0      0        0
  MONTH TO DATE    0                         0      0        0
  SINCE MAR 1      0                         0      0        0
  SINCE JAN 1      0                         0      0        0
..................................................................


WIND (MPH)
  HIGHEST WIND SPEED    18   HIGHEST WIND DIRECTION    NW (310)
  HIGHEST GUST SPEED    25   HIGHEST GUST DIRECTION    NW (310)
  AVERAGE WIND SPEED     5.0



WEATHER CONDITIONS
 THE FOLLOWING WEATHER WAS RECORDED YESTERDAY.
  THUNDERSTORM
  RAIN
  LIGHT RAIN
  FOG


RELATIVE HUMIDITY (PERCENT)
 HIGHEST    92           600 AM
 LOWEST     46          1100 AM
 AVERAGE    69

..........................................................


THE ELKO AIRPORT NV CLIMATE NORMALS FOR TODAY
                         NORMAL    RECORD    YEAR
 MAXIMUM TEMPERATURE (F)   72        94      1919
 MINIMUM TEMPERATURE (F)   40        20      1895


SUNRISE AND SUNSET
MAY 26 2016...........SUNRISE   517 AM PDT   SUNSET   804 PM PDT
MAY 27 2016...........SUNRISE   516 AM PDT   SUNSET   805 PM PDT


-  INDICATES NEGATIVE NUMBERS.
R  INDICATES RECORD WAS SET OR TIED.
MM INDICATES DATA IS MISSING.
T  INDICATES TRACE AMOUNT.




$$
