000
CDUS45 KLKN 200929
CLIEKO


CLIMATE REPORT
NATIONAL WEATHER SERVICE ELKO NV
128 AM PST MON NOV 20 2017


...................................

...THE ELKO AIRPORT NV CLIMATE SUMMARY FOR NOVEMBER 19 2017...

CLIMATE NORMAL PERIOD 1981 TO 2010
CLIMATE RECORD PERIOD 1888 TO 2017


WEATHER ITEM   OBSERVED TIME   RECORD YEAR NORMAL DEPARTURE LAST
                VALUE   (LST)  VALUE       VALUE  FROM      YEAR
                                                  NORMAL
..................................................................
TEMPERATURE (F)
 YESTERDAY
  MAXIMUM         44    237 PM  71    1894  46     -2       61
  MINIMUM         18    652 AM -10    1930  20     -2       28
  AVERAGE         31                        33     -2       45

PRECIPITATION (IN)
  YESTERDAY        0.00          0.69 1990   0.04  -0.04     0.00
  MONTH TO DATE    0.96                      0.69   0.27     0.06
  SINCE OCT 1      1.09                      1.44  -0.35     2.36
  SINCE JAN 1     11.02                      8.29   2.73    11.08

SNOWFALL (IN)
  YESTERDAY        0.0           4.3  1983   0.2   -0.2      0.0
  MONTH TO DATE    0.7                       2.3   -1.6      0.4
  SINCE SEP 1      0.7                       3.0   -2.3      0.4
  SINCE JUL 1      0.7                       3.0   -2.3      0.4
  SNOW DEPTH       0

DEGREE DAYS
 HEATING
  YESTERDAY       34                        32      2       20
  MONTH TO DATE  475                       533    -58      384
  SINCE SEP 1   1339                      1311     28      992
  SINCE JUL 1   1343                      1362    -19     1005

 COOLING
  YESTERDAY        0                         0      0        0
  MONTH TO DATE    0                         0      0        0
  SINCE SEP 1     89                        21     68       16
  SINCE JAN 1    785                       383    402      560
..................................................................


WIND (MPH)
  HIGHEST WIND SPEED     7   HIGHEST WIND DIRECTION     E (70)
  HIGHEST GUST SPEED     8   HIGHEST GUST DIRECTION    SE (140)
  AVERAGE WIND SPEED     1.8



WEATHER CONDITIONS
 THE FOLLOWING WEATHER WAS RECORDED YESTERDAY.
  NO SIGNIFICANT WEATHER WAS OBSERVED.


RELATIVE HUMIDITY (PERCENT)
 HIGHEST    84           100 AM
 LOWEST     43           100 PM
 AVERAGE    64

..........................................................


THE ELKO AIRPORT NV CLIMATE NORMALS FOR TODAY
                         NORMAL    RECORD    YEAR
 MAXIMUM TEMPERATURE (F)   46        78      1894
 MINIMUM TEMPERATURE (F)   20        -6      1977


SUNRISE AND SUNSET
NOVEMBER 20 2017......SUNRISE   636 AM PST   SUNSET   421 PM PST
NOVEMBER 21 2017......SUNRISE   638 AM PST   SUNSET   420 PM PST


-  INDICATES NEGATIVE NUMBERS.
R  INDICATES RECORD WAS SET OR TIED.
MM INDICATES DATA IS MISSING.
T  INDICATES TRACE AMOUNT.




$$
