000
CDUS45 KLKN 211245
CLIEKO


CLIMATE REPORT
NATIONAL WEATHER SERVICE ELKO NV
545 AM PDT THU SEP 1  2017


...................................

...THE ELKO AIRPORT NV CLIMATE SUMMARY FOR SEPTEMBER 20 2017...

CLIMATE NORMAL PERIOD 1981 TO 2010
CLIMATE RECORD PERIOD 1888 TO 2017


WEATHER ITEM   OBSERVED TIME   RECORD YEAR NORMAL DEPARTURE LAST
                VALUE   (LST)  VALUE       VALUE  FROM      YEAR
                                                  NORMAL
..................................................................
TEMPERATURE (F)
 YESTERDAY
  MAXIMUM         70        MM  93    1913  77     -7       87
  MINIMUM         31        MM  16    1924  38     -7       43
  AVERAGE         51                        57     -6       65

PRECIPITATION (IN)
  YESTERDAY        0.65R         0.65 2017   0.02   0.63     0.00
  MONTH TO DATE    1.12                      0.35   0.77     0.31
  SINCE OCT 1     14.75                      9.69   5.06    12.49
  SINCE JAN 1      9.12                      6.63   2.49     7.95

SNOWFALL (IN)
  YESTERDAY       MM             0.5  1895   0.0   MM        0.0
  MONTH TO DATE    0.0                       0.0    0.0      0.0
  SINCE SEP 1      0.0                       0.0    0.0      0.0
  SINCE JUL 1      0.0                       0.0    0.0      0.0
  SNOW DEPTH       0

DEGREE DAYS
 HEATING
  YESTERDAY       14                         8      6        0
  MONTH TO DATE   51                       104    -53      106
  SINCE SEP 1     51                       104    -53      106
  SINCE JUL 1     55                       155   -100      119

 COOLING
  YESTERDAY        0                         0      0        0
  MONTH TO DATE   89                        20     69       10
  SINCE SEP 1     89                        20     69       10
  SINCE JAN 1    785                       382    403      554
..................................................................


WIND (MPH)
  HIGHEST WIND SPEED    21   HIGHEST WIND DIRECTION    SW (220)
  HIGHEST GUST SPEED    33   HIGHEST GUST DIRECTION    SW (220)
  AVERAGE WIND SPEED     6.3



WEATHER CONDITIONS
 THE FOLLOWING WEATHER WAS RECORDED YESTERDAY.
  RAIN
  LIGHT RAIN
  FOG


RELATIVE HUMIDITY (PERCENT)
 HIGHEST    93           900 PM
 LOWEST     24          1200 PM
 AVERAGE    59

..........................................................


THE ELKO AIRPORT NV CLIMATE NORMALS FOR TODAY
                         NORMAL    RECORD    YEAR
 MAXIMUM TEMPERATURE (F)   76        93      1913
 MINIMUM TEMPERATURE (F)   37        17      1924


SUNRISE AND SUNSET
SEPTEMBER 21 2017.....SUNRISE   630 AM PDT   SUNSET   641 PM PDT
SEPTEMBER 22 2017.....SUNRISE   631 AM PDT   SUNSET   640 PM PDT


-  INDICATES NEGATIVE NUMBERS.
R  INDICATES RECORD WAS SET OR TIED.
MM INDICATES DATA IS MISSING.
T  INDICATES TRACE AMOUNT.




$$
