000
CDUS45 KLKN 200029
CLIEKO


CLIMATE REPORT
NATIONAL WEATHER SERVICE ELKO NV
529 PM PDT SAT APR 19 2014


...................................

...THE ELKO AIRPORT NV CLIMATE SUMMARY FOR APRIL 19 2014...
VALID TODAY AS OF 0500 PM LOCAL TIME.

CLIMATE NORMAL PERIOD 1981 TO 2010
CLIMATE RECORD PERIOD 1888 TO 2014


WEATHER ITEM   OBSERVED TIME   RECORD YEAR NORMAL DEPARTURE LAST
                VALUE   (LST)  VALUE       VALUE  FROM      YEAR
                                                  NORMAL
..................................................................
TEMPERATURE (F)
 TODAY
  MAXIMUM         73    224 PM  83    1962  60     13       60
  MINIMUM         34    458 AM  14    1895  31      3       25
  AVERAGE         54                        46      8       43

PRECIPITATION (IN)
  TODAY            0.00          0.45 2001   0.03  -0.03     0.03
  MONTH TO DATE    0.30                      0.61  -0.31     0.48
  SINCE OCT 1      5.54                      6.63  -1.09     5.03
  SINCE JAN 1      3.93                      3.57   0.36     2.20

SNOWFALL (IN)
  TODAY            0.0           4.3  1963   0.1   -0.1      0.0
  MONTH TO DATE    2.6                       2.5    0.1      1.3
  SINCE MAR 1      7.9                       7.6    0.3      3.9
  SINCE JUL 1     20.2                      40.1  -19.9     42.2
  SNOW DEPTH       0

DEGREE DAYS
 HEATING
  TODAY           11                        19     -8       22
  MONTH TO DATE  358                       401    -43      420
  SINCE MAR 1   1116                      1210    -94     1148
  SINCE JUL 1   5847                      6378   -531     6209

 COOLING
  TODAY            0                         0      0        0
  MONTH TO DATE    0                         0      0        0
  SINCE MAR 1      0                         0      0        0
  SINCE JAN 1      0                         0      0        0
..................................................................


WIND (MPH)
  HIGHEST WIND SPEED    23   HIGHEST WIND DIRECTION     W (260)
  HIGHEST GUST SPEED    29   HIGHEST GUST DIRECTION     W (270)



WEATHER CONDITIONS
 THE FOLLOWING WEATHER WAS RECORDED TODAY.
  NO SIGNIFICANT WEATHER WAS OBSERVED.


RELATIVE HUMIDITY (PERCENT)
 HIGHEST    64          1200 AM
 LOWEST     17           300 PM
 AVERAGE    41

..........................................................


THE ELKO AIRPORT NV CLIMATE NORMALS FOR TOMORROW
                         NORMAL    RECORD    YEAR
 MAXIMUM TEMPERATURE (F)   61        82      1994
                                             1915
 MINIMUM TEMPERATURE (F)   32        12      1966


SUNRISE AND SUNSET
APRIL 19 2014.........SUNRISE   558 AM PDT   SUNSET   727 PM PDT
APRIL 20 2014.........SUNRISE   557 AM PDT   SUNSET   728 PM PDT


-  INDICATES NEGATIVE NUMBERS.
R  INDICATES RECORD WAS SET OR TIED.
MM INDICATES DATA IS MISSING.
T  INDICATES TRACE AMOUNT.




$$
