533
CDUS45 KLKN 230026
CLIEKO


CLIMATE REPORT
NATIONAL WEATHER SERVICE ELKO NV
526 PM PDT SAT JUL 22 2017


...................................

...THE ELKO AIRPORT NV CLIMATE SUMMARY FOR JULY 22 2017...
VALID TODAY AS OF 0500 PM LOCAL TIME.

CLIMATE NORMAL PERIOD 1981 TO 2010
CLIMATE RECORD PERIOD 1888 TO 2017


WEATHER ITEM   OBSERVED TIME   RECORD YEAR NORMAL DEPARTURE LAST
                VALUE   (LST)  VALUE       VALUE  FROM      YEAR
                                                  NORMAL
..................................................................
TEMPERATURE (F)
 TODAY
  MAXIMUM         98    349 PM 103    2003  92      6       93
  MINIMUM         53    526 AM  35    1987  51      2       55
                                      1954
  AVERAGE         76                        71      5       74

PRECIPITATION (IN)
  TODAY            0.00          0.80 1888   0.01  -0.01     0.00
  MONTH TO DATE    T                         0.25  -0.25     0.01
  SINCE OCT 1     13.46                      8.85   4.61    12.15
  SINCE JAN 1      7.83                      5.79   2.04     7.61

SNOWFALL (IN)
  TODAY            0.0           0.0  1888   0.0    0.0      0.0
  MONTH TO DATE    0.0                       0.0    0.0      0.0
  SINCE JUN 1      T                         0.0    0.0       T
  SINCE JUL 1      0.0                       0.0    0.0      0.0
  SNOW DEPTH       0

DEGREE DAYS
 HEATING
  TODAY            0                         0      0        0
  MONTH TO DATE    0                        17    -17        9
  SINCE JUN 1     62                       148    -86       39
  SINCE JUL 1      0                        17    -17        9

 COOLING
  TODAY           11                         7      4        9
  MONTH TO DATE  243                       122    121      137
  SINCE JUN 1    356                       169    187      268
  SINCE JAN 1    360                       173    187      268
..................................................................


WIND (MPH)
  HIGHEST WIND SPEED    13   HIGHEST WIND DIRECTION     S (200)
  HIGHEST GUST SPEED    17   HIGHEST GUST DIRECTION    NE (40)



WEATHER CONDITIONS
 THE FOLLOWING WEATHER WAS RECORDED TODAY.
  NO SIGNIFICANT WEATHER WAS OBSERVED.


RELATIVE HUMIDITY (PERCENT)
 HIGHEST    51           300 AM
 LOWEST      7           200 PM
 AVERAGE    29

..........................................................


THE ELKO AIRPORT NV CLIMATE NORMALS FOR TOMORROW
                         NORMAL    RECORD    YEAR
 MAXIMUM TEMPERATURE (F)   92       103      1890
 MINIMUM TEMPERATURE (F)   51        36      2000
                                             1954
                                             1912


SUNRISE AND SUNSET
JULY 22 2017..........SUNRISE   531 AM PDT   SUNSET   808 PM PDT
JULY 23 2017..........SUNRISE   532 AM PDT   SUNSET   807 PM PDT


-  INDICATES NEGATIVE NUMBERS.
R  INDICATES RECORD WAS SET OR TIED.
MM INDICATES DATA IS MISSING.
T  INDICATES TRACE AMOUNT.




$$
