192
CDUS45 KLKN 100033
CLIEKO


CLIMATE REPORT
NATIONAL WEATHER SERVICE ELKO NV
433 PM PST TUE FEB 9 2016


...................................

...THE ELKO AIRPORT NV CLIMATE SUMMARY FOR FEBRUARY 9 2016...
VALID TODAY AS OF 0400 PM LOCAL TIME.

CLIMATE NORMAL PERIOD 1981 TO 2010
CLIMATE RECORD PERIOD 1888 TO 2016


WEATHER ITEM   OBSERVED TIME   RECORD YEAR NORMAL DEPARTURE LAST
                VALUE   (LST)  VALUE       VALUE  FROM      YEAR
                                                  NORMAL
..................................................................
TEMPERATURE (F)
 TODAY
  MAXIMUM         34    345 PM  63    1951  39     -5       56
  MINIMUM          6    544 AM -18    1901  17    -11       30
  AVERAGE         20                        28     -8       43

PRECIPITATION (IN)
  TODAY            T             0.92 2014   0.03  -0.03     0.08
  MONTH TO DATE    0.09                      0.28  -0.19     0.09
  SINCE OCT 1      6.60                      4.46   2.14     2.53
  SINCE JAN 1      2.06                      1.40   0.66     0.29

SNOWFALL (IN)
  TODAY            T             4.0  1937   0.2   -0.2       T
  MONTH TO DATE    1.3                       2.4   -1.1       T
  SINCE DEC 1     41.7                      22.8   18.9      5.6
  SINCE JUL 1     53.9                      28.5   25.4      7.5
  SNOW DEPTH       9

DEGREE DAYS
 HEATING
  TODAY           45                        37      8       22
  MONTH TO DATE  425                       340     85      176
  SINCE DEC 1   2963                      2787    176     2136
  SINCE JUL 1   4444                      4525    -81     3496

 COOLING
  TODAY            0                         0      0        0
  MONTH TO DATE    0                         0      0        0
  SINCE DEC 1      0                         0      0        0
  SINCE JAN 1      0                         0      0        0
..................................................................


WIND (MPH)
  HIGHEST WIND SPEED     9   HIGHEST WIND DIRECTION     E (80)
  HIGHEST GUST SPEED    11   HIGHEST GUST DIRECTION     E (80)



WEATHER CONDITIONS
 THE FOLLOWING WEATHER WAS RECORDED TODAY.
  LIGHT SNOW
  FOG
  FOG W/VISIBILITY <= 1/4 MILE


RELATIVE HUMIDITY (PERCENT)
 HIGHEST    92           200 AM
 LOWEST     61           300 PM
 AVERAGE    77

..........................................................


THE ELKO AIRPORT NV CLIMATE NORMALS FOR TOMORROW
                         NORMAL    RECORD    YEAR
 MAXIMUM TEMPERATURE (F)   40        67      1951
 MINIMUM TEMPERATURE (F)   17       -37      1933


SUNRISE AND SUNSET
FEBRUARY  9 2016......SUNRISE   645 AM PST   SUNSET   510 PM PST
FEBRUARY 10 2016......SUNRISE   644 AM PST   SUNSET   511 PM PST


-  INDICATES NEGATIVE NUMBERS.
R  INDICATES RECORD WAS SET OR TIED.
MM INDICATES DATA IS MISSING.
T  INDICATES TRACE AMOUNT.




$$
