000
CDUS45 KLKN 300031
CLIEKO


CLIMATE REPORT
NATIONAL WEATHER SERVICE ELKO NV
531 PM PDT MON MAY 29 2017


...................................

...THE ELKO AIRPORT NV CLIMATE SUMMARY FOR MAY 29 2017...
VALID TODAY AS OF 0500 PM LOCAL TIME.

CLIMATE NORMAL PERIOD 1981 TO 2010
CLIMATE RECORD PERIOD 1888 TO 2017


WEATHER ITEM   OBSERVED TIME   RECORD YEAR NORMAL DEPARTURE LAST
                VALUE   (LST)  VALUE       VALUE  FROM      YEAR
                                                  NORMAL
..................................................................
TEMPERATURE (F)
 TODAY
  MAXIMUM         83    340 PM  96    1897  73     10       79
  MINIMUM         43    249 AM  24    1927  41      2       47
                                      1899
  AVERAGE         63                        57      6       63

PRECIPITATION (IN)
  TODAY            0.00          0.80 1913   0.03  -0.03     0.00
  MONTH TO DATE    0.57                      0.90  -0.33     1.49
  SINCE OCT 1     12.85                      7.89   4.96    11.31
  SINCE JAN 1      7.22                      4.83   2.39     6.77

SNOWFALL (IN)
  TODAY            0.0           0.2  1988   0.0    0.0      0.0
  MONTH TO DATE    T                         0.5   -0.5       T
  SINCE MAR 1      1.9                       8.8   -6.9      7.5
  SINCE JUL 1     53.3                      41.3   12.0     63.8
  SNOW DEPTH       0

DEGREE DAYS
 HEATING
  TODAY            2                         8     -6        2
  MONTH TO DATE  275                       348    -73      308
  SINCE MAR 1   1498                      1751   -253     1454
  SINCE JUL 1   6234                      6919   -685     6479

 COOLING
  TODAY            0                         0      0        0
  MONTH TO DATE    0                         0      0        0
  SINCE MAR 1      0                         0      0        0
  SINCE JAN 1      0                         0      0        0
..................................................................


WIND (MPH)
  HIGHEST WIND SPEED    15   HIGHEST WIND DIRECTION     N (10)
  HIGHEST GUST SPEED    20   HIGHEST GUST DIRECTION     N (10)



WEATHER CONDITIONS
 THE FOLLOWING WEATHER WAS RECORDED TODAY.
  NO SIGNIFICANT WEATHER WAS OBSERVED.


RELATIVE HUMIDITY (PERCENT)
 HIGHEST    71           200 AM
 LOWEST     10           400 PM
 AVERAGE    41

..........................................................


THE ELKO AIRPORT NV CLIMATE NORMALS FOR TOMORROW
                         NORMAL    RECORD    YEAR
 MAXIMUM TEMPERATURE (F)   74        92      2002
                                             1897
 MINIMUM TEMPERATURE (F)   41        24      1942


SUNRISE AND SUNSET
MAY 29 2017...........SUNRISE   515 AM PDT   SUNSET   806 PM PDT
MAY 30 2017...........SUNRISE   515 AM PDT   SUNSET   807 PM PDT


-  INDICATES NEGATIVE NUMBERS.
R  INDICATES RECORD WAS SET OR TIED.
MM INDICATES DATA IS MISSING.
T  INDICATES TRACE AMOUNT.




$$
