000
CDUS45 KLKN 020930
CLIEKO


CLIMATE REPORT
NATIONAL WEATHER SERVICE ELKO NV
230 AM PDT THU JUL 2 2015


...................................

...THE ELKO AIRPORT NV CLIMATE SUMMARY FOR JULY 1 2015...

CLIMATE NORMAL PERIOD 1981 TO 2010
CLIMATE RECORD PERIOD 1888 TO 2015


WEATHER ITEM   OBSERVED TIME   RECORD YEAR NORMAL DEPARTURE LAST
                VALUE   (LST)  VALUE       VALUE  FROM      YEAR
                                                  NORMAL
..................................................................
TEMPERATURE (F)
 YESTERDAY
  MAXIMUM         98    324 PM 104    2013  87     11       95
  MINIMUM         61    130 AM  33    1911  48     13       47
  AVERAGE         80                        67     13       71

PRECIPITATION (IN)
  YESTERDAY        0.00          0.96 1950   0.01  -0.01     0.00
  MONTH TO DATE    0.00                      0.01  -0.01     0.00
  SINCE OCT 1      7.58                      8.61  -1.03     7.46
  SINCE JAN 1      5.34                      5.55  -0.21     5.85

SNOWFALL (IN)
  YESTERDAY        0.0           0.0  1888   0.0    0.0      0.0
  MONTH TO DATE    0.0                       0.0    0.0      0.0
  SINCE JUN 1      0.0                       0.0    0.0      0.0
  SINCE JUL 1      0.0                       0.0    0.0      0.0
  SNOW DEPTH       0

DEGREE DAYS
 HEATING
  YESTERDAY        0                         1     -1        0
  MONTH TO DATE    0                         1     -1        0
  SINCE JUN 1     24                       132   -108       92
  SINCE JUL 1      0                         1     -1        0

 COOLING
  YESTERDAY       15                         4     11        6
  MONTH TO DATE   15                         4     11        6
  SINCE JUN 1    193                        51    142       35
  SINCE JAN 1    200                        55    145       38
..................................................................


WIND (MPH)
  HIGHEST WIND SPEED    24   HIGHEST WIND DIRECTION     N (350)
  HIGHEST GUST SPEED    30   HIGHEST GUST DIRECTION     N (360)
  AVERAGE WIND SPEED     6.2



WEATHER CONDITIONS
 THE FOLLOWING WEATHER WAS RECORDED YESTERDAY.
  THUNDERSTORM


RELATIVE HUMIDITY (PERCENT)
 HIGHEST    73           100 AM
 LOWEST     15           100 PM
 AVERAGE    44

..........................................................


THE ELKO AIRPORT NV CLIMATE NORMALS FOR TODAY
                         NORMAL    RECORD    YEAR
 MAXIMUM TEMPERATURE (F)   87       103      2013
 MINIMUM TEMPERATURE (F)   48        34      1911


SUNRISE AND SUNSET
JULY  2 2015..........SUNRISE   516 AM PDT   SUNSET   818 PM PDT
JULY  3 2015..........SUNRISE   516 AM PDT   SUNSET   818 PM PDT


-  INDICATES NEGATIVE NUMBERS.
R  INDICATES RECORD WAS SET OR TIED.
MM INDICATES DATA IS MISSING.
T  INDICATES TRACE AMOUNT.




$$
