000
CDUS44 KSHV 122141
CLIELD


CLIMATE REPORT
NATIONAL WEATHER SERVICE SHREVEPORT, LA
441 PM CDT SAT JUL 12 2014


...................................

...THE EL DORADO CLIMATE SUMMARY FOR JULY 12 2014...
VALID TODAY AS OF 0400 PM LOCAL TIME.

CLIMATE NORMAL PERIOD 1981 TO 2010
CLIMATE RECORD PERIOD 1907 TO 2014


WEATHER ITEM   OBSERVED TIME   RECORD YEAR NORMAL DEPARTURE LAST
                VALUE   (LST)  VALUE       VALUE  FROM      YEAR
                                                  NORMAL
..................................................................
TEMPERATURE (F)
 TODAY
  MAXIMUM         96    313 PM 106    1930  92      4       94
  MINIMUM         70    523 AM  59    1947  71     -1       65
  AVERAGE         83                        82      1       80

PRECIPITATION (IN)
  TODAY            0.00          2.64 2002   0.11  -0.11     0.00
  MONTH TO DATE    0.71                      1.62  -0.91     0.15
  SINCE DEC 1     32.17                     34.68  -2.51    27.47
  SINCE JAN 1     25.61                     29.50  -3.89    21.41

DEGREE DAYS
 HEATING
  TODAY            0                         0      0        0
  MONTH TO DATE    0                         0      0        0
  SINCE JUN 1      0                         0      0        0
  SINCE JUL 1      0                         0      0        0

 COOLING
  TODAY           18                        17      1       15
  MONTH TO DATE  172                       195    -23      169
  SINCE JUN 1    589                       591     -2      583
  SINCE JAN 1    841                       902    -61      861
..................................................................


WIND (MPH)
  HIGHEST WIND SPEED     9   HIGHEST WIND DIRECTION    NW (330)
  HIGHEST GUST SPEED    12   HIGHEST GUST DIRECTION    NW (320)
  AVERAGE WIND SPEED     1.9


SKY COVER
  POSSIBLE SUNSHINE  MM
  AVERAGE SKY COVER 0.0


WEATHER CONDITIONS
 THE FOLLOWING WEATHER WAS RECORDED TODAY.
  FOG


RELATIVE HUMIDITY (PERCENT)
 HIGHEST    93           100 AM
 LOWEST     46           300 PM
 AVERAGE    70

..........................................................


THE EL DORADO CLIMATE NORMALS FOR TOMORROW
                         NORMAL    RECORD    YEAR
 MAXIMUM TEMPERATURE (F)   92       105      2011
                                             1930
 MINIMUM TEMPERATURE (F)   71        61      1917


SUNRISE AND SUNSET
JULY 12 2014..........SUNRISE   611 AM CDT   SUNSET   822 PM CDT
JULY 13 2014..........SUNRISE   612 AM CDT   SUNSET   822 PM CDT


-  INDICATES NEGATIVE NUMBERS.
R  INDICATES RECORD WAS SET OR TIED.
MM INDICATES DATA IS MISSING.
T  INDICATES TRACE AMOUNT.




$$
