000
CDUS44 KSHV 182258
CLIELD


CLIMATE REPORT
NATIONAL WEATHER SERVICE SHREVEPORT, LA
458 PM CST THU JAN 18 2018


...................................

...THE EL DORADO CLIMATE SUMMARY FOR JANUARY 18 2018...
VALID TODAY AS OF 0400 PM LOCAL TIME.

CLIMATE NORMAL PERIOD 1981 TO 2010
CLIMATE RECORD PERIOD 1907 TO 2018


WEATHER ITEM   OBSERVED TIME   RECORD YEAR NORMAL DEPARTURE LAST
                VALUE   (LST)  VALUE       VALUE  FROM      YEAR
                                                  NORMAL
..................................................................
TEMPERATURE (F)
 TODAY
  MAXIMUM         42    359 PM  77    1933  55    -13       53
  MINIMUM         10    721 AM  -1    1930  33    -23       48
  AVERAGE         26                        44    -18       51

PRECIPITATION (IN)
  TODAY            0.00          2.19 2017   0.14  -0.14     2.19
  MONTH TO DATE    1.73                      2.39  -0.66     3.32
  SINCE DEC 1      7.36                      7.57  -0.21     9.61
  SINCE JAN 1      1.73                      2.39  -0.66     3.32

SNOWFALL (IN)
  TODAY            0.0
  MONTH TO DATE    2.8
  SINCE DEC 1      2.8
  SINCE JUL 1      2.8
  SNOW DEPTH       0

DEGREE DAYS
 HEATING
  TODAY           39                        21     18       14
  MONTH TO DATE  543                       387    156      266
  SINCE DEC 1   1136                       995    141      786
  SINCE JUL 1   1538                      1474     64     1059

 COOLING
  TODAY            0                         0      0        0
  MONTH TO DATE    0                         0      0        9
  SINCE DEC 1      0                         4     -4       23
  SINCE JAN 1      0                         0      0        9
..................................................................


WIND (MPH)
  HIGHEST WIND SPEED     8   HIGHEST WIND DIRECTION     S (190)
  HIGHEST GUST SPEED    11   HIGHEST GUST DIRECTION    SE (150)
  AVERAGE WIND SPEED     1.2


SKY COVER
  POSSIBLE SUNSHINE  MM
  AVERAGE SKY COVER 0.0


WEATHER CONDITIONS
 THE FOLLOWING WEATHER WAS RECORDED TODAY.
  NO SIGNIFICANT WEATHER WAS OBSERVED.


RELATIVE HUMIDITY (PERCENT)
 HIGHEST   100           100 AM
 LOWEST     34           300 PM
 AVERAGE    67

..........................................................


THE EL DORADO CLIMATE NORMALS FOR TOMORROW
                         NORMAL    RECORD    YEAR
 MAXIMUM TEMPERATURE (F)   55        80      1914
 MINIMUM TEMPERATURE (F)   33        -1      1930


SUNRISE AND SUNSET
JANUARY 18 2018.......SUNRISE   714 AM CST   SUNSET   530 PM CST
JANUARY 19 2018.......SUNRISE   714 AM CST   SUNSET   531 PM CST


-  INDICATES NEGATIVE NUMBERS.
R  INDICATES RECORD WAS SET OR TIED.
MM INDICATES DATA IS MISSING.
T  INDICATES TRACE AMOUNT.




$$
