000
CDUS44 KSHV 240742
CLIELD


CLIMATE REPORT
NATIONAL WEATHER SERVICE SHREVEPORT, LA
240 AM CDT SAT JUN 24 2017


...................................

...THE EL DORADO CLIMATE SUMMARY FOR JUNE 23 2017...

CLIMATE NORMAL PERIOD 1981 TO 2010
CLIMATE RECORD PERIOD 1907 TO 2017


WEATHER ITEM   OBSERVED TIME   RECORD YEAR NORMAL DEPARTURE LAST
                VALUE   (LST)  VALUE       VALUE  FROM      YEAR
                                                  NORMAL
..................................................................
TEMPERATURE (F)
 YESTERDAY
  MAXIMUM         88    446 PM 101    1925  90     -2       92
  MINIMUM         71   1159 PM  59    1992  69      2       73
  AVERAGE         80                        80      0       83

PRECIPITATION (IN)
  YESTERDAY        0.38          2.28 1965   0.18   0.20     0.00
  MONTH TO DATE    3.10                      3.72  -0.62     2.89
  SINCE DEC 1     35.77                     31.88   3.89    40.66
  SINCE JAN 1     29.48                     26.70   2.78    32.60

SNOWFALL (IN)
  YESTERDAY        0.0
  MONTH TO DATE    0.0
  SINCE JUN 1      0.0
  SINCE JUL 1      T
  SNOW DEPTH       0

DEGREE DAYS
 HEATING
  YESTERDAY        0                         0      0        0
  MONTH TO DATE    0                         0      0        0
  SINCE JUN 1      0                         0      0        0
  SINCE JUL 1   1723                      2673   -950     2034

 COOLING
  YESTERDAY       15                        15      0       18
  MONTH TO DATE  296                       290      6      339
  SINCE JUN 1    296                       290      6      339
  SINCE JAN 1    642                       601     41      620
..................................................................


WIND (MPH)
  HIGHEST WIND SPEED    26   HIGHEST WIND DIRECTION    NE (50)
  HIGHEST GUST SPEED    34   HIGHEST GUST DIRECTION    NE (30)
  AVERAGE WIND SPEED     6.7


SKY COVER
  POSSIBLE SUNSHINE  MM
  AVERAGE SKY COVER 0.5


WEATHER CONDITIONS
 THE FOLLOWING WEATHER WAS RECORDED YESTERDAY.
  THUNDERSTORM
  HEAVY RAIN
  RAIN
  LIGHT RAIN
  FOG


RELATIVE HUMIDITY (PERCENT)
 HIGHEST   100           500 AM
 LOWEST     75           400 PM
 AVERAGE    88

..........................................................


THE EL DORADO CLIMATE NORMALS FOR TODAY
                         NORMAL    RECORD    YEAR
 MAXIMUM TEMPERATURE (F)   90       100      2012
                                             1977
 MINIMUM TEMPERATURE (F)   69        57      1974


SUNRISE AND SUNSET
JUNE 24 2017..........SUNRISE   603 AM CDT   SUNSET   824 PM CDT
JUNE 25 2017..........SUNRISE   604 AM CDT   SUNSET   824 PM CDT


-  INDICATES NEGATIVE NUMBERS.
R  INDICATES RECORD WAS SET OR TIED.
MM INDICATES DATA IS MISSING.
T  INDICATES TRACE AMOUNT.




$$
