000
CDUS44 KSHV 280739
CLIELD


CLIMATE REPORT
NATIONAL WEATHER SERVICE SHREVEPORT, LA
237 AM CDT SAT MAY 28 2016


...................................

...THE EL DORADO CLIMATE SUMMARY FOR MAY 27 2016...

CLIMATE NORMAL PERIOD 1981 TO 2010
CLIMATE RECORD PERIOD 1907 TO 2016


WEATHER ITEM   OBSERVED TIME   RECORD YEAR NORMAL DEPARTURE LAST
                VALUE   (LST)  VALUE       VALUE  FROM      YEAR
                                                  NORMAL
..................................................................
TEMPERATURE (F)
 YESTERDAY
  MAXIMUM         77   1120 AM  96    1953  85     -8       85
  MINIMUM         64   1159 PM  42    1961  63      1       69
  AVERAGE         71                        74     -3       77

PRECIPITATION (IN)
  YESTERDAY        0.36          1.81 1970   0.16   0.20      T
  MONTH TO DATE    1.02                      4.44  -3.42     7.13
  SINCE DEC 1     36.56                     27.55   9.01    26.53
  SINCE JAN 1     28.50                     22.37   6.13    23.20

SNOWFALL (IN)
  YESTERDAY        0.0
  MONTH TO DATE    0.0
  SINCE MAR 1      0.0
  SINCE JUL 1      1.5
  SNOW DEPTH       0

DEGREE DAYS
 HEATING
  YESTERDAY        0                         0      0        0
  MONTH TO DATE   24                        16      8        6
  SINCE MAR 1    295                       442   -147      433
  SINCE JUL 1   2034                      2670   -636     2919

 COOLING
  YESTERDAY        6                         9     -3       12
  MONTH TO DATE  136                       174    -38      198
  SINCE MAR 1    230                       267    -37      299
  SINCE JAN 1    236                       273    -37      299
..................................................................


WIND (MPH)
  HIGHEST WIND SPEED    28   HIGHEST WIND DIRECTION    SE (140)
  HIGHEST GUST SPEED    39   HIGHEST GUST DIRECTION    SE (140)
  AVERAGE WIND SPEED     7.9


SKY COVER
  POSSIBLE SUNSHINE  MM
  AVERAGE SKY COVER 0.7


WEATHER CONDITIONS
 THE FOLLOWING WEATHER WAS RECORDED YESTERDAY.
  THUNDERSTORM
  RAIN
  LIGHT RAIN
  FOG


RELATIVE HUMIDITY (PERCENT)
 HIGHEST   100           100 AM
 LOWEST     79          1200 PM
 AVERAGE    90

..........................................................


THE EL DORADO CLIMATE NORMALS FOR TODAY
                         NORMAL    RECORD    YEAR
 MAXIMUM TEMPERATURE (F)   85        98      1926
 MINIMUM TEMPERATURE (F)   63        42      1961


SUNRISE AND SUNSET
MAY 28 2016...........SUNRISE   604 AM CDT   SUNSET   813 PM CDT
MAY 29 2016...........SUNRISE   604 AM CDT   SUNSET   814 PM CDT


-  INDICATES NEGATIVE NUMBERS.
R  INDICATES RECORD WAS SET OR TIED.
MM INDICATES DATA IS MISSING.
T  INDICATES TRACE AMOUNT.




$$
