000
CDUS44 KEPZ 230930
CLIELP


CLIMATE REPORT
NATIONAL WEATHER SERVICE EL PASO, TX
329 AM MDT FRI JUN 23 2017


...................................

...THE EL PASO CLIMATE SUMMARY FOR JUNE 22 2017...

CLIMATE NORMAL PERIOD 1981 TO 2010
CLIMATE RECORD PERIOD 1879 TO 2017


WEATHER ITEM   OBSERVED TIME   RECORD YEAR NORMAL DEPARTURE LAST
                VALUE   (LST)  VALUE       VALUE  FROM      YEAR
                                                  NORMAL
..................................................................
TEMPERATURE (F)
 YESTERDAY
  MAXIMUM        109    438 PM 110    1981  97     12      105
  MINIMUM         76    407 AM  53    1991  70      6       78
  AVERAGE         93                        83     10       92

PRECIPITATION (IN)
  YESTERDAY        0.00          0.46 1944   0.04  -0.04     0.00
  MONTH TO DATE    0.27                      0.60  -0.33     0.14
  SINCE JUN 1      0.27                      0.60  -0.33     0.14
  SINCE JAN 1      1.65                      2.42  -0.77     0.78

SNOWFALL (IN)
  YESTERDAY        0.0                                       0.0
  MONTH TO DATE    0.0                                       0.0
  SINCE JUN 1      0.0                                       0.0
  SINCE JUL 1      T                                         8.1
  SNOW DEPTH       0

DEGREE DAYS
 HEATING
  YESTERDAY        0                         0      0        0
  MONTH TO DATE    0                         0      0        0
  SINCE JUN 1      0                         0      0        0
  SINCE JUL 1   1577                      2474   -897     2018

 COOLING
  YESTERDAY       28                        18     10       27
  MONTH TO DATE  448                       357     91      435
  SINCE JUN 1    448                       357     91      435
  SINCE JAN 1   1002                       734    268      831
..................................................................


WIND (MPH)
  HIGHEST WIND SPEED    25   HIGHEST WIND DIRECTION     W (290)
  HIGHEST GUST SPEED    30   HIGHEST GUST DIRECTION     W (290)
  AVERAGE WIND SPEED     7.5


SKY COVER
  POSSIBLE SUNSHINE  MM
  AVERAGE SKY COVER 0.4


WEATHER CONDITIONS
 THE FOLLOWING WEATHER WAS RECORDED YESTERDAY.
  HAZE


RELATIVE HUMIDITY (PERCENT)
 HIGHEST    56           400 AM
 LOWEST      6           500 PM
 AVERAGE    31

..........................................................


THE EL PASO CLIMATE NORMALS FOR TODAY
                         NORMAL    RECORD    YEAR
 MAXIMUM TEMPERATURE (F)   97       110      1978
 MINIMUM TEMPERATURE (F)   70        53      1973


SUNRISE AND SUNSET
JUNE 23 2017..........SUNRISE   601 AM MDT   SUNSET   815 PM MDT
JUNE 24 2017..........SUNRISE   601 AM MDT   SUNSET   815 PM MDT


-  INDICATES NEGATIVE NUMBERS.
R  INDICATES RECORD WAS SET OR TIED.
MM INDICATES DATA IS MISSING.
T  INDICATES TRACE AMOUNT.




$$
