109
CDUS44 KEPZ 280930
CLIELP


CLIMATE REPORT
NATIONAL WEATHER SERVICE EL PASO, TX
325 AM MDT FRI APR 28 2017


...................................

...THE EL PASO CLIMATE SUMMARY FOR APRIL 27 2017...

CLIMATE NORMAL PERIOD 1981 TO 2010
CLIMATE RECORD PERIOD 1879 TO 2017


WEATHER ITEM   OBSERVED TIME   RECORD YEAR NORMAL DEPARTURE LAST
                VALUE   (LST)  VALUE       VALUE  FROM      YEAR
                                                  NORMAL
..................................................................
TEMPERATURE (F)
 YESTERDAY
  MAXIMUM         88    358 PM  96    1996  82      6       80
  MINIMUM         62    505 AM  35    1984  54      8       56
  AVERAGE         75                        68      7       68

PRECIPITATION (IN)
  YESTERDAY        0.00          0.22 1931   0.01  -0.01     0.00
  MONTH TO DATE    0.00                      0.21  -0.21     0.04
  SINCE MAR 1      T                         0.47  -0.47     0.05
  SINCE JAN 1      1.21                      1.33  -0.12     0.58

SNOWFALL (IN)
  YESTERDAY        0.0                                       0.0
  MONTH TO DATE    0.0                                       0.0
  SINCE MAR 1      0.0                                       0.0
  SINCE JUL 1      T                                         8.1
  SNOW DEPTH       0

DEGREE DAYS
 HEATING
  YESTERDAY        0                         1     -1        0
  MONTH TO DATE   25                        89    -64       61
  SINCE MAR 1     88                       359   -271      170
  SINCE JUL 1   1557                      2462   -905     2004

 COOLING
  YESTERDAY       10                         5      5        3
  MONTH TO DATE  159                        67     92       84
  SINCE MAR 1    228                        77    151      104
  SINCE JAN 1    231                        77    154      107
..................................................................


WIND (MPH)
  HIGHEST WIND SPEED    38   HIGHEST WIND DIRECTION     W (250)
  HIGHEST GUST SPEED    48   HIGHEST GUST DIRECTION     W (250)
  AVERAGE WIND SPEED    18.6


SKY COVER
  POSSIBLE SUNSHINE  MM
  AVERAGE SKY COVER 0.6


WEATHER CONDITIONS
 THE FOLLOWING WEATHER WAS RECORDED YESTERDAY.
  NO SIGNIFICANT WEATHER WAS OBSERVED.


RELATIVE HUMIDITY (PERCENT)
 HIGHEST    20           500 AM
 LOWEST     10           800 PM
 AVERAGE    15

..........................................................


THE EL PASO CLIMATE NORMALS FOR TODAY
                         NORMAL    RECORD    YEAR
 MAXIMUM TEMPERATURE (F)   82        96      1992
 MINIMUM TEMPERATURE (F)   55        35      1989
                                             1975


SUNRISE AND SUNSET
APRIL 28 2017.........SUNRISE   623 AM MDT   SUNSET   744 PM MDT
APRIL 29 2017.........SUNRISE   622 AM MDT   SUNSET   745 PM MDT


-  INDICATES NEGATIVE NUMBERS.
R  INDICATES RECORD WAS SET OR TIED.
MM INDICATES DATA IS MISSING.
T  INDICATES TRACE AMOUNT.




$$
