000
CDUS44 KEPZ 302331
CLIELP


CLIMATE REPORT
NATIONAL WEATHER SERVICE EL PASO, TX
431 PM MST FRI JAN 30 2015


...................................

...THE EL PASO CLIMATE SUMMARY FOR JANUARY 30 2015...
VALID TODAY AS OF 0400 PM LOCAL TIME.

CLIMATE NORMAL PERIOD 1981 TO 2010
CLIMATE RECORD PERIOD 1879 TO 2015


WEATHER ITEM   OBSERVED TIME   RECORD YEAR NORMAL DEPARTURE LAST
                VALUE   (LST)  VALUE       VALUE  FROM      YEAR
                                                  NORMAL
..................................................................
TEMPERATURE (F)
 TODAY
  MAXIMUM         48    359 PM  77    1890  60    -12       73
  MINIMUM         41    809 AM   9    1949  34      7       38
                                      1948

PRECIPITATION (IN)
  TODAY            0.24                      0.02   0.22     0.00
  MONTH TO DATE    0.50                      0.39   0.11     0.00
  SINCE DEC 1      0.62                      1.17  -0.55     0.26
  SINCE JAN 1      0.50                      0.39   0.11     0.00

SNOWFALL (IN)
  TODAY           MM                                         0.0
  MONTH TO DATE    T                                         0.0
  SINCE JUL 1      T                                          T

..................................................................


WIND (MPH)
  HIGHEST WIND SPEED    17   HIGHEST WIND DIRECTION     E (90)
  HIGHEST GUST SPEED    21   HIGHEST GUST DIRECTION     E (80)


SKY COVER
  AVERAGE SKY COVER 0.9


WEATHER CONDITIONS
 THE FOLLOWING WEATHER WAS RECORDED TODAY.
  LIGHT RAIN


RELATIVE HUMIDITY (PERCENT)
 HIGHEST    86           600 AM
 LOWEST     65          1200 PM

..........................................................


THE EL PASO CLIMATE NORMALS FOR TOMORROW
                         NORMAL    RECORD    YEAR
 MAXIMUM TEMPERATURE (F)   60        77      1890
 MINIMUM TEMPERATURE (F)   34        15      1949


SUNRISE AND SUNSET
JANUARY 30 2015.......SUNRISE   700 AM MST   SUNSET   538 PM MST
JANUARY 31 2015.......SUNRISE   700 AM MST   SUNSET   539 PM MST


-  INDICATES NEGATIVE NUMBERS.
R  INDICATES RECORD WAS SET OR TIED.
MM INDICATES DATA IS MISSING.
T  INDICATES TRACE AMOUNT.




$$
