000
CDUS44 KEPZ 220926
CLIELP


CLIMATE REPORT
NATIONAL WEATHER SERVICE EL PASO, TX
325 AM MDT MON SEP 22 2014


...................................

...THE EL PASO CLIMATE SUMMARY FOR SEPTEMBER 21 2014...

CLIMATE NORMAL PERIOD 1981 TO 2010
CLIMATE RECORD PERIOD 1879 TO 2014


WEATHER ITEM   OBSERVED TIME   RECORD YEAR NORMAL DEPARTURE LAST
                VALUE   (LST)  VALUE       VALUE  FROM      YEAR
                                                  NORMAL
..................................................................
TEMPERATURE (F)
 YESTERDAY
  MAXIMUM         88    248 PM  98    1980  86      2       80
  MINIMUM         70    702 AM  49    1971  62      8       62
  AVERAGE         79                        74      5       71

PRECIPITATION (IN)
  YESTERDAY        0.00          2.13 1941   0.05  -0.05     0.00
  MONTH TO DATE    3.71                      1.15   2.56     3.85
  SINCE SEP 1      3.71                      1.15   2.56     3.85
  SINCE JAN 1      6.84                      7.47  -0.63     9.15

SNOWFALL (IN)
  YESTERDAY        0.0                                       0.0
  MONTH TO DATE    0.0                                       0.0
  SINCE SEP 1      0.0                                       0.0
  SINCE JUL 1      0.0                                        T
  SNOW DEPTH       0

DEGREE DAYS
 HEATING
  YESTERDAY        0                         0      0        0
  MONTH TO DATE    0                         0      0        0
  SINCE SEP 1      0                         0      0        0
  SINCE JUL 1      0                         0      0        0

 COOLING
  YESTERDAY       14                         9      5        6
  MONTH TO DATE  234                       250    -16      265
  SINCE SEP 1    234                       250    -16      265
  SINCE JAN 1   2453                      2179    274     2543
..................................................................


WIND (MPH)
  HIGHEST WIND SPEED    20   HIGHEST WIND DIRECTION     E (70)
  HIGHEST GUST SPEED    23   HIGHEST GUST DIRECTION     E (70)
  AVERAGE WIND SPEED     6.4


SKY COVER
  POSSIBLE SUNSHINE  MM
  AVERAGE SKY COVER 0.7


WEATHER CONDITIONS
 THE FOLLOWING WEATHER WAS RECORDED YESTERDAY.
  NO SIGNIFICANT WEATHER WAS OBSERVED.


RELATIVE HUMIDITY (PERCENT)
 HIGHEST    84           600 AM
 LOWEST     40           200 PM
 AVERAGE    62

..........................................................


THE EL PASO CLIMATE NORMALS FOR TODAY
                         NORMAL    RECORD    YEAR
 MAXIMUM TEMPERATURE (F)   86        96      1973
 MINIMUM TEMPERATURE (F)   61        47      1995


SUNRISE AND SUNSET
SEPTEMBER 22 2014.....SUNRISE   654 AM MDT   SUNSET   702 PM MDT
SEPTEMBER 23 2014.....SUNRISE   654 AM MDT   SUNSET   701 PM MDT


-  INDICATES NEGATIVE NUMBERS.
R  INDICATES RECORD WAS SET OR TIED.
MM INDICATES DATA IS MISSING.
T  INDICATES TRACE AMOUNT.




$$
