000
CDUS44 KEPZ 232332
CLIELP


CLIMATE REPORT
NATIONAL WEATHER SERVICE EL PASO, TX
531 PM MDT WED AUG 23 2017


...................................

...THE EL PASO CLIMATE SUMMARY FOR AUGUST 23 2017...
VALID TODAY AS OF 0500 PM LOCAL TIME.

CLIMATE NORMAL PERIOD 1981 TO 2010
CLIMATE RECORD PERIOD 1879 TO 2017


WEATHER ITEM   OBSERVED TIME   RECORD YEAR NORMAL DEPARTURE LAST
                VALUE   (LST)  VALUE       VALUE  FROM      YEAR
                                                  NORMAL
..................................................................
TEMPERATURE (F)
 TODAY
  MAXIMUM         94    239 PM 103    1994  92      2       91
  MINIMUM         74    612 AM  58    1973  69      5       66

PRECIPITATION (IN)
  TODAY            0.00                      0.06  -0.06     0.41
  MONTH TO DATE    1.97                      1.59   0.38     4.04
  SINCE JUN 1      6.50                      4.08   2.42     4.61
  SINCE JAN 1      7.88                      5.90   1.98     5.25

..................................................................


WIND (MPH)
  HIGHEST WIND SPEED    24   HIGHEST WIND DIRECTION     E (90)
  HIGHEST GUST SPEED    32   HIGHEST GUST DIRECTION     E (90)


SKY COVER
  AVERAGE SKY COVER 0.6


WEATHER CONDITIONS
 THE FOLLOWING WEATHER WAS RECORDED TODAY.
  THUNDERSTORM


RELATIVE HUMIDITY (PERCENT)
 HIGHEST    69           300 AM
 LOWEST     38           200 PM

..........................................................


THE EL PASO CLIMATE NORMALS FOR TOMORROW
                         NORMAL    RECORD    YEAR
 MAXIMUM TEMPERATURE (F)   92       102      1993
 MINIMUM TEMPERATURE (F)   69        59      1888


SUNRISE AND SUNSET
AUGUST 23 2017........SUNRISE   636 AM MDT   SUNSET   740 PM MDT
AUGUST 24 2017........SUNRISE   636 AM MDT   SUNSET   739 PM MDT


-  INDICATES NEGATIVE NUMBERS.
R  INDICATES RECORD WAS SET OR TIED.
MM INDICATES DATA IS MISSING.
T  INDICATES TRACE AMOUNT.




$$
