000
CDUS44 KEPZ 300926
CLIELP


CLIMATE REPORT
NATIONAL WEATHER SERVICE EL PASO, TX
326 AM MDT WED JUL 30 2014


...................................

...THE EL PASO CLIMATE SUMMARY FOR JULY 29 2014...

CLIMATE NORMAL PERIOD 1981 TO 2010
CLIMATE RECORD PERIOD 1879 TO 2014


WEATHER ITEM   OBSERVED TIME   RECORD YEAR NORMAL DEPARTURE LAST
                VALUE   (LST)  VALUE       VALUE  FROM      YEAR
                                                  NORMAL
..................................................................
TEMPERATURE (F)
 YESTERDAY
  MAXIMUM         89    305 PM 105    1960  93     -4       97
  MINIMUM         68    726 AM  60    1880  71     -3       73
  AVERAGE         79                        82     -3       85

PRECIPITATION (IN)
  YESTERDAY        0.09          1.47 1929   0.06   0.03     0.00
  MONTH TO DATE    0.64                      1.41  -0.77     2.66
  SINCE JUN 1      0.65                      2.35  -1.70     2.82
  SINCE JAN 1      1.29                      4.17  -2.88     3.71

SNOWFALL (IN)
  YESTERDAY        0.0                                       0.0
  MONTH TO DATE    0.0                                       0.0
  SINCE JUN 1      0.0                                       0.0
  SINCE JUL 1      0.0                                       0.0
  SNOW DEPTH       0

DEGREE DAYS
 HEATING
  YESTERDAY        0                         0      0        0
  MONTH TO DATE    0                         0      0        0
  SINCE JUN 1      0                         0      0        0
  SINCE JUL 1      0                         0      0        0

 COOLING
  YESTERDAY       14                        17     -3       20
  MONTH TO DATE  585                       516     69      501
  SINCE JUN 1   1278                      1018    260     1164
  SINCE JAN 1   1705                      1395    310     1672
..................................................................


WIND (MPH)
  HIGHEST WIND SPEED    20   HIGHEST WIND DIRECTION    NE (30)
  HIGHEST GUST SPEED    24   HIGHEST GUST DIRECTION     N (340)
  AVERAGE WIND SPEED     7.4


SKY COVER
  POSSIBLE SUNSHINE  MM
  AVERAGE SKY COVER 0.7


WEATHER CONDITIONS
 THE FOLLOWING WEATHER WAS RECORDED YESTERDAY.
  THUNDERSTORM
  LIGHT RAIN


RELATIVE HUMIDITY (PERCENT)
 HIGHEST    87           700 AM
 LOWEST     36           500 PM
 AVERAGE    62

..........................................................


THE EL PASO CLIMATE NORMALS FOR TODAY
                         NORMAL    RECORD    YEAR
 MAXIMUM TEMPERATURE (F)   93       103      1980
                                             1944
 MINIMUM TEMPERATURE (F)   71        62      1974


SUNRISE AND SUNSET
JULY 30 2014..........SUNRISE   620 AM MDT   SUNSET   804 PM MDT
JULY 31 2014..........SUNRISE   621 AM MDT   SUNSET   803 PM MDT


-  INDICATES NEGATIVE NUMBERS.
R  INDICATES RECORD WAS SET OR TIED.
MM INDICATES DATA IS MISSING.
T  INDICATES TRACE AMOUNT.




$$
