000
CDUS44 KEPZ 210928
CLIELP


CLIMATE REPORT
NATIONAL WEATHER SERVICE EL PASO, TX
227 AM MST SUN DEC 21 2014


...................................

...THE EL PASO CLIMATE SUMMARY FOR DECEMBER 20 2014...

CLIMATE NORMAL PERIOD 1981 TO 2010
CLIMATE RECORD PERIOD 1879 TO 2014


WEATHER ITEM   OBSERVED TIME   RECORD YEAR NORMAL DEPARTURE LAST
                VALUE   (LST)  VALUE       VALUE  FROM      YEAR
                                                  NORMAL
..................................................................
TEMPERATURE (F)
 YESTERDAY
  MAXIMUM         57    345 PM  74    1981  56      1       59
  MINIMUM         26    658 AM  10    1909  32     -6       41
  AVERAGE         42                        44     -2       50

PRECIPITATION (IN)
  YESTERDAY        0.00          0.46 1929   0.03  -0.03     0.01
  MONTH TO DATE    0.01                      0.53  -0.52     0.24
  SINCE DEC 1      0.01                      0.53  -0.52     0.24
  SINCE JAN 1      8.46                      9.46  -1.00     9.49

SNOWFALL (IN)
  YESTERDAY        0.0                                       0.0
  MONTH TO DATE    0.0                                        T
  SINCE DEC 1      0.0                                        T
  SINCE JUL 1      0.0                                        T
  SNOW DEPTH       0

DEGREE DAYS
 HEATING
  YESTERDAY       23                        21      2       15
  MONTH TO DATE  248                       394   -146      362
  SINCE DEC 1    248                       394   -146      362
  SINCE JUL 1    611                       836   -225      746

 COOLING
  YESTERDAY        0                         0      0        0
  MONTH TO DATE    0                         0      0        0
  SINCE DEC 1      0                         0      0        0
  SINCE JAN 1   2671                      2331    340     2695
..................................................................


WIND (MPH)
  HIGHEST WIND SPEED    16   HIGHEST WIND DIRECTION    SW (230)
  HIGHEST GUST SPEED    22   HIGHEST GUST DIRECTION    SW (230)
  AVERAGE WIND SPEED     4.6


SKY COVER
  POSSIBLE SUNSHINE  MM
  AVERAGE SKY COVER 0.2


WEATHER CONDITIONS
 THE FOLLOWING WEATHER WAS RECORDED YESTERDAY.
  NO SIGNIFICANT WEATHER WAS OBSERVED.


RELATIVE HUMIDITY (PERCENT)
 HIGHEST    81           700 AM
 LOWEST     30           300 PM
 AVERAGE    56

..........................................................


THE EL PASO CLIMATE NORMALS FOR TODAY
                         NORMAL    RECORD    YEAR
 MAXIMUM TEMPERATURE (F)   56        77      1981
 MINIMUM TEMPERATURE (F)   32        12      1973
                                             1887


SUNRISE AND SUNSET
DECEMBER 21 2014......SUNRISE   702 AM MST   SUNSET   506 PM MST
DECEMBER 22 2014......SUNRISE   702 AM MST   SUNSET   506 PM MST


-  INDICATES NEGATIVE NUMBERS.
R  INDICATES RECORD WAS SET OR TIED.
MM INDICATES DATA IS MISSING.
T  INDICATES TRACE AMOUNT.




$$
