000
CDUS44 KEPZ 172329
CLIELP


CLIMATE REPORT
NATIONAL WEATHER SERVICE EL PASO, TX
428 PM MST SUN DEC 17 2017


...................................

...THE EL PASO CLIMATE SUMMARY FOR DECEMBER 17 2017...
VALID TODAY AS OF 0400 PM LOCAL TIME.

CLIMATE NORMAL PERIOD 1981 TO 2010
CLIMATE RECORD PERIOD 1879 TO 2017


WEATHER ITEM   OBSERVED TIME   RECORD YEAR NORMAL DEPARTURE LAST
                VALUE   (LST)  VALUE       VALUE  FROM      YEAR
                                                  NORMAL
..................................................................
TEMPERATURE (F)
 TODAY
  MAXIMUM         54    218 PM  73    1980  57     -3       65
  MINIMUM         35    650 AM  15    1985  32      3       36

PRECIPITATION (IN)
  TODAY            T                         0.03  -0.03      T
  MONTH TO DATE    0.32                      0.45  -0.13     0.24
  SINCE DEC 1      0.32                      0.45  -0.13     0.24
  SINCE JAN 1      9.73                      9.38   0.35     8.72

SNOWFALL (IN)
  TODAY            0.0                                       0.0
  MONTH TO DATE    0.1                                       0.0
  SINCE JUL 1      0.1                                        T

..................................................................


WIND (MPH)
  HIGHEST WIND SPEED    15   HIGHEST WIND DIRECTION     N (360)
  HIGHEST GUST SPEED    19   HIGHEST GUST DIRECTION     N (360)


SKY COVER
  AVERAGE SKY COVER 0.8


WEATHER CONDITIONS
 THE FOLLOWING WEATHER WAS RECORDED TODAY.
  LIGHT RAIN


RELATIVE HUMIDITY (PERCENT)
 HIGHEST    82           700 AM
 LOWEST     50           100 PM

..........................................................


THE EL PASO CLIMATE NORMALS FOR TOMORROW
                         NORMAL    RECORD    YEAR
 MAXIMUM TEMPERATURE (F)   56        79      1980
 MINIMUM TEMPERATURE (F)   32         6      1996


SUNRISE AND SUNSET
DECEMBER 17 2017......SUNRISE   700 AM MST   SUNSET   504 PM MST
DECEMBER 18 2017......SUNRISE   700 AM MST   SUNSET   505 PM MST


-  INDICATES NEGATIVE NUMBERS.
R  INDICATES RECORD WAS SET OR TIED.
MM INDICATES DATA IS MISSING.
T  INDICATES TRACE AMOUNT.




$$
