000
CDUS45 KLKN 070934
CLIELY


CLIMATE REPORT
NATIONAL WEATHER SERVICE ELKO NV
134 AM PST SUN FEB 7 2016


...................................

...THE ELY AIRPORT NV CLIMATE SUMMARY FOR FEBRUARY 6 2016...

CLIMATE NORMAL PERIOD 1981 TO 2010
CLIMATE RECORD PERIOD 1893 TO 2016


WEATHER ITEM   OBSERVED TIME   RECORD YEAR NORMAL DEPARTURE LAST
                VALUE   (LST)  VALUE       VALUE  FROM      YEAR
                                                  NORMAL
..................................................................
TEMPERATURE (F)
 YESTERDAY
  MAXIMUM         37    344 PM  66    1963  41     -4       62
  MINIMUM          2    401 AM -30    1989  13    -11       36
  AVERAGE         20                        27     -7       49

PRECIPITATION (IN)
  YESTERDAY        0.00          0.48 1965   0.02  -0.02     0.00
  MONTH TO DATE    0.05                      0.14  -0.09      T
  SINCE OCT 1      6.52                      3.13   3.39     1.48
  SINCE JAN 1      2.16                      0.84   1.32     0.31

SNOWFALL (IN)
  YESTERDAY        0.0           6.5  1965   0.3   -0.3      0.0
  MONTH TO DATE    0.3                       1.7   -1.4      0.0
  SINCE DEC 1     57.8                      19.2   38.6      6.7
  SINCE JUL 1     75.5                      28.7   46.8      7.4
  SNOW DEPTH      17

DEGREE DAYS
 HEATING
  YESTERDAY       45                        38      7       16
  MONTH TO DATE  329                       230     99      134
  SINCE DEC 1   3001                      2691    310     2181
  SINCE JUL 1   4630                      4559     71     3628

 COOLING
  YESTERDAY        0                         0      0        0
  MONTH TO DATE    0                         0      0        0
  SINCE DEC 1      0                         0      0        0
  SINCE JAN 1      0                         0      0        0
..................................................................


WIND (MPH)
  HIGHEST WIND SPEED    22   HIGHEST WIND DIRECTION     S (170)
  HIGHEST GUST SPEED    24   HIGHEST GUST DIRECTION     S (170)
  AVERAGE WIND SPEED    14.1



WEATHER CONDITIONS
 THE FOLLOWING WEATHER WAS RECORDED YESTERDAY.
  NO SIGNIFICANT WEATHER WAS OBSERVED.


RELATIVE HUMIDITY (PERCENT)
 HIGHEST    88           200 AM
 LOWEST     56           100 PM
 AVERAGE    72

..........................................................


THE ELY AIRPORT NV CLIMATE NORMALS FOR TODAY
                         NORMAL    RECORD    YEAR
 MAXIMUM TEMPERATURE (F)   41        63      1963
 MINIMUM TEMPERATURE (F)   14       -29      1989


SUNRISE AND SUNSET
FEBRUARY  7 2016......SUNRISE   641 AM PST   SUNSET   507 PM PST
FEBRUARY  8 2016......SUNRISE   640 AM PST   SUNSET   508 PM PST


-  INDICATES NEGATIVE NUMBERS.
R  INDICATES RECORD WAS SET OR TIED.
MM INDICATES DATA IS MISSING.
T  INDICATES TRACE AMOUNT.




$$
