000
CDUS45 KLKN 020033
CLIELY


CLIMATE REPORT
NATIONAL WEATHER SERVICE ELKO NV
527 PM PDT FRI AUG 1 2014


...................................

...THE ELY AIRPORT NV CLIMATE SUMMARY FOR AUGUST 1 2014...
VALID TODAY AS OF 500 PM LOCAL TIME.

CLIMATE NORMAL PERIOD 1981 TO 2010
CLIMATE RECORD PERIOD 1893 TO 2014


WEATHER ITEM   OBSERVED TIME   RECORD YEAR NORMAL DEPARTURE LAST
                VALUE   (LST)  VALUE       VALUE  FROM      YEAR
                                                  NORMAL
..................................................................
TEMPERATURE (F)
 TODAY
  MAXIMUM         88    306 PM  95    2000  88      0       90
                                      1996
  MINIMUM         43    514 AM  38    1975  49     -6       47
  AVERAGE         66                        68     -2       69

PRECIPITATION (IN)
  TODAY            0.00          1.03 2005   0.03  -0.03     0.00
  MONTH TO DATE    0.00                      0.03  -0.03     0.00
  SINCE OCT 1      7.46                      8.06  -0.60     6.46
  SINCE JAN 1      4.78                      5.77  -0.99     3.36

SNOWFALL (IN)
  TODAY            0.0           0.0  1893   0.0    0.0      0.0
  MONTH TO DATE    0.0                       0.0    0.0      0.0
  SINCE JUN 1      T                         0.1   -0.1      0.0
  SINCE JUL 1      0.0                       0.0    0.0      0.0
  SNOW DEPTH       0

DEGREE DAYS
 HEATING
  TODAY            0                         0      0        0
  MONTH TO DATE    0                         0      0        0
  SINCE JUN 1    140                       198    -58      100
  SINCE JUL 1      0                        23    -23        5

 COOLING
  TODAY            1                         4     -3        4
  MONTH TO DATE    1                         4     -3        4
  SINCE JUN 1    226                       138     88      272
  SINCE JAN 1    228                       139     89      272
..................................................................


WIND (MPH)
  HIGHEST WIND SPEED    15   HIGHEST WIND DIRECTION     N (20)
  HIGHEST GUST SPEED    23   HIGHEST GUST DIRECTION     N (10)



WEATHER CONDITIONS
 THE FOLLOWING WEATHER WAS RECORDED TODAY.
  NO SIGNIFICANT WEATHER WAS OBSERVED.


RELATIVE HUMIDITY (PERCENT)
 HIGHEST    89           400 AM
 LOWEST     15           100 PM
 AVERAGE    52

..........................................................


THE ELY AIRPORT NV CLIMATE NORMALS FOR TOMORROW
                         NORMAL    RECORD    YEAR
 MAXIMUM TEMPERATURE (F)   88        97      1977
 MINIMUM TEMPERATURE (F)   49        37      1976


SUNRISE AND SUNSET
AUGUST  1 2014........SUNRISE   540 AM PDT   SUNSET   751 PM PDT
AUGUST  2 2014........SUNRISE   540 AM PDT   SUNSET   750 PM PDT


-  INDICATES NEGATIVE NUMBERS.
R  INDICATES RECORD WAS SET OR TIED.
MM INDICATES DATA IS MISSING.
T  INDICATES TRACE AMOUNT.




$$
