382
CDUS45 KLKN 040927
CLIELY


CLIMATE REPORT
NATIONAL WEATHER SERVICE ELKO NV
126 AM PST SUN DEC 4 2016


...................................

...THE ELY AIRPORT NV CLIMATE SUMMARY FOR DECEMBER 3 2016...

CLIMATE NORMAL PERIOD 1981 TO 2010
CLIMATE RECORD PERIOD 1893 TO 2016


WEATHER ITEM   OBSERVED TIME   RECORD YEAR NORMAL DEPARTURE LAST
                VALUE   (LST)  VALUE       VALUE  FROM      YEAR
                                                  NORMAL
..................................................................
TEMPERATURE (F)
 YESTERDAY
  MAXIMUM         42    214 PM  67    1958  41      1       46
  MINIMUM          2    642 AM  -6    2004  13    -11       16
  AVERAGE         22                        27     -5       31

PRECIPITATION (IN)
  YESTERDAY        0.00          0.45 2013   0.02  -0.02     0.00
  MONTH TO DATE    T                         0.05  -0.05     0.00
  SINCE OCT 1      0.61                      1.75  -1.14     3.15
  SINCE JAN 1     10.33                      9.22   1.11     8.65

SNOWFALL (IN)
  YESTERDAY        0.0           6.7  2013   0.2   -0.2      0.0
  MONTH TO DATE    T                         0.6   -0.6      0.0
  SINCE DEC 1      T                         0.6   -0.6      0.0
  SINCE JUL 1      5.9                      10.1   -4.2     17.7
  SNOW DEPTH       T

DEGREE DAYS
 HEATING
  YESTERDAY       43                        38      5       34
  MONTH TO DATE  128                       113     15      116
  SINCE DEC 1    128                       113     15      116
  SINCE JUL 1   1681                      1981   -300     1745

 COOLING
  YESTERDAY        0                         0      0        0
  MONTH TO DATE    0                         0      0        0
  SINCE DEC 1      0                         0      0        0
  SINCE JAN 1    267                       218     49      329
..................................................................


WIND (MPH)
  HIGHEST WIND SPEED    17   HIGHEST WIND DIRECTION     S (170)
  HIGHEST GUST SPEED    20   HIGHEST GUST DIRECTION     S (170)
  AVERAGE WIND SPEED     9.2



WEATHER CONDITIONS
 THE FOLLOWING WEATHER WAS RECORDED YESTERDAY.
  NO SIGNIFICANT WEATHER WAS OBSERVED.


RELATIVE HUMIDITY (PERCENT)
 HIGHEST    86           100 AM
 LOWEST     32          1100 AM
 AVERAGE    59

..........................................................


THE ELY AIRPORT NV CLIMATE NORMALS FOR TODAY
                         NORMAL    RECORD    YEAR
 MAXIMUM TEMPERATURE (F)   41        65      2007
 MINIMUM TEMPERATURE (F)   12       -17      2013


SUNRISE AND SUNSET
DECEMBER  4 2016......SUNRISE   643 AM PST   SUNSET   416 PM PST
DECEMBER  5 2016......SUNRISE   644 AM PST   SUNSET   416 PM PST


-  INDICATES NEGATIVE NUMBERS.
R  INDICATES RECORD WAS SET OR TIED.
MM INDICATES DATA IS MISSING.
T  INDICATES TRACE AMOUNT.




$$
