000
CDUS45 KLKN 270929
CLIELY


CLIMATE REPORT
NATIONAL WEATHER SERVICE ELKO NV
226 AM PDT SAT AUG 27 2016


...................................

...THE ELY AIRPORT NV CLIMATE SUMMARY FOR AUGUST 26 2016...

CLIMATE NORMAL PERIOD 1981 TO 2010
CLIMATE RECORD PERIOD 1893 TO 2016


WEATHER ITEM   OBSERVED TIME   RECORD YEAR NORMAL DEPARTURE LAST
                VALUE   (LST)  VALUE       VALUE  FROM      YEAR
                                                  NORMAL
..................................................................
TEMPERATURE (F)
 YESTERDAY
  MAXIMUM         83    246 PM  94    2011  83      0       84
  MINIMUM         42    434 AM  27    1992  45     -3       50
  AVERAGE         63                        64     -1       67

PRECIPITATION (IN)
  YESTERDAY        0.00          0.60 1898   0.02  -0.02     0.18
  MONTH TO DATE    0.33                      0.76  -0.43     0.39
  SINCE OCT 1     13.38                      8.79   4.59     6.01
  SINCE JAN 1      9.02                      6.50   2.52     4.84

SNOWFALL (IN)
  YESTERDAY        0.0           0.0  1893   0.0    0.0      0.0
  MONTH TO DATE    0.0                       0.0    0.0      0.0
  SINCE JUN 1      0.0                       0.1   -0.1      0.0
  SINCE JUL 1      0.0                       0.0    0.0      0.0
  SNOW DEPTH       0

DEGREE DAYS
 HEATING
  YESTERDAY        2                         2      0        0
  MONTH TO DATE   16                        27    -11       12
  SINCE JUN 1     94                       225   -131       86
  SINCE JUL 1     33                        50    -17       31

 COOLING
  YESTERDAY        0                         1     -1        2
  MONTH TO DATE   62                        72    -10      101
  SINCE JUN 1    246                       206     40      287
  SINCE JAN 1    246                       207     39      290
..................................................................


WIND (MPH)
  HIGHEST WIND SPEED    22   HIGHEST WIND DIRECTION     W (270)
  HIGHEST GUST SPEED    32   HIGHEST GUST DIRECTION     W (280)
  AVERAGE WIND SPEED     8.6



WEATHER CONDITIONS
 THE FOLLOWING WEATHER WAS RECORDED YESTERDAY.
  NO SIGNIFICANT WEATHER WAS OBSERVED.


RELATIVE HUMIDITY (PERCENT)
 HIGHEST    62           200 AM
 LOWEST     10           200 PM
 AVERAGE    36

..........................................................


THE ELY AIRPORT NV CLIMATE NORMALS FOR TODAY
                         NORMAL    RECORD    YEAR
 MAXIMUM TEMPERATURE (F)   83        94      2001
 MINIMUM TEMPERATURE (F)   45        29      1992


SUNRISE AND SUNSET
AUGUST 27 2016........SUNRISE   604 AM PDT   SUNSET   717 PM PDT
AUGUST 28 2016........SUNRISE   605 AM PDT   SUNSET   715 PM PDT


-  INDICATES NEGATIVE NUMBERS.
R  INDICATES RECORD WAS SET OR TIED.
MM INDICATES DATA IS MISSING.
T  INDICATES TRACE AMOUNT.




$$
