000
CDUS45 KLKN 240032
CLIELY


CLIMATE REPORT
NATIONAL WEATHER SERVICE ELKO NV
527 PM PDT MON MAY 23 2016


...................................

...THE ELY AIRPORT NV CLIMATE SUMMARY FOR MAY 23 2016...
VALID TODAY AS OF 500 PM LOCAL TIME.

CLIMATE NORMAL PERIOD 1981 TO 2010
CLIMATE RECORD PERIOD 1893 TO 2016


WEATHER ITEM   OBSERVED TIME   RECORD YEAR NORMAL DEPARTURE LAST
                VALUE   (LST)  VALUE       VALUE  FROM      YEAR
                                                  NORMAL
..................................................................
TEMPERATURE (F)
 TODAY
  MAXIMUM         62    141 PM  88    1984  70     -8       57
  MINIMUM         32    343 AM  21    2007  35     -3       43
  AVERAGE         47                        53     -6       50

PRECIPITATION (IN)
  TODAY            0.00          0.60 1897   0.04  -0.04     0.30
  MONTH TO DATE    0.47                      0.82  -0.35     1.50
  SINCE OCT 1     11.26                      6.44   4.82     4.22
  SINCE JAN 1      6.90                      4.15   2.75     3.05

SNOWFALL (IN)
  TODAY            0.0           4.2  2010   0.0    0.0      0.0
  MONTH TO DATE    0.0                       2.1   -2.1       T
  SINCE MAR 1     21.1                      15.6    5.5      8.7
  SINCE JUL 1    100.4                      50.5   49.9     19.7
  SNOW DEPTH       0

DEGREE DAYS
 HEATING
  TODAY           18                        12      6       15
  MONTH TO DATE  355                       353      2      374
  SINCE MAR 1   1771                      1919   -148     1729
  SINCE JUL 1   7145                      7256   -111     5973

 COOLING
  TODAY            0                         0      0        0
  MONTH TO DATE    0                         0      0        0
  SINCE MAR 1      0                         0      0        0
  SINCE JAN 1      0                         0      0        0
..................................................................


WIND (MPH)
  HIGHEST WIND SPEED    22   HIGHEST WIND DIRECTION    SE (140)
  HIGHEST GUST SPEED    29   HIGHEST GUST DIRECTION     S (160)



WEATHER CONDITIONS
 THE FOLLOWING WEATHER WAS RECORDED TODAY.
  NO SIGNIFICANT WEATHER WAS OBSERVED.


RELATIVE HUMIDITY (PERCENT)
 HIGHEST    75           500 AM
 LOWEST     22           100 PM
 AVERAGE    49

..........................................................


THE ELY AIRPORT NV CLIMATE NORMALS FOR TOMORROW
                         NORMAL    RECORD    YEAR
 MAXIMUM TEMPERATURE (F)   71        87      2001
 MINIMUM TEMPERATURE (F)   35        20      1978


SUNRISE AND SUNSET
MAY 23 2016...........SUNRISE   519 AM PDT   SUNSET   754 PM PDT
MAY 24 2016...........SUNRISE   519 AM PDT   SUNSET   754 PM PDT


-  INDICATES NEGATIVE NUMBERS.
R  INDICATES RECORD WAS SET OR TIED.
MM INDICATES DATA IS MISSING.
T  INDICATES TRACE AMOUNT.




$$
