000
CDUS45 KLKN 210930
CLIELY


CLIMATE REPORT
NATIONAL WEATHER SERVICE ELKO NV
228 AM PDT SUN SEP 21 2014


...................................

...THE ELY AIRPORT NV CLIMATE SUMMARY FOR SEPTEMBER 20 2014...

CLIMATE NORMAL PERIOD 1981 TO 2010
CLIMATE RECORD PERIOD 1893 TO 2014


WEATHER ITEM   OBSERVED TIME   RECORD YEAR NORMAL DEPARTURE LAST
                VALUE   (LST)  VALUE       VALUE  FROM      YEAR
                                                  NORMAL
..................................................................
TEMPERATURE (F)
 YESTERDAY
  MAXIMUM         82    113 PM  85    2001  74      8       78
  MINIMUM         42    558 AM  16    1895  36      6       33
  AVERAGE         62                        55      7       56

PRECIPITATION (IN)
  YESTERDAY        T             0.79 1963   0.03  -0.03     0.00
  MONTH TO DATE    0.05                      0.52  -0.47     1.69
  SINCE OCT 1      9.99                      9.45   0.54     8.94
  SINCE JAN 1      7.31                      7.16   0.15     5.84

SNOWFALL (IN)
  YESTERDAY        0.0           3.0  1895   0.0    0.0      0.0
  MONTH TO DATE    0.0                       0.1   -0.1      0.0
  SINCE SEP 1      0.0                       0.1   -0.1      0.0
  SINCE JUL 1      0.0                       0.1   -0.1      0.0
  SNOW DEPTH       0

DEGREE DAYS
 HEATING
  YESTERDAY        3                        10     -7        9
  MONTH TO DATE   39                       128    -89       77
  SINCE SEP 1     39                       128    -89       77
  SINCE JUL 1     87                       192   -105       85

 COOLING
  YESTERDAY        0                         0      0        0
  MONTH TO DATE   17                         4     13       17
  SINCE SEP 1     17                         4     13       17
  SINCE JAN 1    285                       216     69      387
..................................................................


WIND (MPH)
  HIGHEST WIND SPEED    29   HIGHEST WIND DIRECTION    SE (140)
  HIGHEST GUST SPEED    41   HIGHEST GUST DIRECTION    SE (140)
  AVERAGE WIND SPEED     8.8



WEATHER CONDITIONS
 THE FOLLOWING WEATHER WAS RECORDED YESTERDAY.
  THUNDERSTORM
  LIGHT RAIN


RELATIVE HUMIDITY (PERCENT)
 HIGHEST    80          1100 PM
 LOWEST     21           100 PM
 AVERAGE    51

..........................................................


THE ELY AIRPORT NV CLIMATE NORMALS FOR TODAY
                         NORMAL    RECORD    YEAR
 MAXIMUM TEMPERATURE (F)   74        84      1958
 MINIMUM TEMPERATURE (F)   36        15      1968
                                             1895


SUNRISE AND SUNSET
SEPTEMBER 21 2014.....SUNRISE   626 AM PDT   SUNSET   638 PM PDT
SEPTEMBER 22 2014.....SUNRISE   627 AM PDT   SUNSET   636 PM PDT


-  INDICATES NEGATIVE NUMBERS.
R  INDICATES RECORD WAS SET OR TIED.
MM INDICATES DATA IS MISSING.
T  INDICATES TRACE AMOUNT.




$$
