000
CDUS45 KLKN 260928
CLIELY


CLIMATE REPORT
NATIONAL WEATHER SERVICE ELKO NV
126 AM PST MON JAN 26 2015


...................................

...THE ELY AIRPORT NV CLIMATE SUMMARY FOR JANUARY 25 2015...

CLIMATE NORMAL PERIOD 1981 TO 2010
CLIMATE RECORD PERIOD 1893 TO 2015


WEATHER ITEM   OBSERVED TIME   RECORD YEAR NORMAL DEPARTURE LAST
                VALUE   (LST)  VALUE       VALUE  FROM      YEAR
                                                  NORMAL
..................................................................
TEMPERATURE (F)
 YESTERDAY
  MAXIMUM         57    335 PM  68    1951  40     17       48
  MINIMUM         19    711 AM -27    1949  12      7       11
  AVERAGE         38                        26     12       30

PRECIPITATION (IN)
  YESTERDAY        0.00          0.53 2000   0.03  -0.03     0.00
  MONTH TO DATE    0.23                      0.57  -0.34     0.04
  SINCE OCT 1      1.40                      2.86  -1.46     2.72
  SINCE JAN 1      0.23                      0.57  -0.34     0.04

SNOWFALL (IN)
  YESTERDAY        0.0           5.2  1979   0.3   -0.3      0.0
  MONTH TO DATE    0.8                       7.4   -6.6      1.2
  SINCE DEC 1      6.7                      15.8   -9.1     14.1
  SINCE JUL 1      7.4                      25.3  -17.9     27.0
  SNOW DEPTH       0

DEGREE DAYS
 HEATING
  YESTERDAY       27                        39    -12       35
  MONTH TO DATE  807                       996   -189      840
  SINCE DEC 1   1877                      2228   -351     2164
  SINCE JUL 1   3324                      4096   -772     3929

 COOLING
  YESTERDAY        0                         0      0        0
  MONTH TO DATE    0                         0      0        0
  SINCE DEC 1      0                         0      0        0
  SINCE JAN 1      0                         0      0        0
..................................................................


WIND (MPH)
  HIGHEST WIND SPEED    20   HIGHEST WIND DIRECTION     N (10)
  HIGHEST GUST SPEED    24   HIGHEST GUST DIRECTION     N (20)
  AVERAGE WIND SPEED     7.5



WEATHER CONDITIONS
 THE FOLLOWING WEATHER WAS RECORDED YESTERDAY.
  NO SIGNIFICANT WEATHER WAS OBSERVED.


RELATIVE HUMIDITY (PERCENT)
 HIGHEST    92           200 AM
 LOWEST     36           300 PM
 AVERAGE    64

..........................................................


THE ELY AIRPORT NV CLIMATE NORMALS FOR TODAY
                         NORMAL    RECORD    YEAR
 MAXIMUM TEMPERATURE (F)   40        58      1987
                                             1893
 MINIMUM TEMPERATURE (F)   12       -25      1949


SUNRISE AND SUNSET
JANUARY 26 2015.......SUNRISE   651 AM PST   SUNSET   453 PM PST
JANUARY 27 2015.......SUNRISE   651 AM PST   SUNSET   454 PM PST


-  INDICATES NEGATIVE NUMBERS.
R  INDICATES RECORD WAS SET OR TIED.
MM INDICATES DATA IS MISSING.
T  INDICATES TRACE AMOUNT.




$$
