000
CDUS45 KLKN 270931
CLIELY


CLIMATE REPORT
NATIONAL WEATHER SERVICE ELKO NV
227 AM PDT THU APR 27 2017


...................................

...THE ELY AIRPORT NV CLIMATE SUMMARY FOR APRIL 26 2017...

CLIMATE NORMAL PERIOD 1981 TO 2010
CLIMATE RECORD PERIOD 1893 TO 2017


WEATHER ITEM   OBSERVED TIME   RECORD YEAR NORMAL DEPARTURE LAST
                VALUE   (LST)  VALUE       VALUE  FROM      YEAR
                                                  NORMAL
..................................................................
TEMPERATURE (F)
 YESTERDAY
  MAXIMUM         57    159 PM  80    1992  61     -4       51
  MINIMUM         29    323 AM   8    1975  29      0       32
  AVERAGE         43                        45     -2       42

PRECIPITATION (IN)
  YESTERDAY        0.10          0.90 1900   0.04   0.06     0.07
  MONTH TO DATE    1.01                      0.81   0.20     1.30
  SINCE OCT 1      7.65                      5.48   2.17    10.40
  SINCE JAN 1      5.87                      3.19   2.68     6.04

SNOWFALL (IN)
  YESTERDAY        0.0           9.0  1900   0.1   -0.1      0.6
  MONTH TO DATE    1.4                       4.6   -3.2      4.5
  SINCE MAR 1     17.2                      12.9    4.3     20.7
  SINCE JUL 1     66.8                      47.8   19.0    100.0
  SNOW DEPTH       0

DEGREE DAYS
 HEATING
  YESTERDAY       22                        20      2       23
  MONTH TO DATE  569                       600    -31      517
  SINCE MAR 1   1309                      1490   -181     1318
  SINCE JUL 1   6270                      6827   -557     6692

 COOLING
  YESTERDAY        0                         0      0        0
  MONTH TO DATE    0                         0      0        0
  SINCE MAR 1      0                         0      0        0
  SINCE JAN 1      0                         0      0        0
..................................................................


WIND (MPH)
  HIGHEST WIND SPEED    33   HIGHEST WIND DIRECTION     W (270)
  HIGHEST GUST SPEED    41   HIGHEST GUST DIRECTION     W (270)
  AVERAGE WIND SPEED     9.1



WEATHER CONDITIONS
 THE FOLLOWING WEATHER WAS RECORDED YESTERDAY.
  RAIN
  LIGHT RAIN
  FOG


RELATIVE HUMIDITY (PERCENT)
 HIGHEST    92          1100 PM
 LOWEST     38          1100 AM
 AVERAGE    65

..........................................................


THE ELY AIRPORT NV CLIMATE NORMALS FOR TODAY
                         NORMAL    RECORD    YEAR
 MAXIMUM TEMPERATURE (F)   61        80      1992
 MINIMUM TEMPERATURE (F)   30        10      1966


SUNRISE AND SUNSET
APRIL 27 2017.........SUNRISE   545 AM PDT   SUNSET   729 PM PDT
APRIL 28 2017.........SUNRISE   544 AM PDT   SUNSET   730 PM PDT


-  INDICATES NEGATIVE NUMBERS.
R  INDICATES RECORD WAS SET OR TIED.
MM INDICATES DATA IS MISSING.
T  INDICATES TRACE AMOUNT.




$$
