186
CDUS45 KLKN 230930
CLIELY


CLIMATE REPORT
NATIONAL WEATHER SERVICE ELKO NV
226 AM PDT FRI JUN 23 2017


...................................

...THE ELY AIRPORT NV CLIMATE SUMMARY FOR JUNE 22 2017...

CLIMATE NORMAL PERIOD 1981 TO 2010
CLIMATE RECORD PERIOD 1893 TO 2017


WEATHER ITEM   OBSERVED TIME   RECORD YEAR NORMAL DEPARTURE LAST
                VALUE   (LST)  VALUE       VALUE  FROM      YEAR
                                                  NORMAL
..................................................................
TEMPERATURE (F)
 YESTERDAY
  MAXIMUM         92    222 PM  99    1954  82     10       93
  MINIMUM         51    447 AM  29    1944  43      8       44
  AVERAGE         72                        62     10       69

PRECIPITATION (IN)
  YESTERDAY        0.00          0.50 1945   0.01  -0.01     0.00
  MONTH TO DATE    0.02                      0.56  -0.54     1.54
  SINCE OCT 1      7.97                      7.28   0.69    12.86
  SINCE JAN 1      6.19                      4.99   1.20     8.50

SNOWFALL (IN)
  YESTERDAY        0.0           0.0  1893   0.0    0.0      0.0
  MONTH TO DATE    T                         0.1   -0.1      0.0
  SINCE JUN 1      T                         0.1   -0.1      0.0
  SINCE JUL 1     68.0                      50.8   17.2    100.4
  SNOW DEPTH       0

DEGREE DAYS
 HEATING
  YESTERDAY        0                         4     -4        0
  MONTH TO DATE   68                       154    -86       58
  SINCE JUN 1     68                       154    -86       58
  SINCE JUL 1   6857                      7501   -644     7319

 COOLING
  YESTERDAY        7                         1      6        4
  MONTH TO DATE   47                        10     37       30
  SINCE JUN 1     47                        10     37       30
  SINCE JAN 1     47                        11     36       30
..................................................................


WIND (MPH)
  HIGHEST WIND SPEED    22   HIGHEST WIND DIRECTION    NW (310)
  HIGHEST GUST SPEED    32   HIGHEST GUST DIRECTION    NW (320)
  AVERAGE WIND SPEED    10.2



WEATHER CONDITIONS
 THE FOLLOWING WEATHER WAS RECORDED YESTERDAY.
  NO SIGNIFICANT WEATHER WAS OBSERVED.


RELATIVE HUMIDITY (PERCENT)
 HIGHEST    59           500 AM
 LOWEST     13           300 PM
 AVERAGE    36

..........................................................


THE ELY AIRPORT NV CLIMATE NORMALS FOR TODAY
                         NORMAL    RECORD    YEAR
 MAXIMUM TEMPERATURE (F)   82        96      1954
 MINIMUM TEMPERATURE (F)   43        30      1976


SUNRISE AND SUNSET
JUNE 23 2017..........SUNRISE   514 AM PDT   SUNSET   810 PM PDT
JUNE 24 2017..........SUNRISE   514 AM PDT   SUNSET   810 PM PDT


-  INDICATES NEGATIVE NUMBERS.
R  INDICATES RECORD WAS SET OR TIED.
MM INDICATES DATA IS MISSING.
T  INDICATES TRACE AMOUNT.




$$
