000
CDUS45 KLKN 250931
CLIELY


CLIMATE REPORT
NATIONAL WEATHER SERVICE ELKO NV
227 AM PDT MON MAY 25 2015


...................................

...THE ELY AIRPORT NV CLIMATE SUMMARY FOR MAY 24 2015...

CLIMATE NORMAL PERIOD 1981 TO 2010
CLIMATE RECORD PERIOD 1893 TO 2015


WEATHER ITEM   OBSERVED TIME   RECORD YEAR NORMAL DEPARTURE LAST
                VALUE   (LST)  VALUE       VALUE  FROM      YEAR
                                                  NORMAL
..................................................................
TEMPERATURE (F)
 YESTERDAY
  MAXIMUM         63    322 PM  87    2001  71     -8       74
  MINIMUM         39   1159 PM  20    1978  35      4       38
  AVERAGE         51                        53     -2       56

PRECIPITATION (IN)
  YESTERDAY        0.02          0.76 1995   0.04  -0.02      T
  MONTH TO DATE    1.52                      0.86   0.66     0.96
  SINCE OCT 1      4.24                      6.48  -2.24     6.85
  SINCE JAN 1      3.07                      4.19  -1.12     4.17

SNOWFALL (IN)
  YESTERDAY        0.0           4.2  1980   0.1   -0.1      0.0
  MONTH TO DATE    T                         2.2   -2.2      1.7
  SINCE MAR 1      8.7                      15.7   -7.0     12.7
  SINCE JUL 1     19.7                      50.6  -30.9     51.8
  SNOW DEPTH       0

DEGREE DAYS
 HEATING
  YESTERDAY       14                        12      2        9
  MONTH TO DATE  388                       365     23      365
  SINCE MAR 1   1743                      1931   -188     1828
  SINCE JUL 1   5987                      7268  -1281     6847

 COOLING
  YESTERDAY        0                         0      0        0
  MONTH TO DATE    0                         0      0        0
  SINCE MAR 1      0                         0      0        0
  SINCE JAN 1      0                         0      0        0
..................................................................


WIND (MPH)
  HIGHEST WIND SPEED    33   HIGHEST WIND DIRECTION    NW (310)
  HIGHEST GUST SPEED    40   HIGHEST GUST DIRECTION    NE (30)
  AVERAGE WIND SPEED     6.5



WEATHER CONDITIONS
 THE FOLLOWING WEATHER WAS RECORDED YESTERDAY.
  THUNDERSTORM
  LIGHT RAIN


RELATIVE HUMIDITY (PERCENT)
 HIGHEST   100          1200 AM
 LOWEST     47           200 PM
 AVERAGE    74

..........................................................


THE ELY AIRPORT NV CLIMATE NORMALS FOR TODAY
                         NORMAL    RECORD    YEAR
 MAXIMUM TEMPERATURE (F)   71        88      2001
 MINIMUM TEMPERATURE (F)   35        22      1899


SUNRISE AND SUNSET
MAY 25 2015...........SUNRISE   518 AM PDT   SUNSET   755 PM PDT
MAY 26 2015...........SUNRISE   518 AM PDT   SUNSET   755 PM PDT


-  INDICATES NEGATIVE NUMBERS.
R  INDICATES RECORD WAS SET OR TIED.
MM INDICATES DATA IS MISSING.
T  INDICATES TRACE AMOUNT.




$$
