000
CDUS45 KLKN 050928
CLIELY


CLIMATE REPORT
NATIONAL WEATHER SERVICE ELKO NV
127 AM PST THU MAR 5 2015


...................................

...THE ELY AIRPORT NV CLIMATE SUMMARY FOR MARCH 4 2015...

CLIMATE NORMAL PERIOD 1981 TO 2010
CLIMATE RECORD PERIOD 1893 TO 2015


WEATHER ITEM   OBSERVED TIME   RECORD YEAR NORMAL DEPARTURE LAST
                VALUE   (LST)  VALUE       VALUE  FROM      YEAR
                                                  NORMAL
..................................................................
TEMPERATURE (F)
 YESTERDAY
  MAXIMUM         39    332 PM  65    1950  47     -8       49
  MINIMUM          2    546 AM -12    1896  20    -18       26
  AVERAGE         21                        34    -13       38

PRECIPITATION (IN)
  YESTERDAY        0.00          0.90 1894   0.03  -0.03      T
  MONTH TO DATE    0.36                      0.12   0.24     0.02
  SINCE OCT 1      2.05                      3.86  -1.81     4.43
  SINCE JAN 1      0.88                      1.57  -0.69     1.75

SNOWFALL (IN)
  YESTERDAY        0.0           9.0  1894   0.2   -0.2      0.0
  MONTH TO DATE    5.0                       1.1    3.9      0.6
  SINCE MAR 1      5.0                       1.1    3.9      0.6
  SINCE JUL 1     16.0                      36.0  -20.0     39.7
  SNOW DEPTH       2

DEGREE DAYS
 HEATING
  YESTERDAY       44                        31     13       27
  MONTH TO DATE  160                       127     33      107
  SINCE MAR 1    160                       127     33      107
  SINCE JUL 1   4404                      5464  -1060     5126

 COOLING
  YESTERDAY        0                         0      0        0
  MONTH TO DATE    0                         0      0        0
  SINCE MAR 1      0                         0      0        0
  SINCE JAN 1      0                         0      0        0
..................................................................


WIND (MPH)
  HIGHEST WIND SPEED    15   HIGHEST WIND DIRECTION     N (20)
  HIGHEST GUST SPEED    20   HIGHEST GUST DIRECTION    NE (30)
  AVERAGE WIND SPEED     8.0



WEATHER CONDITIONS
 THE FOLLOWING WEATHER WAS RECORDED YESTERDAY.
  NO SIGNIFICANT WEATHER WAS OBSERVED.


RELATIVE HUMIDITY (PERCENT)
 HIGHEST    91          1200 AM
 LOWEST     35           100 PM
 AVERAGE    63

..........................................................


THE ELY AIRPORT NV CLIMATE NORMALS FOR TODAY
                         NORMAL    RECORD    YEAR
 MAXIMUM TEMPERATURE (F)   47        67      1972
 MINIMUM TEMPERATURE (F)   21       -11      1945
                                             1894


SUNRISE AND SUNSET
MARCH  5 2015.........SUNRISE   606 AM PST   SUNSET   536 PM PST
MARCH  6 2015.........SUNRISE   605 AM PST   SUNSET   537 PM PST


-  INDICATES NEGATIVE NUMBERS.
R  INDICATES RECORD WAS SET OR TIED.
MM INDICATES DATA IS MISSING.
T  INDICATES TRACE AMOUNT.




$$
