000
CDUS45 KLKN 190928
CLIELY


CLIMATE REPORT
NATIONAL WEATHER SERVICE ELKO NV
127 AM PST FRI JAN 19 2018


...................................

...THE ELY AIRPORT NV CLIMATE SUMMARY FOR JANUARY 18 2018...

CLIMATE NORMAL PERIOD 1981 TO 2010
CLIMATE RECORD PERIOD 1893 TO 2018


WEATHER ITEM   OBSERVED TIME   RECORD YEAR NORMAL DEPARTURE LAST
                VALUE   (LST)  VALUE       VALUE  FROM      YEAR
                                                  NORMAL
..................................................................
TEMPERATURE (F)
 YESTERDAY
  MAXIMUM         57    236 PM  61    1994  40     17       42
  MINIMUM         23    516 AM -16    1984  11     12        6
  AVERAGE         40                        25     15       24

PRECIPITATION (IN)
  YESTERDAY        0.00          0.60 1895   0.02  -0.02     0.09
  MONTH TO DATE    0.06                      0.42  -0.36     0.86
  SINCE OCT 1      0.64                      2.71  -2.07     2.64
  SINCE JAN 1      0.06                      0.42  -0.36     0.86

SNOWFALL (IN)
  YESTERDAY        0.0           6.0  1895   0.3   -0.3       T
  MONTH TO DATE    T                         5.6   -5.6     10.7
  SINCE DEC 1      1.5                      14.0  -12.5     19.8
  SINCE JUL 1      6.5                      23.5  -17.0     25.7
  SNOW DEPTH       0

DEGREE DAYS
 HEATING
  YESTERDAY       25                        40    -15       41
  MONTH TO DATE  537                       720   -183      744
  SINCE DEC 1   1622                      1952   -330     1971
  SINCE JUL 1   3266                      3820   -554     3524

 COOLING
  YESTERDAY        0                         0      0        0
  MONTH TO DATE    0                         0      0        0
  SINCE DEC 1      0                         0      0        0
  SINCE JAN 1      0                         0      0        0
..................................................................


WIND (MPH)
  HIGHEST WIND SPEED    28   HIGHEST WIND DIRECTION    SE (150)
  HIGHEST GUST SPEED    35   HIGHEST GUST DIRECTION    SE (140)
  AVERAGE WIND SPEED    11.9



WEATHER CONDITIONS
 THE FOLLOWING WEATHER WAS RECORDED YESTERDAY.
  NO SIGNIFICANT WEATHER WAS OBSERVED.


RELATIVE HUMIDITY (PERCENT)
 HIGHEST    88           500 AM
 LOWEST     30           100 PM
 AVERAGE    59

..........................................................


THE ELY AIRPORT NV CLIMATE NORMALS FOR TODAY
                         NORMAL    RECORD    YEAR
 MAXIMUM TEMPERATURE (F)   40        61      1994
 MINIMUM TEMPERATURE (F)   11       -14      1988


SUNRISE AND SUNSET
JANUARY 19 2018.......SUNRISE   656 AM PST   SUNSET   445 PM PST
JANUARY 20 2018.......SUNRISE   655 AM PST   SUNSET   446 PM PST


-  INDICATES NEGATIVE NUMBERS.
R  INDICATES RECORD WAS SET OR TIED.
MM INDICATES DATA IS MISSING.
T  INDICATES TRACE AMOUNT.




$$
