000
CDUS45 KLKN 230930
CLIELY


CLIMATE REPORT
NATIONAL WEATHER SERVICE ELKO NV
228 AM PDT SAT AUG 23 2014


...................................

...THE ELY AIRPORT NV CLIMATE SUMMARY FOR AUGUST 22 2014...

CLIMATE NORMAL PERIOD 1981 TO 2010
CLIMATE RECORD PERIOD 1893 TO 2014


WEATHER ITEM   OBSERVED TIME   RECORD YEAR NORMAL DEPARTURE LAST
                VALUE   (LST)  VALUE       VALUE  FROM      YEAR
                                                  NORMAL
..................................................................
TEMPERATURE (F)
 YESTERDAY
  MAXIMUM         77   1225 PM  92    2007  84     -7       86
  MINIMUM         53    259 PM  32    1959  46      7       50
                                      1899
  AVERAGE         65                        65      0       68

PRECIPITATION (IN)
  YESTERDAY        0.56R         0.49 1995   0.02   0.54     0.04
  MONTH TO DATE    2.37                      0.66   1.71     0.40
  SINCE OCT 1      9.83                      8.69   1.14     6.86
  SINCE JAN 1      7.15                      6.40   0.75     3.76

SNOWFALL (IN)
  YESTERDAY        0.0           0.0  1893   0.0    0.0      0.0
  MONTH TO DATE    0.0                       0.0    0.0      0.0
  SINCE JUN 1      T                         0.1   -0.1      0.0
  SINCE JUL 1      0.0                       0.0    0.0      0.0
  SNOW DEPTH       0

DEGREE DAYS
 HEATING
  YESTERDAY        0                         2     -2        0
  MONTH TO DATE   11                        19     -8        3
  SINCE JUN 1    151                       217    -66      103
  SINCE JUL 1     11                        42    -31        8

 COOLING
  YESTERDAY        0                         2     -2        3
  MONTH TO DATE   34                        65    -31       73
  SINCE JUN 1    259                       199     60      341
  SINCE JAN 1    261                       200     61      341
..................................................................


WIND (MPH)
  HIGHEST WIND SPEED    28   HIGHEST WIND DIRECTION     S (200)
  HIGHEST GUST SPEED    47   HIGHEST GUST DIRECTION     S (200)
  AVERAGE WIND SPEED    11.8



WEATHER CONDITIONS
 THE FOLLOWING WEATHER WAS RECORDED YESTERDAY.
  THUNDERSTORM
  RAIN
  LIGHT RAIN
  FOG


RELATIVE HUMIDITY (PERCENT)
 HIGHEST    93          1100 PM
 LOWEST     27           100 PM
 AVERAGE    60

..........................................................


THE ELY AIRPORT NV CLIMATE NORMALS FOR TODAY
                         NORMAL    RECORD    YEAR
 MAXIMUM TEMPERATURE (F)   84        93      2011
 MINIMUM TEMPERATURE (F)   46        24      1960


SUNRISE AND SUNSET
AUGUST 23 2014........SUNRISE   600 AM PDT   SUNSET   724 PM PDT
AUGUST 24 2014........SUNRISE   601 AM PDT   SUNSET   722 PM PDT


-  INDICATES NEGATIVE NUMBERS.
R  INDICATES RECORD WAS SET OR TIED.
MM INDICATES DATA IS MISSING.
T  INDICATES TRACE AMOUNT.




$$
