000
CDUS43 KTOP 122132
CLIEMP


CLIMATE REPORT
NATIONAL WEATHER SERVICE TOPEKA KS
431 PM CDT SAT JUL 12 2014


...................................

...THE EMPORIA KS CLIMATE SUMMARY FOR JULY 12 2014...
VALID TODAY AS OF 0400 PM LOCAL TIME.

CLIMATE NORMAL PERIOD 1981 TO 2010
CLIMATE RECORD PERIOD 9999 TO 9999


WEATHER ITEM   OBSERVED NORMAL DEPARTURE LAST
                VALUE   VALUE  FROM      YEAR
                               NORMAL
...............................................
TEMPERATURE (F)
 TODAY
  MAXIMUM         93     90      3       98
  MINIMUM         69     68      1       68
  AVERAGE         81     79      2       83

PRECIPITATION (IN)
  TODAY            0.00   0.18  -0.18     0.00
  MONTH TO DATE    0.50   2.04  -1.54     0.17
  SINCE JUN 1      7.39   7.88  -0.49     1.58
  SINCE JAN 1     13.00  20.56  -7.56    14.15

DEGREE DAYS
 HEATING
  TODAY            0      0      0        0
  MONTH TO DATE    1      0      1        0
  SINCE JUN 1      5      8     -3       12
  SINCE JUL 1      1      0      1        0

 COOLING
  TODAY           16     14      2       18
  MONTH TO DATE  122    158    -36      159
  SINCE JUN 1    394    421    -27      458
  SINCE JAN 1    570    540     30      574
...............................................


WIND (MPH)
  HIGHEST WIND SPEED    23   HIGHEST WIND DIRECTION    SW (210)
  HIGHEST GUST SPEED    29   HIGHEST GUST DIRECTION    SW (210)
  AVERAGE WIND SPEED    14.0



WEATHER CONDITIONS
 THE FOLLOWING WEATHER WAS RECORDED TODAY.
  NO SIGNIFICANT WEATHER WAS OBSERVED.


RELATIVE HUMIDITY (PERCENT)
 HIGHEST    90
 LOWEST     41
 AVERAGE    66

..........................................................


THE EMPORIA KS CLIMATE NORMALS FOR TOMORROW
                         NORMAL
 MAXIMUM TEMPERATURE (F)   90
 MINIMUM TEMPERATURE (F)   68


SUNRISE AND SUNSET
JULY 12 2014..........SUNRISE   611 AM CDT   SUNSET   849 PM CDT
JULY 13 2014..........SUNRISE   612 AM CDT   SUNSET   849 PM CDT


-  INDICATES NEGATIVE NUMBERS.
R  INDICATES RECORD WAS SET OR TIED.
MM INDICATES DATA IS MISSING.
T  INDICATES TRACE AMOUNT.




$$
