000
CDUS43 KTOP 230635
CLIEMP


CLIMATE REPORT
NATIONAL WEATHER SERVICE TOPEKA KS
135 AM CDT SAT MAY 23 2015


...................................

...THE EMPORIA KS CLIMATE SUMMARY FOR MAY 22 2015...

CLIMATE NORMAL PERIOD 1981 TO 2010
CLIMATE RECORD PERIOD 9999 TO 9999


WEATHER ITEM   OBSERVED NORMAL DEPARTURE LAST
                VALUE   VALUE  FROM      YEAR
                               NORMAL
...............................................
TEMPERATURE (F)
 YESTERDAY
  MAXIMUM         63     78    -15       81
  MINIMUM         44     57    -13       63
  AVERAGE         54     67    -13       72

PRECIPITATION (IN)
  YESTERDAY        0.02   0.17  -0.15     0.06
  MONTH TO DATE    4.41   3.33   1.08     1.18
  SINCE MAR 1      9.30   9.24   0.06     3.24
  SINCE JAN 1     10.70  11.10  -0.40     3.73

DEGREE DAYS
 HEATING
  YESTERDAY       11      2      9        0
  MONTH TO DATE   95     71     24      113
  SINCE MAR 1    855    978   -123     1169
  SINCE JUL 1   4856   4800     56     5494

 COOLING
  YESTERDAY        0      4     -4        7
  MONTH TO DATE   42     53    -11       97
  SINCE MAR 1     48     76    -28      115
  SINCE JAN 1     48     76    -28      115
...............................................


WIND (MPH)
  HIGHEST WIND SPEED    18   HIGHEST WIND DIRECTION     S (170)
  HIGHEST GUST SPEED    26   HIGHEST GUST DIRECTION    SE (150)
  AVERAGE WIND SPEED     7.5


SKY COVER
  AVERAGE SKY COVER 0.6


WEATHER CONDITIONS
 THE FOLLOWING WEATHER WAS RECORDED YESTERDAY.
  LIGHT RAIN
  FOG


RELATIVE HUMIDITY (PERCENT)
 HIGHEST   100
 LOWEST     56
 AVERAGE    78

..........................................................


THE EMPORIA KS CLIMATE NORMALS FOR TODAY
                         NORMAL
 MAXIMUM TEMPERATURE (F)   78
 MINIMUM TEMPERATURE (F)   57


SUNRISE AND SUNSET
MAY 23 2015...........SUNRISE   608 AM CDT   SUNSET   836 PM CDT
MAY 24 2015...........SUNRISE   607 AM CDT   SUNSET   837 PM CDT


-  INDICATES NEGATIVE NUMBERS.
R  INDICATES RECORD WAS SET OR TIED.
MM INDICATES DATA IS MISSING.
T  INDICATES TRACE AMOUNT.




$$
