000
CDUS43 KTOP 242137
CLIEMP


CLIMATE REPORT
NATIONAL WEATHER SERVICE TOPEKA KS
437 PM CDT SUN SEP 24 2017


...................................

...THE EMPORIA KS CLIMATE SUMMARY FOR SEPTEMBER 24 2017...
VALID TODAY AS OF 430 PM LOCAL TIME.

CLIMATE NORMAL PERIOD 1981 TO 2010
CLIMATE RECORD PERIOD 9999 TO 9999


WEATHER ITEM   OBSERVED NORMAL DEPARTURE LAST
                VALUE   VALUE  FROM      YEAR
                               NORMAL
...............................................
TEMPERATURE (F)
 TODAY
  MAXIMUM         88     78     10       88
  MINIMUM         67     53     14       66
  AVERAGE         78     65     13       77

PRECIPITATION (IN)
  TODAY            0.00   0.12  -0.12     1.73
  MONTH TO DATE    1.94   2.77  -0.83     7.10
  SINCE SEP 1      1.94   2.77  -0.83     7.10
  SINCE JAN 1     28.39  29.38  -0.99    35.69

DEGREE DAYS
 HEATING
  TODAY            0      3     -3        0
  MONTH TO DATE    5     24    -19        0
  SINCE SEP 1      5     24    -19        0
  SINCE JUL 1      5     25    -20        0

 COOLING
  TODAY           13      3     10       12
  MONTH TO DATE  186    147     39      221
  SINCE SEP 1    186    147     39      221
  SINCE JAN 1   1276   1355    -79     1557
...............................................


WIND (MPH)
  HIGHEST WIND SPEED    21   HIGHEST WIND DIRECTION     S (170)
  HIGHEST GUST SPEED    26   HIGHEST GUST DIRECTION     S (170)
  AVERAGE WIND SPEED    11.6



WEATHER CONDITIONS
 THE FOLLOWING WEATHER WAS RECORDED TODAY.
  NO SIGNIFICANT WEATHER WAS OBSERVED.


RELATIVE HUMIDITY (PERCENT)
 HIGHEST    81
 LOWEST     46
 AVERAGE    64

..........................................................


THE EMPORIA KS CLIMATE NORMALS FOR TOMORROW
                         NORMAL
 MAXIMUM TEMPERATURE (F)   77
 MINIMUM TEMPERATURE (F)   53


SUNRISE AND SUNSET
SEPTEMBER 24 2017.....SUNRISE   715 AM CDT   SUNSET   718 PM CDT
SEPTEMBER 25 2017.....SUNRISE   715 AM CDT   SUNSET   717 PM CDT


-  INDICATES NEGATIVE NUMBERS.
R  INDICATES RECORD WAS SET OR TIED.
MM INDICATES DATA IS MISSING.
T  INDICATES TRACE AMOUNT.




$$
