000
CDUS43 KTOP 292142
CLIEMP


CLIMATE REPORT
NATIONAL WEATHER SERVICE TOPEKA KS
441 PM CDT SUN MAY 29 2016


...................................

...THE EMPORIA KS CLIMATE SUMMARY FOR MAY 29 2016...
VALID TODAY AS OF 430 PM LOCAL TIME.

CLIMATE NORMAL PERIOD 1981 TO 2010
CLIMATE RECORD PERIOD 9999 TO 9999


WEATHER ITEM   OBSERVED NORMAL DEPARTURE LAST
                VALUE   VALUE  FROM      YEAR
                               NORMAL
...............................................
TEMPERATURE (F)
 TODAY
  MAXIMUM         85     79      6       73
  MINIMUM         58     59     -1       62
  AVERAGE         72     69      3       68

PRECIPITATION (IN)
  TODAY            0.00   0.18  -0.18     1.00
  MONTH TO DATE    6.40   4.52   1.88     8.75
  SINCE MAR 1     14.55  10.43   4.12    13.64
  SINCE JAN 1     15.72  12.29   3.43    15.04

DEGREE DAYS
 HEATING
  TODAY            0      1     -1        0
  MONTH TO DATE  124     80     44      101
  SINCE MAR 1    789    987   -198      861
  SINCE JUL 1   3902   4809   -907     4862

 COOLING
  TODAY            7      5      2        3
  MONTH TO DATE   45     85    -40       62
  SINCE MAR 1     65    108    -43       68
  SINCE JAN 1     65    108    -43       68
...............................................


WIND (MPH)
  HIGHEST WIND SPEED     9   HIGHEST WIND DIRECTION     S (190)
  HIGHEST GUST SPEED    12   HIGHEST GUST DIRECTION     W (260)
  AVERAGE WIND SPEED     5.6



WEATHER CONDITIONS
 THE FOLLOWING WEATHER WAS RECORDED TODAY.
  NO SIGNIFICANT WEATHER WAS OBSERVED.


RELATIVE HUMIDITY (PERCENT)
 HIGHEST    93
 LOWEST     47
 AVERAGE    70

..........................................................


THE EMPORIA KS CLIMATE NORMALS FOR TOMORROW
                         NORMAL
 MAXIMUM TEMPERATURE (F)   80
 MINIMUM TEMPERATURE (F)   59


SUNRISE AND SUNSET
MAY 29 2016...........SUNRISE   604 AM CDT   SUNSET   841 PM CDT
MAY 30 2016...........SUNRISE   604 AM CDT   SUNSET   842 PM CDT


-  INDICATES NEGATIVE NUMBERS.
R  INDICATES RECORD WAS SET OR TIED.
MM INDICATES DATA IS MISSING.
T  INDICATES TRACE AMOUNT.




$$
