000
CDUS46 KOTX 260825
CLIEPH


CLIMATE REPORT
NATIONAL WEATHER SERVICE SPOKANE, WA
1225 AM PST SUN FEB 26 2017


...................................

...THE EPHRATA WA AIRPORT CLIMATE SUMMARY FOR FEBRUARY 25 2017...

CLIMATE NORMAL PERIOD 1981 TO 2010
CLIMATE RECORD PERIOD 9999 TO 9999


WEATHER ITEM   OBSERVED TIME   RECORD YEAR NORMAL DEPARTURE LAST
                VALUE   (LST)  VALUE       VALUE  FROM      YEAR
                                                  NORMAL
..................................................................
TEMPERATURE (F)
 YESTERDAY
  MAXIMUM         38    358 PM  62    1995  46     -8       55
  MINIMUM         16    705 AM  -1    1993  27    -11       30
  AVERAGE         27                        37    -10       43

PRECIPITATION (IN)
  YESTERDAY        0.00          0.49 1981   0.03  -0.03     0.00
  MONTH TO DATE    1.25                      0.66   0.59     0.38
  SINCE OCT 1      5.81                      4.40   1.41     4.74
  SINCE JAN 1      2.21                      1.57   0.64     2.02

SNOWFALL (IN)
  YESTERDAY       MM

DEGREE DAYS
 HEATING
  YESTERDAY       38                        28     10       22
  MONTH TO DATE  924                       781    143      647
  SINCE DEC 1   3555                      3070    485     2717
  SINCE JUL 1   4678                      4489    189     3873

 COOLING
  YESTERDAY        0                         0      0        0
  MONTH TO DATE    0                         0      0        0
  SINCE DEC 1      0                         0      0        0
  SINCE JAN 1      0                         0      0        0
..................................................................


WIND (MPH)
  HIGHEST WIND SPEED    14   HIGHEST WIND DIRECTION    NW (300)
  HIGHEST GUST SPEED    16   HIGHEST GUST DIRECTION    NW (300)
  AVERAGE WIND SPEED     6.3


SKY COVER
  POSSIBLE SUNSHINE  MM
  AVERAGE SKY COVER 0.2


WEATHER CONDITIONS
 THE FOLLOWING WEATHER WAS RECORDED YESTERDAY.
  NO SIGNIFICANT WEATHER WAS OBSERVED.


RELATIVE HUMIDITY (PERCENT)
 HIGHEST    74           700 AM
 LOWEST     52           300 PM
 AVERAGE    63

..........................................................


THE EPHRATA WA AIRPORT CLIMATE NORMALS FOR TODAY
                         NORMAL    RECORD    YEAR
 MAXIMUM TEMPERATURE (F)   47        61      1988
 MINIMUM TEMPERATURE (F)   28        -2      1993


SUNRISE AND SUNSET
FEBRUARY 26 2017......SUNRISE   643 AM PST   SUNSET   539 PM PST
FEBRUARY 27 2017......SUNRISE   641 AM PST   SUNSET   541 PM PST


-  INDICATES NEGATIVE NUMBERS.
R  INDICATES RECORD WAS SET OR TIED.
MM INDICATES DATA IS MISSING.
T  INDICATES TRACE AMOUNT.




$$
