000
CDUS46 KOTX 290826
CLIEPH


CLIMATE REPORT
NATIONAL WEATHER SERVICE SPOKANE, WA
126 AM PDT THU JUN 29 2017


...................................

...THE EPHRATA WA AIRPORT CLIMATE SUMMARY FOR JUNE 28 2017...

CLIMATE NORMAL PERIOD 1981 TO 2010
CLIMATE RECORD PERIOD 9999 TO 9999


WEATHER ITEM   OBSERVED TIME   RECORD YEAR NORMAL DEPARTURE LAST
                VALUE   (LST)  VALUE       VALUE  FROM      YEAR
                                                  NORMAL
..................................................................
TEMPERATURE (F)
 YESTERDAY
  MAXIMUM         86    609 PM 110    2015  83      3       95
  MINIMUM         62    425 AM  33    1976  56      6       70
  AVERAGE         74                        70      4       83

PRECIPITATION (IN)
  YESTERDAY        0.00          0.31 1952   0.01  -0.01     0.00
  MONTH TO DATE    0.24                      0.58  -0.34     1.27
  SINCE OCT 1      9.35                      6.87   2.48     8.69
  SINCE JAN 1      5.75                      4.04   1.71     5.97

SNOWFALL (IN)
  YESTERDAY       MM

DEGREE DAYS
 HEATING
  YESTERDAY        0                         1     -1        0
  MONTH TO DATE   43                        57    -14       70
  SINCE JUN 1     43                        57    -14       70
  SINCE JUL 1   6141                      5966    175     4932

 COOLING
  YESTERDAY        9                         6      3       18
  MONTH TO DATE  139                        98     41      144
  SINCE JUN 1    139                        98     41      144
  SINCE JAN 1    197                       135     62      176
..................................................................


WIND (MPH)
  HIGHEST WIND SPEED    31   HIGHEST WIND DIRECTION     N (20)
  HIGHEST GUST SPEED    36   HIGHEST GUST DIRECTION    NE (40)
  AVERAGE WIND SPEED    10.9


SKY COVER
  POSSIBLE SUNSHINE  MM
  AVERAGE SKY COVER 0.1


WEATHER CONDITIONS
 THE FOLLOWING WEATHER WAS RECORDED YESTERDAY.
  NO SIGNIFICANT WEATHER WAS OBSERVED.


RELATIVE HUMIDITY (PERCENT)
 HIGHEST    40          1000 PM
 LOWEST     15           300 PM
 AVERAGE    28

..........................................................


THE EPHRATA WA AIRPORT CLIMATE NORMALS FOR TODAY
                         NORMAL    RECORD    YEAR
 MAXIMUM TEMPERATURE (F)   84       103      2008
 MINIMUM TEMPERATURE (F)   57        46      1971


SUNRISE AND SUNSET
JUNE 29 2017..........SUNRISE   505 AM PDT   SUNSET   858 PM PDT
JUNE 30 2017..........SUNRISE   505 AM PDT   SUNSET   858 PM PDT


-  INDICATES NEGATIVE NUMBERS.
R  INDICATES RECORD WAS SET OR TIED.
MM INDICATES DATA IS MISSING.
T  INDICATES TRACE AMOUNT.




$$
