000
CDUS46 KOTX 190832
CLIEPH


CLIMATE REPORT
NATIONAL WEATHER SERVICE SPOKANE, WA
1231 AM PST MON FEB 19 2018


...................................

...THE EPHRATA WA AIRPORT CLIMATE SUMMARY FOR FEBRUARY 18 2018...

CLIMATE NORMAL PERIOD 1981 TO 2010
CLIMATE RECORD PERIOD 9999 TO 9999


WEATHER ITEM   OBSERVED TIME   RECORD YEAR NORMAL DEPARTURE LAST
                VALUE   (LST)  VALUE       VALUE  FROM      YEAR
                                                  NORMAL
..................................................................
TEMPERATURE (F)
 YESTERDAY
  MAXIMUM         34    150 AM  59    1977  43     -9       38
  MINIMUM         23   1159 PM   0    1956  26     -3       34
  AVERAGE         29                        35     -6       36

PRECIPITATION (IN)
  YESTERDAY        T             0.90 1989   0.02  -0.02     0.05
  MONTH TO DATE    0.32                      0.46  -0.14     1.00
  SINCE OCT 1      4.31                      4.20   0.11     5.56
  SINCE JAN 1      1.73                      1.37   0.36     1.96

SNOWFALL (IN)
  YESTERDAY       MM

DEGREE DAYS
 HEATING
  YESTERDAY       36                        30      6       29
  MONTH TO DATE  475                       577   -102      696
  SINCE DEC 1   2493                      2866   -373     3327
  SINCE JUL 1   3873                      4285   -412     4450

 COOLING
  YESTERDAY        0                         0      0        0
  MONTH TO DATE    0                         0      0        0
  SINCE DEC 1      0                         0      0        0
  SINCE JAN 1      0                         0      0        0
..................................................................


WIND (MPH)
  HIGHEST WIND SPEED    29   HIGHEST WIND DIRECTION     N (10)
  HIGHEST GUST SPEED    34   HIGHEST GUST DIRECTION     N (20)
  AVERAGE WIND SPEED    16.7


SKY COVER
  POSSIBLE SUNSHINE  MM
  AVERAGE SKY COVER 0.5


WEATHER CONDITIONS
 THE FOLLOWING WEATHER WAS RECORDED YESTERDAY.
  LIGHT SNOW


RELATIVE HUMIDITY (PERCENT)
 HIGHEST    75           100 AM
 LOWEST     46          1100 PM
 AVERAGE    61

..........................................................


THE EPHRATA WA AIRPORT CLIMATE NORMALS FOR TODAY
                         NORMAL    RECORD    YEAR
 MAXIMUM TEMPERATURE (F)   44        61      1991
 MINIMUM TEMPERATURE (F)   26         7      1986


SUNRISE AND SUNSET
FEBRUARY 19 2018......SUNRISE   656 AM PST   SUNSET   528 PM PST
FEBRUARY 20 2018......SUNRISE   654 AM PST   SUNSET   530 PM PST


-  INDICATES NEGATIVE NUMBERS.
R  INDICATES RECORD WAS SET OR TIED.
MM INDICATES DATA IS MISSING.
T  INDICATES TRACE AMOUNT.




$$
