000
CDUS46 KOTX 010837
CLIEPH


CLIMATE REPORT
NATIONAL WEATHER SERVICE SPOKANE, WA
137 AM PDT WED JUL 1 2015


...................................

...THE EPHRATA WA AIRPORT CLIMATE SUMMARY FOR JUNE 30 2015...

CLIMATE NORMAL PERIOD 1981 TO 2010
CLIMATE RECORD PERIOD 9999 TO 9999


WEATHER ITEM   OBSERVED TIME   RECORD YEAR NORMAL DEPARTURE LAST
                VALUE   (LST)  VALUE       VALUE  FROM      YEAR
                                                  NORMAL
..................................................................
TEMPERATURE (F)
 YESTERDAY
  MAXIMUM         99    349 PM 102    2008  84     15       83
                                      1987
  MINIMUM         74    411 AM  42    1984  57     17       58
  AVERAGE         87                        70     17       71

PRECIPITATION (IN)
  YESTERDAY        0.00          0.13 1954   0.01  -0.01     0.00
  MONTH TO DATE    T                         0.61  -0.61     0.26
  SINCE OCT 1      6.85                      6.90  -0.05     3.81
  SINCE JAN 1      4.06                      4.07  -0.01     3.06

SNOWFALL (IN)
  YESTERDAY       MM

DEGREE DAYS
 HEATING
  YESTERDAY        0                         1     -1        0
  MONTH TO DATE    4                        59    -55       23
  SINCE JUN 1      4                        60    -56       23
  SINCE JUL 1   4682                      5969  -1287     5758

 COOLING
  YESTERDAY       22                         6     16        6
  MONTH TO DATE  373                       110    263      146
  SINCE JUN 1    373                       110    263      146
  SINCE JAN 1    458                       147    311      190
..................................................................


WIND (MPH)
  HIGHEST WIND SPEED    25   HIGHEST WIND DIRECTION    NW (310)
  HIGHEST GUST SPEED    32   HIGHEST GUST DIRECTION    NW (310)
  AVERAGE WIND SPEED     9.9


SKY COVER
  POSSIBLE SUNSHINE  MM
  AVERAGE SKY COVER 0.0


WEATHER CONDITIONS
 THE FOLLOWING WEATHER WAS RECORDED YESTERDAY.
  NO SIGNIFICANT WEATHER WAS OBSERVED.


RELATIVE HUMIDITY (PERCENT)
 HIGHEST    49           400 AM
 LOWEST     20           400 PM
 AVERAGE    35

..........................................................


THE EPHRATA WA AIRPORT CLIMATE NORMALS FOR TODAY
                         NORMAL    RECORD    YEAR
 MAXIMUM TEMPERATURE (F)   84       105      2013
 MINIMUM TEMPERATURE (F)   57        46      1955


SUNRISE AND SUNSET
JULY  1 2015..........SUNRISE   506 AM PDT   SUNSET   858 PM PDT
JULY  2 2015..........SUNRISE   506 AM PDT   SUNSET   858 PM PDT


-  INDICATES NEGATIVE NUMBERS.
R  INDICATES RECORD WAS SET OR TIED.
MM INDICATES DATA IS MISSING.
T  INDICATES TRACE AMOUNT.




$$
