000
CDUS46 KOTX 230823
CLIEPH


CLIMATE REPORT
NATIONAL WEATHER SERVICE SPOKANE, WA
122 AM PDT SAT JUL 23 2016


...................................

...THE EPHRATA WA AIRPORT CLIMATE SUMMARY FOR JULY 22 2016...

CLIMATE NORMAL PERIOD 1981 TO 2010
CLIMATE RECORD PERIOD 9999 TO 9999


WEATHER ITEM   OBSERVED TIME   RECORD YEAR NORMAL DEPARTURE LAST
                VALUE   (LST)  VALUE       VALUE  FROM      YEAR
                                                  NORMAL
..................................................................
TEMPERATURE (F)
 YESTERDAY
  MAXIMUM         83   1143 AM 106    2006  90     -7       83
                                      1994
  MINIMUM         62    551 AM  49    1973  62      0       61
  AVERAGE         73                        76     -3       72

PRECIPITATION (IN)
  YESTERDAY        0.07R         0.07 2005   0.01   0.06     0.00
  MONTH TO DATE    0.28                      0.29  -0.01     0.01
  SINCE OCT 1      8.97                      7.19   1.78     6.86
  SINCE JAN 1      6.25                      4.36   1.89     4.07

SNOWFALL (IN)
  YESTERDAY       MM

DEGREE DAYS
 HEATING
  YESTERDAY        0                         0      0        0
  MONTH TO DATE    0                         4     -4        0
  SINCE JUN 1     70                        64      6        4
  SINCE JUL 1      0                         4     -4        0

 COOLING
  YESTERDAY        8                        11     -3        7
  MONTH TO DATE  121                       195    -74      377
  SINCE JUN 1    296                       305     -9      750
  SINCE JAN 1    328                       342    -14      835
..................................................................


WIND (MPH)
  HIGHEST WIND SPEED    28   HIGHEST WIND DIRECTION    NW (330)
  HIGHEST GUST SPEED    35   HIGHEST GUST DIRECTION    NW (330)
  AVERAGE WIND SPEED    11.1


SKY COVER
  POSSIBLE SUNSHINE  MM
  AVERAGE SKY COVER 0.6


WEATHER CONDITIONS
 THE FOLLOWING WEATHER WAS RECORDED YESTERDAY.
  THUNDERSTORM
  RAIN
  LIGHT RAIN
  FOG


RELATIVE HUMIDITY (PERCENT)
 HIGHEST    78           800 AM
 LOWEST     30           500 PM
 AVERAGE    54

..........................................................


THE EPHRATA WA AIRPORT CLIMATE NORMALS FOR TODAY
                         NORMAL    RECORD    YEAR
 MAXIMUM TEMPERATURE (F)   90       107      2006
 MINIMUM TEMPERATURE (F)   62        51      1963


SUNRISE AND SUNSET
JULY 23 2016..........SUNRISE   526 AM PDT   SUNSET   842 PM PDT
JULY 24 2016..........SUNRISE   527 AM PDT   SUNSET   841 PM PDT


-  INDICATES NEGATIVE NUMBERS.
R  INDICATES RECORD WAS SET OR TIED.
MM INDICATES DATA IS MISSING.
T  INDICATES TRACE AMOUNT.




$$
