000
CDUS46 KOTX 280824
CLIEPH


CLIMATE REPORT
NATIONAL WEATHER SERVICE SPOKANE, WA
1224 AM PST SAT FEB 28 2015


...................................

...THE EPHRATA WA AIRPORT CLIMATE SUMMARY FOR FEBRUARY 27 2015...

CLIMATE NORMAL PERIOD 1981 TO 2010
CLIMATE RECORD PERIOD 9999 TO 9999


WEATHER ITEM   OBSERVED TIME   RECORD YEAR NORMAL DEPARTURE LAST
                VALUE   (LST)  VALUE       VALUE  FROM      YEAR
                                                  NORMAL
..................................................................
TEMPERATURE (F)
 YESTERDAY
  MAXIMUM         54    256 PM  64    1972  47      7       41
  MINIMUM         38   1200 AM   4    1993  28     10       31
  AVERAGE         46                        37      9       36

PRECIPITATION (IN)
  YESTERDAY        0.00          0.40 1999   0.03  -0.03      T
  MONTH TO DATE    0.59                      0.71  -0.12     0.66
  SINCE OCT 1      4.09                      4.45  -0.36     1.72
  SINCE JAN 1      1.30                      1.62  -0.32     0.97

SNOWFALL (IN)
  YESTERDAY       MM

DEGREE DAYS
 HEATING
  YESTERDAY       19                        28     -9       29
  MONTH TO DATE  603                       837   -234      947
  SINCE DEC 1   2523                      3126   -603     3190
  SINCE JUL 1   3670                      4545   -875     4559

 COOLING
  YESTERDAY        0                         0      0        0
  MONTH TO DATE    0                         0      0        0
  SINCE DEC 1      0                         0      0        0
  SINCE JAN 1      0                         0      0        0
..................................................................


WIND (MPH)
  HIGHEST WIND SPEED    24   HIGHEST WIND DIRECTION     N (10)
  HIGHEST GUST SPEED    30   HIGHEST GUST DIRECTION     N (360)
  AVERAGE WIND SPEED    14.2


SKY COVER
  POSSIBLE SUNSHINE  MM
  AVERAGE SKY COVER 0.6


WEATHER CONDITIONS
 THE FOLLOWING WEATHER WAS RECORDED YESTERDAY.
  NO SIGNIFICANT WEATHER WAS OBSERVED.


RELATIVE HUMIDITY (PERCENT)
 HIGHEST    85          1200 AM
 LOWEST     38           300 PM
 AVERAGE    62

..........................................................


THE EPHRATA WA AIRPORT CLIMATE NORMALS FOR TODAY
                         NORMAL    RECORD    YEAR
 MAXIMUM TEMPERATURE (F)   47        62      1988
 MINIMUM TEMPERATURE (F)   28         4      1993


SUNRISE AND SUNSET
FEBRUARY 28 2015......SUNRISE   640 AM PST   SUNSET   541 PM PST
MARCH  1 2015.........SUNRISE   639 AM PST   SUNSET   543 PM PST


-  INDICATES NEGATIVE NUMBERS.
R  INDICATES RECORD WAS SET OR TIED.
MM INDICATES DATA IS MISSING.
T  INDICATES TRACE AMOUNT.




$$
