000
CDUS41 KCLE 310528
CLIERI


CLIMATE REPORT
NATIONAL WEATHER SERVICE CLEVELAND OH
1227 AM EST SAT JAN 31 2015


...................................

...THE ERIE PA CLIMATE SUMMARY FOR JANUARY 30 2015...

CLIMATE NORMAL PERIOD 1981 TO 2010
CLIMATE RECORD PERIOD 1873 TO 2015


WEATHER ITEM   OBSERVED TIME   RECORD YEAR NORMAL DEPARTURE LAST
                VALUE   (LST)  VALUE       VALUE  FROM      YEAR
                                                  NORMAL
..................................................................
TEMPERATURE (F)
 YESTERDAY
  MAXIMUM         31    136 AM  65    2013  34     -3       32
  MINIMUM         14    831 PM  -4    1915  20     -6       11
  AVERAGE         23                        27     -4       22

PRECIPITATION (IN)
  YESTERDAY        0.03                      0.08  -0.05     0.00
  MONTH TO DATE    3.74                      2.87   0.87     2.56
  SINCE DEC 1      6.19                      6.61  -0.42     8.52
  SINCE JAN 1      3.74                      2.87   0.87     2.56

SNOWFALL (IN)
  YESTERDAY        0.6                       0.8   -0.2      0.0
  MONTH TO DATE   37.2                      28.8    8.4     28.1
  SINCE DEC 1     42.7                      56.3  -13.6     76.1
  SINCE JUL 1     67.7                      65.0    2.7     91.7
  SNOW DEPTH       5

DEGREE DAYS
 HEATING
  YESTERDAY       42                        38      4       43
  MONTH TO DATE 1276                      1132    144     1307
  SINCE DEC 1   2169                      2144     25     2350
  SINCE JUL 1   3383                      3300     83     3549

 COOLING
  YESTERDAY        0                         0      0        0
  MONTH TO DATE    0                         0      0        0
  SINCE DEC 1      0                         0      0        0
  SINCE JAN 1      0                         0      0        0
..................................................................


WIND (MPH)
  HIGHEST WIND SPEED    23   HIGHEST WIND DIRECTION     W (290)
  HIGHEST GUST SPEED    33   HIGHEST GUST DIRECTION    NW (300)
  AVERAGE WIND SPEED    11.9


SKY COVER
  POSSIBLE SUNSHINE  MM
  AVERAGE SKY COVER 1.0


WEATHER CONDITIONS
 THE FOLLOWING WEATHER WAS RECORDED YESTERDAY.
  LIGHT SNOW
  FOG
  HAZE


RELATIVE HUMIDITY (PERCENT)
 HIGHEST    85          1200 AM
 LOWEST     59           400 PM
 AVERAGE    72

..........................................................


THE ERIE PA CLIMATE NORMALS FOR TODAY
                         NORMAL    RECORD    YEAR
 MAXIMUM TEMPERATURE (F)   34        63      1916
 MINIMUM TEMPERATURE (F)   20        -6      1899


SUNRISE AND SUNSET
JANUARY 31 2015.......SUNRISE   735 AM EST   SUNSET   534 PM EST
FEBRUARY  1 2015......SUNRISE   734 AM EST   SUNSET   535 PM EST


-  INDICATES NEGATIVE NUMBERS.
R  INDICATES RECORD WAS SET OR TIED.
MM INDICATES DATA IS MISSING.
T  INDICATES TRACE AMOUNT.




$$
