000
CDUS46 KPQR 160224
CLIEUG


CLIMATE REPORT
NATIONAL WEATHER SERVICE PORTLAND OREGON
724 PM PDT MON SEP 15 2014


...................................

...THE EUGENE OR CLIMATE SUMMARY FOR SEPTEMBER 15 2014...
VALID TODAY AS OF 0700 PM LOCAL TIME.

CLIMATE NORMAL PERIOD 1981 TO 2010
CLIMATE RECORD PERIOD 1892 TO 2014


WEATHER ITEM   OBSERVED TIME   RECORD YEAR NORMAL DEPARTURE LAST
                VALUE   (LST)  VALUE       VALUE  FROM      YEAR
                                                  NORMAL
..................................................................
TEMPERATURE (F)
 TODAY
  MAXIMUM         91    330 PM  96    1981  78     13       71
                                      1967
  MINIMUM         49    601 AM  36    1969  47      2       59
                                      1921
  AVERAGE         70                        62      8       65

PRECIPITATION (IN)
  TODAY            0.00          1.17 1963   0.04  -0.04     0.00
  MONTH TO DATE    0.00                      0.54  -0.54     0.90
  SINCE OCT 1     27.19                     45.35 -18.16    30.16
  SINCE JAN 1     23.00                     26.55  -3.55    10.82

SNOWFALL (IN)
  TODAY            0.0
  MONTH TO DATE    0.0
  SINCE SEP 1      0.0
  SINCE JUL 1      0.0

DEGREE DAYS
 HEATING
  TODAY            0                         4     -4        0
  MONTH TO DATE    6                        39    -33        2
  SINCE SEP 1      6                        39    -33        2
  SINCE JUL 1     13                       106    -93       20

 COOLING
  TODAY            5                         1      4        0
  MONTH TO DATE   39                        22     17       62
  SINCE SEP 1     39                        22     17       62
  SINCE JAN 1    447                       230    217      410
..................................................................


WIND (MPH)
  HIGHEST WIND SPEED    20   HIGHEST WIND DIRECTION    SW (240)
  HIGHEST GUST SPEED    24   HIGHEST GUST DIRECTION    SW (230)
  AVERAGE WIND SPEED     3.2


SKY COVER
  POSSIBLE SUNSHINE  MM
  AVERAGE SKY COVER 0.4


WEATHER CONDITIONS
 THE FOLLOWING WEATHER WAS RECORDED TODAY.
  HAZE


RELATIVE HUMIDITY (PERCENT)
 HIGHEST    86           600 AM
 LOWEST     18           300 PM
 AVERAGE    52

..........................................................


THE EUGENE OR CLIMATE NORMALS FOR TOMORROW
                         NORMAL    RECORD    YEAR
 MAXIMUM TEMPERATURE (F)   77        91      1994
 MINIMUM TEMPERATURE (F)   47        35      1936


SUNRISE AND SUNSET
SEPTEMBER 15 2014.....SUNRISE   652 AM PDT   SUNSET   723 PM PDT
SEPTEMBER 16 2014.....SUNRISE   653 AM PDT   SUNSET   721 PM PDT


-  INDICATES NEGATIVE NUMBERS.
R  INDICATES RECORD WAS SET OR TIED.
MM INDICATES DATA IS MISSING.
T  INDICATES TRACE AMOUNT.




$$
