000
CDUS46 KPQR 091149
CLIEUG


CLIMATE REPORT
NATIONAL WEATHER SERVICE PORTLAND OREGON
348 AM PST TUE FEB 9 2016


...................................

...THE EUGENE OR CLIMATE SUMMARY FOR FEBRUARY 8 2016...

CLIMATE NORMAL PERIOD 1981 TO 2010
CLIMATE RECORD PERIOD 1892 TO 2016


WEATHER ITEM   OBSERVED TIME   RECORD YEAR NORMAL DEPARTURE LAST
                VALUE   (LST)  VALUE       VALUE  FROM      YEAR
                                                  NORMAL
..................................................................
TEMPERATURE (F)
 YESTERDAY
  MAXIMUM         59    436 PM  67    1919  50      9       55
  MINIMUM         39   1159 PM   8    1989  35      4       46
  AVERAGE         49                        42      7       51

PRECIPITATION (IN)
  YESTERDAY        0.00          1.58 1996   0.20  -0.20     0.32
  MONTH TO DATE    0.46                      1.56  -1.10     3.03
  SINCE OCT 1     26.62                     27.23  -0.61    22.46
  SINCE JAN 1      7.78                      8.43  -0.65     5.41

SNOWFALL (IN)
  YESTERDAY        0.0
  MONTH TO DATE    0.0
  SINCE DEC 1      0.0
  SINCE JUL 1      0.0

DEGREE DAYS
 HEATING
  YESTERDAY       16                        23     -7       14
  MONTH TO DATE  156                       184    -28      109
  SINCE DEC 1   1477                      1721   -244     1397
  SINCE JUL 1   2458                      2894   -436     2209

 COOLING
  YESTERDAY        0                         0      0        0
  MONTH TO DATE    0                         0      0        0
  SINCE DEC 1      0                         0      0        0
  SINCE JAN 1      0                         0      0        0
..................................................................


WIND (MPH)
  HIGHEST WIND SPEED    14   HIGHEST WIND DIRECTION     N (10)
  HIGHEST GUST SPEED    17   HIGHEST GUST DIRECTION     N (10)
  AVERAGE WIND SPEED     4.3


SKY COVER
  POSSIBLE SUNSHINE  MM
  AVERAGE SKY COVER 0.5


WEATHER CONDITIONS
 THE FOLLOWING WEATHER WAS RECORDED YESTERDAY.
  FOG
  FOG W/VISIBILITY <= 1/4 MILE


RELATIVE HUMIDITY (PERCENT)
 HIGHEST   100          1200 AM
 LOWEST     62           400 PM
 AVERAGE    81

..........................................................


THE EUGENE OR CLIMATE NORMALS FOR TODAY
                         NORMAL    RECORD    YEAR
 MAXIMUM TEMPERATURE (F)   50        68      1951
 MINIMUM TEMPERATURE (F)   35        11      1933


SUNRISE AND SUNSET
FEBRUARY  9 2016......SUNRISE   721 AM PST   SUNSET   534 PM PST
FEBRUARY 10 2016......SUNRISE   720 AM PST   SUNSET   535 PM PST


-  INDICATES NEGATIVE NUMBERS.
R  INDICATES RECORD WAS SET OR TIED.
MM INDICATES DATA IS MISSING.
T  INDICATES TRACE AMOUNT.




$$
