000
CDUS46 KPQR 061141
CLIEUG


CLIMATE REPORT
NATIONAL WEATHER SERVICE PORTLAND OREGON
340 AM PST FRI MAR 6 2015


...................................

...THE EUGENE OR CLIMATE SUMMARY FOR MARCH 5 2015...

CLIMATE NORMAL PERIOD 1981 TO 2010
CLIMATE RECORD PERIOD 1892 TO 2015


WEATHER ITEM   OBSERVED TIME   RECORD YEAR NORMAL DEPARTURE LAST
                VALUE   (LST)  VALUE       VALUE  FROM      YEAR
                                                  NORMAL
..................................................................
TEMPERATURE (F)
 YESTERDAY
  MAXIMUM         63    352 PM  70    1986  54      9       62
  MINIMUM         27    712 AM  23    1956  36     -9       53
                                      1955
  AVERAGE         45                        45      0       58

PRECIPITATION (IN)
  YESTERDAY        0.00          1.81 1989   0.17  -0.17     0.73
  MONTH TO DATE    0.04                      0.92  -0.88     1.30
  SINCE OCT 1     23.63                     32.02  -8.39    16.04
  SINCE JAN 1      6.58                     13.22  -6.64    11.85

SNOWFALL (IN)
  YESTERDAY        0.0
  MONTH TO DATE    0.0
  SINCE MAR 1      0.0
  SINCE JUL 1      0.0

DEGREE DAYS
 HEATING
  YESTERDAY       20                        20      0        7
  MONTH TO DATE  111                       100     11       56
  SINCE MAR 1    111                       100     11       56
  SINCE JUL 1   2673                      3427   -754     3623

 COOLING
  YESTERDAY        0                         0      0        0
  MONTH TO DATE    0                         0      0        0
  SINCE MAR 1      0                         0      0        0
  SINCE JAN 1      0                         0      0        0
..................................................................


WIND (MPH)
  HIGHEST WIND SPEED     9   HIGHEST WIND DIRECTION     N (360)
  HIGHEST GUST SPEED    10   HIGHEST GUST DIRECTION     N (360)
  AVERAGE WIND SPEED     2.5


SKY COVER
  POSSIBLE SUNSHINE  MM
  AVERAGE SKY COVER 0.4


WEATHER CONDITIONS
 THE FOLLOWING WEATHER WAS RECORDED YESTERDAY.
  FOG


RELATIVE HUMIDITY (PERCENT)
 HIGHEST    92           100 AM
 LOWEST     43           300 PM
 AVERAGE    68

..........................................................


THE EUGENE OR CLIMATE NORMALS FOR TODAY
                         NORMAL    RECORD    YEAR
 MAXIMUM TEMPERATURE (F)   55        69      1979
 MINIMUM TEMPERATURE (F)   36        20      1956


SUNRISE AND SUNSET
MARCH  6 2015.........SUNRISE   641 AM PST   SUNSET   607 PM PST
MARCH  7 2015.........SUNRISE   640 AM PST   SUNSET   609 PM PST


-  INDICATES NEGATIVE NUMBERS.
R  INDICATES RECORD WAS SET OR TIED.
MM INDICATES DATA IS MISSING.
T  INDICATES TRACE AMOUNT.




$$
