000
CDUS46 KPQR 280022
CLIEUG


CLIMATE REPORT
NATIONAL WEATHER SERVICE PORTLAND OREGON
422 PM PST TUE JAN 27 2015


...................................

...THE EUGENE OR CLIMATE SUMMARY FOR JANUARY 27 2015...
VALID TODAY AS OF 0400 PM LOCAL TIME.

CLIMATE NORMAL PERIOD 1981 TO 2010
CLIMATE RECORD PERIOD 1892 TO 2015


WEATHER ITEM   OBSERVED TIME   RECORD YEAR NORMAL DEPARTURE LAST
                VALUE   (LST)  VALUE       VALUE  FROM      YEAR
                                                  NORMAL
..................................................................
TEMPERATURE (F)
 TODAY
  MAXIMUM         55    359 PM  69    1931  49      6       40
  MINIMUM         42    144 AM  -4    1957  35      7       29
  AVERAGE         49                        42      7       35

PRECIPITATION (IN)
  TODAY            0.00          2.66 1954   0.19  -0.19     0.09
  MONTH TO DATE    2.38                      6.09  -3.71     1.83
  SINCE OCT 1     19.43                     24.89  -5.46     6.02
  SINCE JAN 1      2.38                      6.09  -3.71     1.83

SNOWFALL (IN)
  TODAY            0.0
  MONTH TO DATE    0.0
  SINCE DEC 1      0.0
  SINCE JUL 1      0.0

DEGREE DAYS
 HEATING
  TODAY           16                        23     -7       30
  MONTH TO DATE  572                       660    -88      693
  SINCE DEC 1   1205                      1444   -239     1663
  SINCE JUL 1   2017                      2617   -600     2839

 COOLING
  TODAY            0                         0      0        0
  MONTH TO DATE    0                         0      0        0
  SINCE DEC 1      0                         0      0        0
  SINCE JAN 1      0                         0      0        0
..................................................................


WIND (MPH)
  HIGHEST WIND SPEED     9   HIGHEST WIND DIRECTION    SE (140)
  HIGHEST GUST SPEED    11   HIGHEST GUST DIRECTION    SE (140)
  AVERAGE WIND SPEED     3.5


SKY COVER
  POSSIBLE SUNSHINE  MM
  AVERAGE SKY COVER 1.0


WEATHER CONDITIONS
 THE FOLLOWING WEATHER WAS RECORDED TODAY.
  FOG
  FOG W/VISIBILITY <= 1/4 MILE


RELATIVE HUMIDITY (PERCENT)
 HIGHEST   100           100 AM
 LOWEST     83          1100 AM
 AVERAGE    92

..........................................................


THE EUGENE OR CLIMATE NORMALS FOR TOMORROW
                         NORMAL    RECORD    YEAR
 MAXIMUM TEMPERATURE (F)   49        63      1976
 MINIMUM TEMPERATURE (F)   35         1      1969


SUNRISE AND SUNSET
JANUARY 27 2015.......SUNRISE   736 AM PST   SUNSET   516 PM PST
JANUARY 28 2015.......SUNRISE   735 AM PST   SUNSET   517 PM PST


-  INDICATES NEGATIVE NUMBERS.
R  INDICATES RECORD WAS SET OR TIED.
MM INDICATES DATA IS MISSING.
T  INDICATES TRACE AMOUNT.




$$
