000
CDUS46 KPQR 211144
CLIEUG


CLIMATE REPORT
NATIONAL WEATHER SERVICE PORTLAND OREGON
344 AM PST SAT JAN 21 2017


...................................

...THE EUGENE OR CLIMATE SUMMARY FOR JANUARY 20 2017...

CLIMATE NORMAL PERIOD 1981 TO 2010
CLIMATE RECORD PERIOD 1892 TO 2017


WEATHER ITEM   OBSERVED TIME   RECORD YEAR NORMAL DEPARTURE LAST
                VALUE   (LST)  VALUE       VALUE  FROM      YEAR
                                                  NORMAL
..................................................................
TEMPERATURE (F)
 YESTERDAY
  MAXIMUM         53    311 PM  64    2005  48      5       51
                                      1968
  MINIMUM         39   1058 PM  12    1962  34      5       36
                                      1930
  AVERAGE         46                        41      5       44

PRECIPITATION (IN)
  YESTERDAY        0.09          4.26 1972   0.21  -0.12     0.11
  MONTH TO DATE    3.69                      4.66  -0.97     5.07
  SINCE OCT 1     23.28                     23.46  -0.18    23.91
  SINCE JAN 1      3.69                      4.66  -0.97     5.07

SNOWFALL (IN)
  YESTERDAY        0.0
  MONTH TO DATE    5.1
  SINCE DEC 1      5.1
  SINCE JUL 1      5.1

DEGREE DAYS
 HEATING
  YESTERDAY       19                        24     -5       21
  MONTH TO DATE  623                       493    130      490
  SINCE DEC 1   1494                      1277    217     1138
  SINCE JUL 1   2327                      2450   -123     2119

 COOLING
  YESTERDAY        0                         0      0        0
  MONTH TO DATE    0                         0      0        0
  SINCE DEC 1      0                         0      0        0
  SINCE JAN 1      0                         0      0        0
..................................................................


WIND (MPH)
  HIGHEST WIND SPEED    24   HIGHEST WIND DIRECTION    SW (240)
  HIGHEST GUST SPEED    31   HIGHEST GUST DIRECTION    SW (240)
  AVERAGE WIND SPEED     5.8


SKY COVER
  POSSIBLE SUNSHINE  MM
  AVERAGE SKY COVER 0.9


WEATHER CONDITIONS
 THE FOLLOWING WEATHER WAS RECORDED YESTERDAY.
  LIGHT RAIN
  FOG


RELATIVE HUMIDITY (PERCENT)
 HIGHEST   100          1000 PM
 LOWEST     63           300 PM
 AVERAGE    82

..........................................................


THE EUGENE OR CLIMATE NORMALS FOR TODAY
                         NORMAL    RECORD    YEAR
 MAXIMUM TEMPERATURE (F)   48        63      1925
 MINIMUM TEMPERATURE (F)   35         6      1930


SUNRISE AND SUNSET
JANUARY 21 2017.......SUNRISE   741 AM PST   SUNSET   509 PM PST
JANUARY 22 2017.......SUNRISE   740 AM PST   SUNSET   510 PM PST


-  INDICATES NEGATIVE NUMBERS.
R  INDICATES RECORD WAS SET OR TIED.
MM INDICATES DATA IS MISSING.
T  INDICATES TRACE AMOUNT.




$$
