000
CDUS46 KPQR 261241
CLIEUG


CLIMATE REPORT
NATIONAL WEATHER SERVICE PORTLAND OREGON
440 AM PST WED NOV 26 2014


...................................

...THE EUGENE OR CLIMATE SUMMARY FOR NOVEMBER 25 2014...

CLIMATE NORMAL PERIOD 1981 TO 2010
CLIMATE RECORD PERIOD 1892 TO 2014


WEATHER ITEM   OBSERVED TIME   RECORD YEAR NORMAL DEPARTURE LAST
                VALUE   (LST)  VALUE       VALUE  FROM      YEAR
                                                  NORMAL
..................................................................
TEMPERATURE (F)
 YESTERDAY
  MAXIMUM         62    147 PM  69    1947  49     13       49
  MINIMUM         50   1159 PM  16    1993  36     14       22
  AVERAGE         56                        43     13       36

PRECIPITATION (IN)
  YESTERDAY        0.00          2.25 1977   0.30  -0.30     0.00
  MONTH TO DATE    4.46                      6.21  -1.75     2.12
  SINCE OCT 1      9.16                      9.46  -0.30     2.70
  SINCE JAN 1     33.41                     36.76  -3.35    19.70

SNOWFALL (IN)
  YESTERDAY        0.0
  MONTH TO DATE    0.0
  SINCE SEP 1      0.0
  SINCE JUL 1      0.0

DEGREE DAYS
 HEATING
  YESTERDAY        9                        22    -13       29
  MONTH TO DATE  495                       488      7      482
  SINCE SEP 1    709                       991   -282     1025
  SINCE JUL 1    716                      1058   -342     1043

 COOLING
  YESTERDAY        0                         0      0        0
  MONTH TO DATE    0                         0      0        0
  SINCE SEP 1     67                        31     36       63
  SINCE JAN 1    475                       239    236      411
..................................................................


WIND (MPH)
  HIGHEST WIND SPEED    16   HIGHEST WIND DIRECTION     S (190)
  HIGHEST GUST SPEED    19   HIGHEST GUST DIRECTION     S (190)
  AVERAGE WIND SPEED     7.9


SKY COVER
  POSSIBLE SUNSHINE  MM
  AVERAGE SKY COVER 1.0


WEATHER CONDITIONS
 THE FOLLOWING WEATHER WAS RECORDED YESTERDAY.
  NO SIGNIFICANT WEATHER WAS OBSERVED.


RELATIVE HUMIDITY (PERCENT)
 HIGHEST    93           400 AM
 LOWEST     75           400 PM
 AVERAGE    84

..........................................................


THE EUGENE OR CLIMATE NORMALS FOR TODAY
                         NORMAL    RECORD    YEAR
 MAXIMUM TEMPERATURE (F)   49        64      1933
                                             1912
 MINIMUM TEMPERATURE (F)   36        15      1952


SUNRISE AND SUNSET
NOVEMBER 26 2014......SUNRISE   722 AM PST   SUNSET   438 PM PST
NOVEMBER 27 2014......SUNRISE   723 AM PST   SUNSET   437 PM PST


-  INDICATES NEGATIVE NUMBERS.
R  INDICATES RECORD WAS SET OR TIED.
MM INDICATES DATA IS MISSING.
T  INDICATES TRACE AMOUNT.




$$
