000
CDUS43 KPAH 300630
CLIEVV


CLIMATE REPORT
NATIONAL WEATHER SERVICE PADUCAH KY
127 AM CDT MON MAY 30 2016


...................................

...THE EVANSVILLE IN CLIMATE SUMMARY FOR MAY 29 2016...

CLIMATE NORMAL PERIOD 1981 TO 2010
CLIMATE RECORD PERIOD 1896 TO 2016


WEATHER ITEM   OBSERVED TIME   RECORD YEAR NORMAL DEPARTURE LAST
                VALUE   (LST)  VALUE       VALUE  FROM      YEAR
                                                  NORMAL
..................................................................
TEMPERATURE (F)
 YESTERDAY
  MAXIMUM         85    406 PM  94    1926  81      4       83
  MINIMUM         62   1148 PM  39    1965  59      3       66
  AVERAGE         74                        70      4       75

PRECIPITATION (IN)
  YESTERDAY        0.06          1.59 1974   0.18  -0.12      T
  MONTH TO DATE    4.05                      5.02  -0.97     2.97
  SINCE MAR 1     15.41                     13.63   1.78    16.44
  SINCE JAN 1     21.75                     19.90   1.85    21.97

SNOWFALL (IN)
  YESTERDAY        0.0           0.0  2002   0.0    0.0      0.0
                                      2001
  MONTH TO DATE    0.0                       0.0    0.0      0.0
  SINCE MAR 1      T                         1.1   -1.1      8.5
  SINCE JUL 1     14.2                      11.8    2.4     18.5
  SNOW DEPTH       0

DEGREE DAYS
 HEATING
  YESTERDAY        0                         1     -1        0
  MONTH TO DATE  114                        84     30       52
  SINCE MAR 1    760                       965   -205      867
  SINCE JUL 1   3578                      4539   -961     4703

 COOLING
  YESTERDAY        9                         6      3       10
  MONTH TO DATE   63                        96    -33      151
  SINCE MAR 1     85                       123    -38      179
  SINCE JAN 1     85                       123    -38      179
..................................................................


WIND (MPH)
  HIGHEST WIND SPEED    18   HIGHEST WIND DIRECTION     W (280)
  HIGHEST GUST SPEED    26   HIGHEST GUST DIRECTION     W (270)
  AVERAGE WIND SPEED     4.1


SKY COVER
  AVERAGE SKY COVER 0.2


WEATHER CONDITIONS
 THE FOLLOWING WEATHER WAS RECORDED YESTERDAY.
  THUNDERSTORM
  RAIN
  FOG
  HAZE


RELATIVE HUMIDITY (PERCENT)
 HIGHEST   100
 LOWEST     55
 AVERAGE    78

..........................................................


THE EVANSVILLE IN CLIMATE NORMALS FOR TODAY
                         NORMAL    RECORD    YEAR
 MAXIMUM TEMPERATURE (F)   81        94      1977
                                             1937
                                             1913
 MINIMUM TEMPERATURE (F)   59        37      1947


SUNRISE AND SUNSET
MAY 30 2016...........SUNRISE   530 AM CDT   SUNSET   806 PM CDT
MAY 31 2016...........SUNRISE   529 AM CDT   SUNSET   807 PM CDT


-  INDICATES NEGATIVE NUMBERS.
R  INDICATES RECORD WAS SET OR TIED.
MM INDICATES DATA IS MISSING.
T  INDICATES TRACE AMOUNT.




$$
