000
CDUS43 KPAH 190627
CLIEVV


CLIMATE REPORT
NATIONAL WEATHER SERVICE PADUCAH KY
1226 AM CST MON FEB 19 2018

...................................

...THE EVANSVILLE IN CLIMATE SUMMARY FOR FEBRUARY 18 2018...

CLIMATE NORMAL PERIOD 1981 TO 2010
CLIMATE RECORD PERIOD 1896 TO 2018

WEATHER ITEM   OBSERVED TIME   RECORD YEAR NORMAL DEPARTURE LAST
                VALUE   (LST)  VALUE       VALUE  FROM      YEAR
                                                  NORMAL
..................................................................
TEMPERATURE (F)
 YESTERDAY
  MAXIMUM         50   1143 PM  73    1961  47      3       58
  MINIMUM         27    740 AM  -6    1936  28     -1       43
  AVERAGE         39                        37      2       51

PRECIPITATION (IN)
  YESTERDAY        0.00          3.38 2000   0.11  -0.11     0.12
  MONTH TO DATE    3.01                      2.07   0.94     0.64
  SINCE DEC 1      8.40                      8.93  -0.53     6.83
  SINCE JAN 1      5.98                      5.17   0.81     2.91

SNOWFALL (IN)
  YESTERDAY        0.0           2.2  1979   0.2   -0.2      0.0
  MONTH TO DATE    0.9                       2.7   -1.8       T
  SINCE DEC 1      8.0                       9.3   -1.3      0.4
  SINCE JUL 1      8.0                       9.6   -1.6      0.4
  SNOW DEPTH       0

DEGREE DAYS
 HEATING
  YESTERDAY       26                        28     -2       14
  MONTH TO DATE  529                       537     -8      401
  SINCE DEC 1   2493                      2455     38     2064
  SINCE JUL 1   3273                      3316    -43     2594

 COOLING
  YESTERDAY        0                         0      0        0
  MONTH TO DATE    1                         0      1        0
  SINCE DEC 1      1                         0      1        0
  SINCE JAN 1      1                         0      1        0
..................................................................

WIND (MPH)
  HIGHEST WIND SPEED    15   HIGHEST WIND DIRECTION    SE (130)
  HIGHEST GUST SPEED    22   HIGHEST GUST DIRECTION    SE (120)
  AVERAGE WIND SPEED     5.1

SKY COVER
  AVERAGE SKY COVER 0.5

WEATHER CONDITIONS
 THE FOLLOWING WEATHER WAS RECORDED YESTERDAY.
  FOG
  FOG W/VISIBILITY <= 1/4 MILE

RELATIVE HUMIDITY (PERCENT)
 HIGHEST   100
 LOWEST     52
 AVERAGE    76
..........................................................

THE EVANSVILLE IN CLIMATE NORMALS FOR TODAY
                         NORMAL    RECORD    YEAR
 MAXIMUM TEMPERATURE (F)   47        73      1994
 MINIMUM TEMPERATURE (F)   28        -6      2015

SUNRISE AND SUNSET
FEBRUARY 19 2018......SUNRISE   635 AM CST   SUNSET   533 PM CST
FEBRUARY 20 2018......SUNRISE   634 AM CST   SUNSET   534 PM CST

-  INDICATES NEGATIVE NUMBERS.
R  INDICATES RECORD WAS SET OR TIED.
MM INDICATES DATA IS MISSING.
T  INDICATES TRACE AMOUNT.

$$
