000
CDUS45 KSLC 241242
CLIEVW


CLIMATE REPORT
NATIONAL WEATHER SERVICE SALT LAKE CITY UT
542 AM MST FRI FEB 24 2017


...................................

...THE EVANSTON WY CLIMATE SUMMARY FOR FEBRUARY 23 2017...

CLIMATE NORMAL PERIOD 1981 TO 2010
CLIMATE RECORD PERIOD 9999 TO 9999


WEATHER ITEM   OBSERVED TIME   RECORD YEAR NORMAL DEPARTURE LAST
                VALUE   (LST)  VALUE       VALUE  FROM      YEAR
                                                  NORMAL
..................................................................
TEMPERATURE (F)
 YESTERDAY
  MAXIMUM         22    233 PM  MM      MM  33    -11       32
  MINIMUM         16   1159 PM  MM      MM  16      0       17
  AVERAGE         19                        24     -5       25

PRECIPITATION (IN)
  YESTERDAY        0.01         MM      MM   0.03  -0.02      T
  MONTH TO DATE    1.17                      0.50   0.67     0.02
  SINCE OCT 1      3.83                      3.83   0.00     1.31
  SINCE JAN 1      2.25                      1.04   1.21     0.32

DEGREE DAYS
 HEATING
  YESTERDAY       46                        41      5       40
  MONTH TO DATE  815                       978   -163      882
  SINCE DEC 1   3667                      3698    -31     3641
  SINCE JUL 1   5318                      5807   -489     5330

 COOLING
  YESTERDAY        0                         0      0        0
  MONTH TO DATE    0                         0      0        0
  SINCE DEC 1      0                         0      0        0
  SINCE JAN 1      0                         0      0        0
..................................................................


WIND (MPH)
  RESULTANT WIND SPEED  13   RESULTANT WIND DIRECTION  SW (240)
  HIGHEST WIND SPEED    25   HIGHEST WIND DIRECTION     W (250)
  HIGHEST GUST SPEED    28   HIGHEST GUST DIRECTION     W (250)
  AVERAGE WIND SPEED    13.1


SKY COVER
  POSSIBLE SUNSHINE  MM
  AVERAGE SKY COVER 1.0


WEATHER CONDITIONS
 THE FOLLOWING WEATHER WAS RECORDED YESTERDAY.
  LIGHT SNOW
  FOG
  HAZE


RELATIVE HUMIDITY (PERCENT)
 HIGHEST    91          1200 AM
 LOWEST     68           100 PM
 AVERAGE    80

..........................................................


THE EVANSTON WY CLIMATE NORMALS FOR TODAY
                         NORMAL    RECORD    YEAR
 MAXIMUM TEMPERATURE (F)   33        MM        MM
 MINIMUM TEMPERATURE (F)   16        MM        MM


SUNRISE AND SUNSET
FEBRUARY 24 2017......SUNRISE   706 AM MST   SUNSET   609 PM MST
FEBRUARY 25 2017......SUNRISE   704 AM MST   SUNSET   611 PM MST


-  INDICATES NEGATIVE NUMBERS.
R  INDICATES RECORD WAS SET OR TIED.
MM INDICATES DATA IS MISSING.
T  INDICATES TRACE AMOUNT.




$$
