000
CDUS45 KSLC 281236
CLIEVW


CLIMATE REPORT
NATIONAL WEATHER SERVICE SALT LAKE CITY UT
536 AM MST SAT FEB 28 2015


...................................

...THE EVANSTON WY CLIMATE SUMMARY FOR FEBRUARY 27 2015...

CLIMATE NORMAL PERIOD 1981 TO 2010
CLIMATE RECORD PERIOD 9999 TO 9999


WEATHER ITEM   OBSERVED TIME   RECORD YEAR NORMAL DEPARTURE LAST
                VALUE   (LST)  VALUE       VALUE  FROM      YEAR
                                                  NORMAL
..................................................................
TEMPERATURE (F)
 YESTERDAY
  MAXIMUM         31    454 PM  MM      MM  34     -3       40
  MINIMUM         11    808 AM  MM      MM  17     -6       31
  AVERAGE         21                        25     -4       36

PRECIPITATION (IN)
  YESTERDAY        T            MM      MM   0.02  -0.02      T
  MONTH TO DATE    0.35                      0.59  -0.24      T
  SINCE OCT 1      1.87                      3.92  -2.05     1.23
  SINCE JAN 1      0.99                      1.13  -0.14     0.03

DEGREE DAYS
 HEATING
  YESTERDAY       44                        40      4       29
  MONTH TO DATE  842                      1138   -296     1039
  SINCE DEC 1   3133                      3858   -725     3724
  SINCE JUL 1   4929                      5967  -1038     5619

 COOLING
  YESTERDAY        0                         0      0        0
  MONTH TO DATE    0                         0      0        0
  SINCE DEC 1      0                         0      0        0
  SINCE JAN 1      0                         0      0        0
..................................................................


WIND (MPH)
  RESULTANT WIND SPEED   4   RESULTANT WIND DIRECTION  SE (130)
  HIGHEST WIND SPEED    17   HIGHEST WIND DIRECTION    SW (230)
  HIGHEST GUST SPEED    20   HIGHEST GUST DIRECTION    SW (230)
  AVERAGE WIND SPEED     6.9


SKY COVER
  POSSIBLE SUNSHINE  MM
  AVERAGE SKY COVER 0.7


WEATHER CONDITIONS
 THE FOLLOWING WEATHER WAS RECORDED YESTERDAY.
  LIGHT SNOW
  FOG
  HAZE


RELATIVE HUMIDITY (PERCENT)
 HIGHEST    92          1200 AM
 LOWEST     53           500 PM
 AVERAGE    73

..........................................................


THE EVANSTON WY CLIMATE NORMALS FOR TODAY
                         NORMAL    RECORD    YEAR
 MAXIMUM TEMPERATURE (F)   34        MM        MM
 MINIMUM TEMPERATURE (F)   17        MM        MM


SUNRISE AND SUNSET
FEBRUARY 28 2015......SUNRISE   700 AM MST   SUNSET   614 PM MST
MARCH  1 2015.........SUNRISE   659 AM MST   SUNSET   615 PM MST


-  INDICATES NEGATIVE NUMBERS.
R  INDICATES RECORD WAS SET OR TIED.
MM INDICATES DATA IS MISSING.
T  INDICATES TRACE AMOUNT.




$$
