000
CDUS45 KSLC 231242
CLIEVW


CLIMATE REPORT
NATIONAL WEATHER SERVICE SALT LAKE CITY UT
642 AM MDT THU OCT 23 2014


...................................

...THE EVANSTON WY CLIMATE SUMMARY FOR OCTOBER 22 2014...

CLIMATE NORMAL PERIOD 1981 TO 2010
CLIMATE RECORD PERIOD 9999 TO 9999


WEATHER ITEM   OBSERVED TIME   RECORD YEAR NORMAL DEPARTURE LAST
                VALUE   (LST)  VALUE       VALUE  FROM      YEAR
                                                  NORMAL
..................................................................
TEMPERATURE (F)
 YESTERDAY
  MAXIMUM         55    322 PM  MM      MM  53      2       62
  MINIMUM         27    652 AM  MM      MM  30     -3       31
  AVERAGE         41                        42     -1       47

PRECIPITATION (IN)
  YESTERDAY        0.00         MM      MM   0.03  -0.03     0.00
  MONTH TO DATE    0.10                      0.79  -0.69     0.40
  SINCE OCT 1      0.10                      0.79  -0.69     0.40
  SINCE JAN 1      9.23                     10.13  -0.90     4.46

DEGREE DAYS
 HEATING
  YESTERDAY       24                        23      1       18
  MONTH TO DATE  334                       424    -90      497
  SINCE SEP 1    522                       718   -196      762
  SINCE JUL 1    642                       821   -179      776

 COOLING
  YESTERDAY        0                         0      0        0
  MONTH TO DATE    0                         0      0        0
  SINCE SEP 1     13                         5      8       26
  SINCE JAN 1    219                       162     57      348
..................................................................


WIND (MPH)
  RESULTANT WIND SPEED   5   RESULTANT WIND DIRECTION  SW (240)
  HIGHEST WIND SPEED    21   HIGHEST WIND DIRECTION     W (250)
  HIGHEST GUST SPEED    28   HIGHEST GUST DIRECTION     W (250)
  AVERAGE WIND SPEED     6.7


SKY COVER
  POSSIBLE SUNSHINE  MM
  AVERAGE SKY COVER 0.0


WEATHER CONDITIONS
 THE FOLLOWING WEATHER WAS RECORDED YESTERDAY.
  NO SIGNIFICANT WEATHER WAS OBSERVED.


RELATIVE HUMIDITY (PERCENT)
 HIGHEST    78           600 AM
 LOWEST     22           100 PM
 AVERAGE    50

..........................................................


THE EVANSTON WY CLIMATE NORMALS FOR TODAY
                         NORMAL    RECORD    YEAR
 MAXIMUM TEMPERATURE (F)   52        MM        MM
 MINIMUM TEMPERATURE (F)   30        MM        MM


SUNRISE AND SUNSET
OCTOBER 23 2014.......SUNRISE   745 AM MDT   SUNSET   631 PM MDT
OCTOBER 24 2014.......SUNRISE   746 AM MDT   SUNSET   630 PM MDT


-  INDICATES NEGATIVE NUMBERS.
R  INDICATES RECORD WAS SET OR TIED.
MM INDICATES DATA IS MISSING.
T  INDICATES TRACE AMOUNT.




$$
