000
CDUS45 KSLC 031235
CLIEVW


CLIMATE REPORT
NATIONAL WEATHER SERVICE SALT LAKE CITY UT
635 AM MDT FRI JUL 3 2015


...................................

...THE EVANSTON WY CLIMATE SUMMARY FOR JULY 2 2015...

CLIMATE NORMAL PERIOD 1981 TO 2010
CLIMATE RECORD PERIOD 9999 TO 9999


WEATHER ITEM   OBSERVED TIME   RECORD YEAR NORMAL DEPARTURE LAST
                VALUE   (LST)  VALUE       VALUE  FROM      YEAR
                                                  NORMAL
..................................................................
TEMPERATURE (F)
 YESTERDAY
  MAXIMUM         89    224 PM  MM      MM  77     12       84
  MINIMUM         56    343 AM  MM      MM  50      6       49
  AVERAGE         73                        63     10       67

PRECIPITATION (IN)
  YESTERDAY        0.00         MM      MM   0.05  -0.05     0.00
  MONTH TO DATE    0.00                      0.10  -0.10     0.00
  SINCE OCT 1      8.03                      9.06  -1.03     3.57
  SINCE JAN 1      7.15                      6.27   0.88     2.37

DEGREE DAYS
 HEATING
  YESTERDAY        0                         3     -3        0
  MONTH TO DATE    0                         6     -6        4
  SINCE JUN 1     74                       236   -162      227
  SINCE JUL 1      0                         6     -6        4

 COOLING
  YESTERDAY        8                         1      7        2
  MONTH TO DATE   18                         2     16        2
  SINCE JUN 1     88                        15     73        3
  SINCE JAN 1     88                        16     72        8
..................................................................


WIND (MPH)
  RESULTANT WIND SPEED   1   RESULTANT WIND DIRECTION   W (250)
  HIGHEST WIND SPEED    18   HIGHEST WIND DIRECTION     N (350)
  HIGHEST GUST SPEED    23   HIGHEST GUST DIRECTION    SW (230)
  AVERAGE WIND SPEED     5.9


SKY COVER
  POSSIBLE SUNSHINE  MM
  AVERAGE SKY COVER 0.0


WEATHER CONDITIONS
 THE FOLLOWING WEATHER WAS RECORDED YESTERDAY.
  NO SIGNIFICANT WEATHER WAS OBSERVED.


RELATIVE HUMIDITY (PERCENT)
 HIGHEST    57           400 AM
 LOWEST     17           300 PM
 AVERAGE    37

..........................................................


THE EVANSTON WY CLIMATE NORMALS FOR TODAY
                         NORMAL    RECORD    YEAR
 MAXIMUM TEMPERATURE (F)   78        MM        MM
 MINIMUM TEMPERATURE (F)   50        MM        MM


SUNRISE AND SUNSET
JULY  3 2015..........SUNRISE   556 AM MDT   SUNSET   901 PM MDT
JULY  4 2015..........SUNRISE   556 AM MDT   SUNSET   900 PM MDT


-  INDICATES NEGATIVE NUMBERS.
R  INDICATES RECORD WAS SET OR TIED.
MM INDICATES DATA IS MISSING.
T  INDICATES TRACE AMOUNT.




$$
