000
CDUS45 KSLC 201229
CLIEVW


CLIMATE REPORT
NATIONAL WEATHER SERVICE SALT LAKE CITY UT
529 AM MST FRI JAN 20 2017


...................................

...THE EVANSTON WY CLIMATE SUMMARY FOR JANUARY 19 2017...

CLIMATE NORMAL PERIOD 1981 TO 2010
CLIMATE RECORD PERIOD 9999 TO 9999


WEATHER ITEM   OBSERVED TIME   RECORD YEAR NORMAL DEPARTURE LAST
                VALUE   (LST)  VALUE       VALUE  FROM      YEAR
                                                  NORMAL
..................................................................
TEMPERATURE (F)
 YESTERDAY
  MAXIMUM         29    439 PM  MM      MM  29      0       29
  MINIMUM         17    433 AM  MM      MM  14      3       14
  AVERAGE         23                        22      1       22

PRECIPITATION (IN)
  YESTERDAY        0.02         MM      MM   0.01   0.01    MM
  MONTH TO DATE    0.67                      0.34   0.33     0.08
  SINCE OCT 1      2.25                      3.13  -0.88     1.07
  SINCE JAN 1      0.67                      0.34   0.33     0.08

DEGREE DAYS
 HEATING
  YESTERDAY       42                        43     -1       43
  MONTH TO DATE  913                       827     86      882
  SINCE DEC 1   2281                      2197     84     2242
  SINCE JUL 1   3932                      4306   -374     3931

 COOLING
  YESTERDAY        0                         0      0        0
  MONTH TO DATE    0                         0      0        0
  SINCE DEC 1      0                         0      0        0
  SINCE JAN 1      0                         0      0        0
..................................................................


WIND (MPH)
  RESULTANT WIND SPEED   7   RESULTANT WIND DIRECTION  SW (220)
  HIGHEST WIND SPEED    17   HIGHEST WIND DIRECTION    SW (230)
  HIGHEST GUST SPEED    20   HIGHEST GUST DIRECTION    SW (220)
  AVERAGE WIND SPEED     8.0


SKY COVER
  POSSIBLE SUNSHINE  MM
  AVERAGE SKY COVER 0.9


WEATHER CONDITIONS
 THE FOLLOWING WEATHER WAS RECORDED YESTERDAY.
  SNOW
  LIGHT SNOW
  FOG
  FOG W/VISIBILITY <= 1/4 MILE
  HAZE


RELATIVE HUMIDITY (PERCENT)
 HIGHEST    92           400 PM
 LOWEST     42           300 AM
 AVERAGE    67

..........................................................


THE EVANSTON WY CLIMATE NORMALS FOR TODAY
                         NORMAL    RECORD    YEAR
 MAXIMUM TEMPERATURE (F)   29        MM        MM
 MINIMUM TEMPERATURE (F)   14        MM        MM


SUNRISE AND SUNSET
JANUARY 20 2017.......SUNRISE   745 AM MST   SUNSET   526 PM MST
JANUARY 21 2017.......SUNRISE   744 AM MST   SUNSET   527 PM MST


-  INDICATES NEGATIVE NUMBERS.
R  INDICATES RECORD WAS SET OR TIED.
MM INDICATES DATA IS MISSING.
T  INDICATES TRACE AMOUNT.




$$
