000
CDUS45 KSLC 221228
CLIEVW


CLIMATE REPORT
NATIONAL WEATHER SERVICE SALT LAKE CITY UT
627 AM MDT FRI SEP 22 2017


...................................

...THE EVANSTON WY CLIMATE SUMMARY FOR SEPTEMBER 21 2017...

CLIMATE NORMAL PERIOD 1981 TO 2010
CLIMATE RECORD PERIOD 9999 TO 9999


WEATHER ITEM   OBSERVED TIME   RECORD YEAR NORMAL DEPARTURE LAST
                VALUE   (LST)  VALUE       VALUE  FROM      YEAR
                                                  NORMAL
..................................................................
TEMPERATURE (F)
 YESTERDAY
  MAXIMUM         66    311 PM  MM      MM  67     -1       73
  MINIMUM         33   1159 PM  MM      MM  40     -7       46
  AVERAGE         50                        53     -3       60

PRECIPITATION (IN)
  YESTERDAY       MM            MM      MM   0.05  MM        0.00
  MONTH TO DATE    T                         0.88  -0.88     0.61
  SINCE OCT 1      6.94                     11.70  -4.76     5.47
  SINCE JAN 1      5.36                      8.91  -3.55     4.48

DEGREE DAYS
 HEATING
  YESTERDAY       15                        12      3        5
  MONTH TO DATE  127                       174    -47      139
  SINCE SEP 1    127                       174    -47      139
  SINCE JUL 1    151                       277   -126      198

 COOLING
  YESTERDAY        0                         0      0        0
  MONTH TO DATE   37                         0     37        7
  SINCE SEP 1     37                         0     37        7
  SINCE JAN 1    333                       157    176      293
..................................................................


WIND (MPH)
  RESULTANT WIND SPEED   6   RESULTANT WIND DIRECTION   W (260)
  HIGHEST WIND SPEED    33   HIGHEST WIND DIRECTION     S (160)
  HIGHEST GUST SPEED    44   HIGHEST GUST DIRECTION     S (160)
  AVERAGE WIND SPEED    11.0


SKY COVER
  POSSIBLE SUNSHINE  MM
  AVERAGE SKY COVER 0.5


WEATHER CONDITIONS
 THE FOLLOWING WEATHER WAS RECORDED YESTERDAY.
  LIGHT RAIN
  SNOW
  LIGHT SNOW
  FOG


RELATIVE HUMIDITY (PERCENT)
 HIGHEST   100           800 PM
 LOWEST     36           100 PM
 AVERAGE    68

..........................................................


THE EVANSTON WY CLIMATE NORMALS FOR TODAY
                         NORMAL    RECORD    YEAR
 MAXIMUM TEMPERATURE (F)   66        MM        MM
 MINIMUM TEMPERATURE (F)   40        MM        MM


SUNRISE AND SUNSET
SEPTEMBER 22 2017.....SUNRISE   712 AM MDT   SUNSET   721 PM MDT
SEPTEMBER 23 2017.....SUNRISE   713 AM MDT   SUNSET   719 PM MDT


-  INDICATES NEGATIVE NUMBERS.
R  INDICATES RECORD WAS SET OR TIED.
MM INDICATES DATA IS MISSING.
T  INDICATES TRACE AMOUNT.




$$
