559
CDUS42 KMHX 250626
CLIEWN


CLIMATE REPORT
NATIONAL WEATHER SERVICE NEWPORT/MOREHEAD CITY NC
125 AM EST SAT FEB 25 2017


...................................

...THE NEW BERN NC CLIMATE SUMMARY FOR FEBRUARY 24 2017...

CLIMATE NORMAL PERIOD 1981 TO 2010
CLIMATE RECORD PERIOD 1948 TO 2017


WEATHER ITEM   OBSERVED TIME   RECORD YEAR NORMAL DEPARTURE LAST
                VALUE   (LST)  VALUE       VALUE  FROM      YEAR
                                                  NORMAL
..................................................................
TEMPERATURE (F)
 YESTERDAY
  MAXIMUM         78    244 PM  84    1962  60     18       73
  MINIMUM         49    550 AM  23    2009  37     12       56
  AVERAGE         64                        48     16       65

PRECIPITATION (IN)
  YESTERDAY        0.00          1.94 1952   0.14  -0.14     0.48
  MONTH TO DATE    1.97                      3.12  -1.15     7.31
  SINCE DEC 1      9.72                     10.54  -0.82    17.44
  SINCE JAN 1      6.22                      7.14  -0.92    11.02

SNOWFALL (IN)
  YESTERDAY        0.0
  MONTH TO DATE    0.0
  SINCE NOV 1      T
  SINCE JUL 1      T
  SNOW DEPTH       0

DEGREE DAYS
 HEATING
  YESTERDAY        1                        17    -16        0
  MONTH TO DATE  283                       443   -160      437
  SINCE DEC 1   1311                      1656   -345     1331
  SINCE JUL 1   1706                      2083   -377     1614

 COOLING
  YESTERDAY        0                         0      0        0
  MONTH TO DATE    6                         0      6        0
  SINCE DEC 1      6                         4      2       49
  SINCE JAN 1      6                         1      5        0
..................................................................


WIND (MPH)
  HIGHEST WIND SPEED    18   HIGHEST WIND DIRECTION    SE (130)
  HIGHEST GUST SPEED    22   HIGHEST GUST DIRECTION    SE (140)
  AVERAGE WIND SPEED     4.1


SKY COVER
  POSSIBLE SUNSHINE  MM
  AVERAGE SKY COVER 0.2


WEATHER CONDITIONS
 THE FOLLOWING WEATHER WAS RECORDED YESTERDAY.
  FOG
  FOG W/VISIBILITY <= 1/4 MILE


RELATIVE HUMIDITY (PERCENT)
 HIGHEST   100          1200 AM
 LOWEST     54           200 PM
 AVERAGE    77

..........................................................


THE NEW BERN NC CLIMATE NORMALS FOR TODAY
                         NORMAL    RECORD    YEAR
 MAXIMUM TEMPERATURE (F)   60        77      2000
 MINIMUM TEMPERATURE (F)   38        14      1967


SUNRISE AND SUNSET
FEBRUARY 25 2017......SUNRISE   642 AM EST   SUNSET   600 PM EST
FEBRUARY 26 2017......SUNRISE   641 AM EST   SUNSET   601 PM EST


-  INDICATES NEGATIVE NUMBERS.
R  INDICATES RECORD WAS SET OR TIED.
MM INDICATES DATA IS MISSING.
T  INDICATES TRACE AMOUNT.




$$
