000
CDUS42 KMHX 032126
CLIEWN


CLIMATE REPORT
NATIONAL WEATHER SERVICE NEWPORT/MOREHEAD CITY NC
525 PM EDT TUE MAY 3 2016


...................................

...THE NEW BERN NC CLIMATE SUMMARY FOR MAY 3 2016...
VALID TODAY AS OF 0500 PM LOCAL TIME.

CLIMATE NORMAL PERIOD 1981 TO 2010
CLIMATE RECORD PERIOD 1948 TO 2016


WEATHER ITEM   OBSERVED TIME   RECORD YEAR NORMAL DEPARTURE LAST
                VALUE   (LST)  VALUE       VALUE  FROM      YEAR
                                                  NORMAL
..................................................................
TEMPERATURE (F)
 TODAY
  MAXIMUM         77    210 PM  95    1959  78     -1       80
  MINIMUM         65    939 AM  37    1963  55     10       46
  AVERAGE         71                        66      5       63

PRECIPITATION (IN)
  TODAY            1.01          1.50 1964   0.11   0.90     0.00
  MONTH TO DATE    1.02                      0.33   0.69     0.32
  SINCE MAR 1      6.03                      7.89  -1.86     5.94
  SINCE JAN 1     17.05                     15.57   1.48    14.31

SNOWFALL (IN)
  TODAY            0.0
  MONTH TO DATE    0.0
  SINCE NOV 1      T
  SINCE JUL 1      T
  SNOW DEPTH       0

DEGREE DAYS
 HEATING
  TODAY            0                         2     -2        2
  MONTH TO DATE    0                         7     -7       15
  SINCE MAR 1    390                       528   -138      472
  SINCE JUL 1   2078                      2674   -596     2715

 COOLING
  TODAY            6                         3      3        0
  MONTH TO DATE   22                         9     13        0
  SINCE MAR 1    123                        76     47       88
  SINCE JAN 1    123                        79     44       95
..................................................................


WIND (MPH)
  HIGHEST WIND SPEED    22   HIGHEST WIND DIRECTION     W (290)
  HIGHEST GUST SPEED    30   HIGHEST GUST DIRECTION     W (290)
  AVERAGE WIND SPEED     8.3


SKY COVER
  POSSIBLE SUNSHINE  MM
  AVERAGE SKY COVER 0.8


WEATHER CONDITIONS
 THE FOLLOWING WEATHER WAS RECORDED TODAY.
  THUNDERSTORM
  HEAVY RAIN
  RAIN
  LIGHT RAIN
  FOG


RELATIVE HUMIDITY (PERCENT)
 HIGHEST    97          1200 AM
 LOWEST     69           300 PM
 AVERAGE    83

..........................................................


THE NEW BERN NC CLIMATE NORMALS FOR TOMORROW
                         NORMAL    RECORD    YEAR
 MAXIMUM TEMPERATURE (F)   78        92      2012
 MINIMUM TEMPERATURE (F)   55        44      1986


SUNRISE AND SUNSET
MAY  3 2016...........SUNRISE   615 AM EDT   SUNSET   756 PM EDT
MAY  4 2016...........SUNRISE   614 AM EDT   SUNSET   757 PM EDT


-  INDICATES NEGATIVE NUMBERS.
R  INDICATES RECORD WAS SET OR TIED.
MM INDICATES DATA IS MISSING.
T  INDICATES TRACE AMOUNT.




$$
