000
CDUS42 KMHX 280528
CLIEWN


CLIMATE REPORT
NATIONAL WEATHER SERVICE NEWPORT/MOREHEAD CITY NC
128 AM EDT WED SEP 28 2016


...................................

...THE NEW BERN NC CLIMATE SUMMARY FOR SEPTEMBER 27 2016...

CLIMATE NORMAL PERIOD 1981 TO 2010
CLIMATE RECORD PERIOD 1948 TO 2016


WEATHER ITEM   OBSERVED TIME   RECORD YEAR NORMAL DEPARTURE LAST
                VALUE   (LST)  VALUE       VALUE  FROM      YEAR
                                                  NORMAL
..................................................................
TEMPERATURE (F)
 YESTERDAY
  MAXIMUM         83   1121 AM  94    1986  80      3       80
  MINIMUM         68    439 AM  48    2001  61      7       72
  AVERAGE         76                        71      5       76

PRECIPITATION (IN)
  YESTERDAY        T             6.79 1985   0.19  -0.19     0.11
  MONTH TO DATE   10.83                      5.36   5.47     4.55
  SINCE SEP 1     10.83                      5.36   5.47     4.55
  SINCE JAN 1     54.20                     42.16  12.04    45.77

SNOWFALL (IN)
  YESTERDAY        0.0
  MONTH TO DATE    0.0
  SINCE NOV 1      T
  SINCE JUL 1      0.0
  SNOW DEPTH       0

DEGREE DAYS
 HEATING
  YESTERDAY        0                         1     -1        0
  MONTH TO DATE    0                         2     -2        0
  SINCE SEP 1      0                         2     -2        0
  SINCE JUL 1      0                         2     -2        0

 COOLING
  YESTERDAY       11                         6      5       11
  MONTH TO DATE  337                       256     81      300
  SINCE SEP 1    337                       256     81      300
  SINCE JAN 1   2092                      1785    307     2021
..................................................................


WIND (MPH)
  HIGHEST WIND SPEED     8   HIGHEST WIND DIRECTION     E (100)
  HIGHEST GUST SPEED    11   HIGHEST GUST DIRECTION    SE (140)
  AVERAGE WIND SPEED     2.2


SKY COVER
  POSSIBLE SUNSHINE  MM
  AVERAGE SKY COVER 0.1


WEATHER CONDITIONS
 THE FOLLOWING WEATHER WAS RECORDED YESTERDAY.
  LIGHT RAIN
  FOG


RELATIVE HUMIDITY (PERCENT)
 HIGHEST    97           700 AM
 LOWEST     63          1200 PM
 AVERAGE    80

..........................................................


THE NEW BERN NC CLIMATE NORMALS FOR TODAY
                         NORMAL    RECORD    YEAR
 MAXIMUM TEMPERATURE (F)   80        90      1954
 MINIMUM TEMPERATURE (F)   61        49      1962


SUNRISE AND SUNSET
SEPTEMBER 28 2016.....SUNRISE   701 AM EDT   SUNSET   656 PM EDT
SEPTEMBER 29 2016.....SUNRISE   702 AM EDT   SUNSET   654 PM EDT


-  INDICATES NEGATIVE NUMBERS.
R  INDICATES RECORD WAS SET OR TIED.
MM INDICATES DATA IS MISSING.
T  INDICATES TRACE AMOUNT.




$$
