000
CDUS41 KOKX 252035
CLIEWR


CLIMATE REPORT
NATIONAL WEATHER SERVICE NEW YORK NY
435 PM EDT MON SEP 25 2017


...................................

...THE NEWARK NJ CLIMATE SUMMARY FOR SEPTEMBER 25 2017...
VALID TODAY AS OF 0400 PM LOCAL TIME.

CLIMATE NORMAL PERIOD 1981 TO 2010
CLIMATE RECORD PERIOD 1929 TO 2017


WEATHER ITEM   OBSERVED TIME   RECORD YEAR NORMAL DEPARTURE LAST
                VALUE   (LST)  VALUE       VALUE  FROM      YEAR
                                                  NORMAL
..................................................................
TEMPERATURE (F)
 TODAY
  MAXIMUM         90    157 PM  91    1970  73     17       71
  MINIMUM         69    410 AM  39    1950  56     13       52
  AVERAGE         80                        65     15       62

PRECIPITATION (IN)
  TODAY            0.00          2.15 1940   0.13  -0.13     0.00
  MONTH TO DATE    1.72                      3.12  -1.40     1.70
  SINCE SEP 1      1.72                      3.12  -1.40     1.70
  SINCE JAN 1     39.40                     34.49   4.91    25.51

SNOWFALL (IN)
  TODAY            0.0           0.0  2002   0.0    0.0      0.0
                                      2001
  MONTH TO DATE    0.0                       0.0    0.0      0.0
  SINCE OCT 1     30.0                      28.5    1.5     32.8
  SINCE JUL 1      0.0                       0.0    0.0      0.0
  SNOW DEPTH       0

DEGREE DAYS
 HEATING
  TODAY            0                         3     -3        3
  MONTH TO DATE   10                        25    -15        3
  SINCE SEP 1     10                        25    -15        3
  SINCE JUL 1     10                        26    -16        3

 COOLING
  TODAY           15                         2     13        0
  MONTH TO DATE  172                       129     43      224
  SINCE SEP 1    172                       129     43      224
  SINCE JAN 1   1200                      1163     37     1534
..................................................................


WIND (MPH)
  HIGHEST WIND SPEED    10   HIGHEST WIND DIRECTION     E (70)
  HIGHEST GUST SPEED    14   HIGHEST GUST DIRECTION     E (70)
  AVERAGE WIND SPEED     3.4


SKY COVER
  AVERAGE SKY COVER 0.1


WEATHER CONDITIONS
 THE FOLLOWING WEATHER WAS RECORDED TODAY.
  NO SIGNIFICANT WEATHER WAS OBSERVED.


RELATIVE HUMIDITY (PERCENT)
 HIGHEST    84           300 AM
 LOWEST     46           300 PM
 AVERAGE    65

..........................................................


THE NEWARK NJ CLIMATE NORMALS FOR TOMORROW
                         NORMAL    RECORD    YEAR
 MAXIMUM TEMPERATURE (F)   73        90      2007
                                             1958
 MINIMUM TEMPERATURE (F)   56        40      1940


SUNRISE AND SUNSET
SEPTEMBER 25 2017.....SUNRISE   647 AM EDT   SUNSET   648 PM EDT
SEPTEMBER 26 2017.....SUNRISE   648 AM EDT   SUNSET   647 PM EDT


-  INDICATES NEGATIVE NUMBERS.
R  INDICATES RECORD WAS SET OR TIED.
MM INDICATES DATA IS MISSING.
T  INDICATES TRACE AMOUNT.




$$
