000
CDUS41 KOKX 280618
CLIEWR


CLIMATE REPORT
NATIONAL WEATHER SERVICE NEW YORK NY
118 AM EST TUE FEB 28 2017


...................................

...THE NEWARK NJ CLIMATE SUMMARY FOR FEBRUARY 27 2017...

CLIMATE NORMAL PERIOD 1981 TO 2010
CLIMATE RECORD PERIOD 1929 TO 2017


WEATHER ITEM   OBSERVED TIME   RECORD YEAR NORMAL DEPARTURE LAST
                VALUE   (LST)  VALUE       VALUE  FROM      YEAR
                                                  NORMAL
..................................................................
TEMPERATURE (F)
 YESTERDAY
  MAXIMUM         55    231 PM  74    1997  45     10       43
  MINIMUM         30    655 AM   7    1934  29      1       24
  AVERAGE         43                        37      6       34

PRECIPITATION (IN)
  YESTERDAY        0.00          1.33 2013   0.12  -0.12     0.00
  MONTH TO DATE    2.09                      2.77  -0.68     4.01
  SINCE DEC 1      9.65                     10.12  -0.47    12.42
  SINCE JAN 1      6.74                      6.31   0.43     8.02

SNOWFALL (IN)
  YESTERDAY        0.0           4.5  1935   0.3   -0.3      0.0
  MONTH TO DATE    7.9                       9.1   -1.2      5.2
  SINCE OCT 1     20.6                      22.8   -2.2     31.2
  SINCE JUL 1     20.6                      22.8   -2.2     31.2
  SNOW DEPTH       0

DEGREE DAYS
 HEATING
  YESTERDAY       22                        28     -6       31
  MONTH TO DATE  640                       824   -184      771
  SINCE DEC 1   2313                      2740   -427     2212
  SINCE JUL 1   2996                      3608   -612     2844

 COOLING
  YESTERDAY        0                         0      0        0
  MONTH TO DATE    0                         0      0        0
  SINCE DEC 1      0                         0      0        0
  SINCE JAN 1      0                         0      0        0
..................................................................


WIND (MPH)
  HIGHEST WIND SPEED    23   HIGHEST WIND DIRECTION    SW (230)
  HIGHEST GUST SPEED    30   HIGHEST GUST DIRECTION    SW (240)
  AVERAGE WIND SPEED     9.1


SKY COVER
  AVERAGE SKY COVER 0.6


WEATHER CONDITIONS
 THE FOLLOWING WEATHER WAS RECORDED YESTERDAY.
  NO SIGNIFICANT WEATHER WAS OBSERVED.


RELATIVE HUMIDITY (PERCENT)
 HIGHEST    63           400 AM
 LOWEST     24           200 PM
 AVERAGE    44

..........................................................


THE NEWARK NJ CLIMATE NORMALS FOR TODAY
                         NORMAL    RECORD    YEAR
 MAXIMUM TEMPERATURE (F)   46        68      1976
 MINIMUM TEMPERATURE (F)   29         0      1934


SUNRISE AND SUNSET
FEBRUARY 28 2017......SUNRISE   632 AM EST   SUNSET   547 PM EST
MARCH  1 2017.........SUNRISE   630 AM EST   SUNSET   548 PM EST


-  INDICATES NEGATIVE NUMBERS.
R  INDICATES RECORD WAS SET OR TIED.
MM INDICATES DATA IS MISSING.
T  INDICATES TRACE AMOUNT.




$$
