000
CDUS42 KKEY 262023
CLIEYW

CLIMATE REPORT
NATIONAL WEATHER SERVICE KEY WEST, FL
419 PM EDT FRI MAY 26 2017

...................................

...THE KEY WEST CLIMATE SUMMARY FOR MAY 26 2017...
VALID TODAY AS OF 0400 PM LOCAL TIME.

CLIMATE NORMAL PERIOD 1981 TO 2010
CLIMATE RECORD PERIOD 1871 TO 2017

WEATHER ITEM   OBSERVED TIME   RECORD YEAR NORMAL DEPARTURE LAST
                VALUE   (LST)  VALUE       VALUE  FROM      YEAR
                                                  NORMAL
..................................................................

TEMPERATURE (F)
 TODAY
  MAXIMUM         88    259 PM  91    1989  86      2       87
                                      1873
  MINIMUM         81    304 AM  68    1992  77      4       77
  AVERAGE         85                        82      3       82

PRECIPITATION (IN)
  TODAY            0.00          2.89 1882   0.14  -0.14     0.00
  MONTH TO DATE    1.19                      2.30  -1.11     2.30
  SINCE MAR 1      6.00                      6.40  -0.40     4.00
  SINCE JAN 1      9.05                      9.93  -0.88    11.08

SNOWFALL (IN)
  TODAY            0.0
  MONTH TO DATE    0.0
  SINCE MAR 1      0.0
  SINCE JUL 1      0.0
  SNOW DEPTH       0

DEGREE DAYS
 HEATING
  TODAY            0                         0      0        0
  MONTH TO DATE    0                         0      0        0
  SINCE MAR 1      0                         7     -7        0
  SINCE JUL 1      5                        73    -68       24

 COOLING
  TODAY           20                        17      3       17
  MONTH TO DATE  418                       392     26      383
  SINCE MAR 1   1112                       998    114     1076
  SINCE JAN 1   1652                      1346    306     1404
..................................................................

WIND (MPH)
  HIGHEST WIND SPEED     8   HIGHEST WIND DIRECTION    SW (210)
  HIGHEST GUST SPEED    14   HIGHEST GUST DIRECTION    SE (140)
  AVERAGE WIND SPEED     4.5

SKY COVER
  POSSIBLE SUNSHINE  MM
  AVERAGE SKY COVER 0.1

WEATHER CONDITIONS
 THE FOLLOWING WEATHER WAS RECORDED TODAY.
  NO SIGNIFICANT WEATHER WAS OBSERVED.

RELATIVE HUMIDITY (PERCENT)
 HIGHEST    91
 LOWEST     75
 AVERAGE    83

..........................................................

THE KEY WEST CLIMATE NORMALS FOR TOMORROW
                         NORMAL    RECORD    YEAR
 MAXIMUM TEMPERATURE (F)   86        90      2000
                                             1989
                                             1955
 MINIMUM TEMPERATURE (F)   77        70      1894


SUNRISE AND SUNSET

MAY 26 2017...........SUNRISE   639 AM EDT   SUNSET   809 PM EDT
MAY 27 2017...........SUNRISE   639 AM EDT   SUNSET   810 PM EDT

-  INDICATES NEGATIVE NUMBERS.
R  INDICATES RECORD WAS SET OR TIED.
MM INDICATES DATA IS MISSING.
T  INDICATES TRACE AMOUNT.

$$

SC
