000
CDUS42 KKEY 250540
CLIEYW

CLIMATE REPORT
NATIONAL WEATHER SERVICE KEY WEST, FL
127 AM EDT MON MAY 25 2015


...................................

...THE KEY WEST CLIMATE SUMMARY FOR MAY 24 2015...

CLIMATE NORMAL PERIOD 1981 TO 2010
CLIMATE RECORD PERIOD 1871 TO 2015


WEATHER ITEM   OBSERVED TIME   RECORD YEAR NORMAL DEPARTURE LAST
                VALUE   (LST)  VALUE       VALUE  FROM      YEAR
                                                  NORMAL
..................................................................
TEMPERATURE (F)
 YESTERDAY
  MAXIMUM         88   1248 PM  92    1873  86      2       86
  MINIMUM         81   1159 PM  68    1900  77      4       76
  AVERAGE         85                        81      4       81

PRECIPITATION (IN)
  YESTERDAY        0.00          3.15 1937   0.12  -0.12     0.00
  MONTH TO DATE    1.07                      2.04  -0.97     0.91
  SINCE MAR 1      9.15                      6.14   3.01     5.25
  SINCE JAN 1     12.38                      9.67   2.71    12.85

SNOWFALL (IN)
  YESTERDAY        0.0
  MONTH TO DATE    0.0
  SINCE MAR 1      0.0
  SINCE JUL 1      0.0
  SNOW DEPTH       0

DEGREE DAYS
 HEATING
  YESTERDAY        0                         0      0        0
  MONTH TO DATE    0                         0      0        0
  SINCE MAR 1      0                         7     -7        0
  SINCE JUL 1     27                        73    -46       22

 COOLING
  YESTERDAY       20                        16      4       16
  MONTH TO DATE  391                       358     33      395
  SINCE MAR 1   1235                       964    271     1063
  SINCE JAN 1   1593                      1312    281     1489
..................................................................


WIND (MPH)
  HIGHEST WIND SPEED    21   HIGHEST WIND DIRECTION     E (100)
  HIGHEST GUST SPEED    26   HIGHEST GUST DIRECTION     E (100)
  AVERAGE WIND SPEED    16.1


SKY COVER
  POSSIBLE SUNSHINE  MM
  AVERAGE SKY COVER 0.2


WEATHER CONDITIONS
 THE FOLLOWING WEATHER WAS RECORDED YESTERDAY.
  NO SIGNIFICANT WEATHER WAS OBSERVED.


RELATIVE HUMIDITY (PERCENT)
 HIGHEST    79
 LOWEST     65
 AVERAGE    72

..........................................................


THE KEY WEST CLIMATE NORMALS FOR TODAY
                         NORMAL    RECORD    YEAR
 MAXIMUM TEMPERATURE (F)   86        91      2008
                                             1989
 MINIMUM TEMPERATURE (F)   77        70      1992
                                             1913


SUNRISE AND SUNSET
MAY 25 2015...........SUNRISE   640 AM EDT   SUNSET   808 PM EDT
MAY 26 2015...........SUNRISE   639 AM EDT   SUNSET   809 PM EDT


-  INDICATES NEGATIVE NUMBERS.
R  INDICATES RECORD WAS SET OR TIED.
MM INDICATES DATA IS MISSING.
T  INDICATES TRACE AMOUNT.

$$

CLR
