000
CDUS42 KKEY 180531
CLIEYW

CLIMATE REPORT
NATIONAL WEATHER SERVICE KEY WEST, FL
128 AM EDT FRI APR 18 2014


...................................

...THE KEY WEST CLIMATE SUMMARY FOR APRIL 17 2014...

CLIMATE NORMAL PERIOD 1981 TO 2010
CLIMATE RECORD PERIOD 1871 TO 2014


WEATHER ITEM   OBSERVED TIME   RECORD YEAR NORMAL DEPARTURE LAST
                VALUE   (LST)  VALUE       VALUE  FROM      YEAR
                                                  NORMAL
..................................................................
TEMPERATURE (F)
 YESTERDAY
  MAXIMUM         85    214 PM  89    1947  82      3       87
  MINIMUM         76    331 AM  62    1987  72      4       80
                                      1873
  AVERAGE         81                        77      4       84

PRECIPITATION (IN)
  YESTERDAY        0.00          1.16 1897   0.08  -0.08     0.00
  MONTH TO DATE    0.56                      1.17  -0.61     1.43
  SINCE MAR 1      4.34                      3.22   1.12     3.63
  SINCE JAN 1     11.94                      6.75   5.19     5.17

SNOWFALL (IN)
  YESTERDAY        0.0
  MONTH TO DATE    0.0
  SINCE MAR 1      0.0
  SINCE JUL 1      0.0
  SNOW DEPTH       0

DEGREE DAYS
 HEATING
  YESTERDAY        0                         0      0        0
  MONTH TO DATE    0                         0      0        0
  SINCE MAR 1      0                         7     -7       16
  SINCE JUL 1     22                        73    -51       28

 COOLING
  YESTERDAY       16                        12      4       19
  MONTH TO DATE  210                       181     29      245
  SINCE MAR 1    487                       443     44      407
  SINCE JAN 1    913                       791    122      941
..................................................................


WIND (MPH)
  HIGHEST WIND SPEED    22   HIGHEST WIND DIRECTION     E (100)
  HIGHEST GUST SPEED    28   HIGHEST GUST DIRECTION     E (100)
  AVERAGE WIND SPEED    12.9


SKY COVER
  POSSIBLE SUNSHINE  MM
  AVERAGE SKY COVER 0.3


WEATHER CONDITIONS
 THE FOLLOWING WEATHER WAS RECORDED YESTERDAY.
  NO SIGNIFICANT WEATHER WAS OBSERVED.


RELATIVE HUMIDITY (PERCENT)
 HIGHEST    88
 LOWEST     70
 AVERAGE    79

..........................................................


THE KEY WEST CLIMATE NORMALS FOR TODAY
                         NORMAL    RECORD    YEAR
 MAXIMUM TEMPERATURE (F)   82        88      1953
 MINIMUM TEMPERATURE (F)   72        60      2007


SUNRISE AND SUNSET
APRIL 18 2014.........SUNRISE   702 AM EDT   SUNSET   750 PM EDT
APRIL 19 2014.........SUNRISE   702 AM EDT   SUNSET   751 PM EDT


-  INDICATES NEGATIVE NUMBERS.
R  INDICATES RECORD WAS SET OR TIED.
MM INDICATES DATA IS MISSING.
T  INDICATES TRACE AMOUNT.




$$
