000
CDUS42 KKEY 170538
CLIEYW

CLIMATE REPORT
NATIONAL WEATHER SERVICE KEY WEST, FL
136 AM EDT WED SEP 17 2014


...................................

...THE KEY WEST CLIMATE SUMMARY FOR SEPTEMBER 16 2014...

CLIMATE NORMAL PERIOD 1981 TO 2010
CLIMATE RECORD PERIOD 1871 TO 2014


WEATHER ITEM   OBSERVED TIME   RECORD YEAR NORMAL DEPARTURE LAST
                VALUE   (LST)  VALUE       VALUE  FROM      YEAR
                                                  NORMAL
..................................................................
TEMPERATURE (F)
 YESTERDAY
  MAXIMUM         89    330 PM  94    1872  88      1       83
  MINIMUM         81   1159 PM  71    1935  79      2       75
                                      1925
                                      1899
  AVERAGE         85                        83      2       79

PRECIPITATION (IN)
  YESTERDAY        T             5.04 1935   0.25  -0.25     1.00
  MONTH TO DATE    4.04                      3.52   0.52     3.47
  SINCE SEP 1      4.04                      3.52   0.52     3.47
  SINCE JAN 1     26.18                     27.19  -1.01    38.98

SNOWFALL (IN)
  YESTERDAY        0.0
  MONTH TO DATE    0.0
  SINCE SEP 1      0.0
  SINCE JUL 1      0.0
  SNOW DEPTH       0

DEGREE DAYS
 HEATING
  YESTERDAY        0                         0      0        0
  MONTH TO DATE    0                         0      0        0
  SINCE SEP 1      0                         0      0        0
  SINCE JUL 1      0                         0      0        0

 COOLING
  YESTERDAY       20                        18      2       14
  MONTH TO DATE  300                       298      2      291
  SINCE SEP 1    300                       298      2      291
  SINCE JAN 1   3820                      3487    333     3611
..................................................................


WIND (MPH)
  HIGHEST WIND SPEED    12   HIGHEST WIND DIRECTION    SE (130)
  HIGHEST GUST SPEED    18   HIGHEST GUST DIRECTION     E (100)
  AVERAGE WIND SPEED     5.7


SKY COVER
  POSSIBLE SUNSHINE  MM
  AVERAGE SKY COVER 0.1


WEATHER CONDITIONS
 THE FOLLOWING WEATHER WAS RECORDED YESTERDAY.
  THUNDERSTORM
  LIGHT RAIN


RELATIVE HUMIDITY (PERCENT)
 HIGHEST    79
 LOWEST     63
 AVERAGE    71

..........................................................


THE KEY WEST CLIMATE NORMALS FOR TODAY
                         NORMAL    RECORD    YEAR
 MAXIMUM TEMPERATURE (F)   88        92      1990
                                             1881
                                             1872
 MINIMUM TEMPERATURE (F)   79        69      1985


SUNRISE AND SUNSET
SEPTEMBER 17 2014.....SUNRISE   714 AM EDT   SUNSET   729 PM EDT
SEPTEMBER 18 2014.....SUNRISE   714 AM EDT   SUNSET   728 PM EDT


-  INDICATES NEGATIVE NUMBERS.
R  INDICATES RECORD WAS SET OR TIED.
MM INDICATES DATA IS MISSING.
T  INDICATES TRACE AMOUNT.

$$

CLR
