000
CDAK49 PAFG 280940
CLIFAI

CLIMATE REPORT
NATIONAL WEATHER SERVICE FAIRBANKS AK
140 AM AKDT SUN AUG 28 2016

...................................

...THE FAIRBANKS AK CLIMATE SUMMARY FOR AUGUST 27 2016...

CLIMATE NORMAL PERIOD 1981 TO 2010
CLIMATE RECORD PERIOD 1904 TO 2016


WEATHER ITEM   OBSERVED TIME   RECORD YEAR NORMAL DEPARTURE LAST
                VALUE   (LST)  VALUE       VALUE  FROM      YEAR
                                                  NORMAL
..................................................................
TEMPERATURE (F)
 YESTERDAY
  MAXIMUM         70    447 PM  84    1981  63      7       51
  MINIMUM         54    715 AM  28    1933  43     11       45
  AVERAGE         62                        53      9       48

PRECIPITATION (IN)
  YESTERDAY        0.11          1.04 1930   0.05   0.06     0.17
  MONTH TO DATE    1.56                      1.67  -0.11     2.44
  SINCE JUN 1      9.82                      5.20   4.62     6.25
  SINCE JAN 1     11.71                      7.36   4.35     7.82

SNOWFALL (IN)
  YESTERDAY        0.0           0.0  2002   0.0    0.0      0.0
                                      2001
                                      2000
  MONTH TO DATE    0.0                       0.0    0.0      0.0
  SINCE JUN 1      0.0                       0.0    0.0      0.0
  SINCE JUL 1      0.0                       0.0    0.0      0.0
  SNOW DEPTH       0

DEGREE DAYS
 HEATING
  YESTERDAY        3                        12     -9       17
  MONTH TO DATE   89                       228   -139      231
  SINCE JUN 1    334                       496   -162      516
  SINCE JUL 1    173                       336   -163      335

 COOLING
  YESTERDAY        0                         0      0        0
  MONTH TO DATE    8                         0      8        5
  SINCE JUN 1     70                        54     16       60
  SINCE JAN 1     76                        55     21       62
..................................................................


WIND (MPH)
  HIGHEST GUST SPEED    18   HIGHEST GUST DIRECTION    NE (60)


SKY COVER
  AVERAGE SKY COVER 0.7


WEATHER CONDITIONS
 THE FOLLOWING WEATHER WAS RECORDED YESTERDAY.
  LIGHT RAIN
  FOG


RELATIVE HUMIDITY (PERCENT)
 HIGHEST   100
 LOWEST     55
 AVERAGE    78

..........................................................


THE FAIRBANKS AK CLIMATE NORMALS FOR TODAY
                         NORMAL    RECORD    YEAR
 MAXIMUM TEMPERATURE (F)   63        82      1949
 MINIMUM TEMPERATURE (F)   43        26      1913


SUNRISE AND SUNSET
AUGUST 28 2016..........SUNRISE  622 AM AKDT   SUNSET  922 PM AKDT
AUGUST 29 2016..........SUNRISE  625 AM AKDT   SUNSET  918 PM AKDT


-  INDICATES NEGATIVE NUMBERS.
R  INDICATES RECORD WAS SET OR TIED.
MM INDICATES DATA IS MISSING.
T  INDICATES TRACE AMOUNT.

&&

SNOW DEPTH IS MEASURED AT 3AM AKST/4AM AKDT

----------------------------
AVAILABLE DAYLIGHT

AMOUNT OF DAYLIGHT TODAY  (HOUR:MIN)........15:00
LOSS SINCE YESTERDAY........................7 MINUTES
----------------------------

$$
DJH AUG 16
