000
CDAK49 PAFG 290038
CLIFAI

CLIMATE REPORT
NATIONAL WEATHER SERVICE FAIRBANKS AK
438 PM AKDT TUE JUL 28 2015

...................................

...THE FAIRBANKS AK CLIMATE SUMMARY FOR JULY 28 2015...
VALID TODAY AS OF 0400 PM LOCAL TIME.

CLIMATE NORMAL PERIOD 1981 TO 2010
CLIMATE RECORD PERIOD 1904 TO 2015


WEATHER ITEM   OBSERVED TIME   RECORD YEAR NORMAL DEPARTURE LAST
                VALUE   (LST)  VALUE       VALUE  FROM      YEAR
                                                  NORMAL
..................................................................
TEMPERATURE (F)
 TODAY
  MAXIMUM         67    223 PM  99    1919  70     -3       68
  MINIMUM         53    457 AM  34    1943  51      2       50
  AVERAGE         60                        61     -1       59

PRECIPITATION (IN)
  TODAY            0.26          1.14 2008   0.07   0.19     0.00
  MONTH TO DATE    1.89                      1.94  -0.05     5.78
  SINCE JUN 1      2.92                      3.31  -0.39     9.34
  SINCE JAN 1      4.49                      5.47  -0.98    10.43

SNOWFALL (IN)
  TODAY            0.0           0.0  2002   0.0    0.0      0.0
                                      2001
                                      2000
  MONTH TO DATE    0.0                       0.0    0.0      0.0
  SINCE JUN 1      0.0                       0.0    0.0      0.0
  SINCE JUL 1      0.0                       0.0    0.0      0.0
  SNOW DEPTH       0

DEGREE DAYS
 HEATING
  TODAY            5                         5      0        6
  MONTH TO DATE   90                        95     -5      131
  SINCE JUN 1    271                       255     16      323
  SINCE JUL 1     90                        95     -5      131

 COOLING
  TODAY            0                         0      0        0
  MONTH TO DATE   24                        29     -5       19
  SINCE JUN 1     55                        52      3       20
  SINCE JAN 1     57                        53      4       20
..................................................................


WIND (MPH)
  HIGHEST GUST SPEED    10   HIGHEST GUST DIRECTION    SW (210)


SKY COVER
  AVERAGE SKY COVER 1.0


WEATHER CONDITIONS
 THE FOLLOWING WEATHER WAS RECORDED TODAY.
  HEAVY RAIN
  RAIN
  LIGHT RAIN
  FOG
  HAZE


RELATIVE HUMIDITY (PERCENT)
 HIGHEST   100
 LOWEST     63
 AVERAGE    82

..........................................................


THE FAIRBANKS AK CLIMATE NORMALS FOR TOMORROW
                         NORMAL    RECORD    YEAR
 MAXIMUM TEMPERATURE (F)   70        95      1919
 MINIMUM TEMPERATURE (F)   51        33      1929


SUNRISE AND SUNSET
JULY 28 2015..........SUNRISE  438 AM AKDT   SUNSET  1116 PM AKDT
JULY 29 2015..........SUNRISE  441 AM AKDT   SUNSET  1113 PM AKDT


-  INDICATES NEGATIVE NUMBERS.
R  INDICATES RECORD WAS SET OR TIED.
MM INDICATES DATA IS MISSING.
T  INDICATES TRACE AMOUNT.

&&

SNOW DEPTH IS MEASURED AT 3AM AKST/4AM AKDT

----------------------------
AVAILABLE DAYLIGHT

AMOUNT OF DAYLIGHT TODAY  (HOUR:MIN)........18:38
LOSS SINCE YESTERDAY........................6 MINUTES
----------------------------

$$
JUL 15
