000
CDAK49 PAFG 020941
CLIFAI

CLIMATE REPORT
NATIONAL WEATHER SERVICE FAIRBANKS AK
141 AM AKDT THU JUL 2 2015

...................................

...THE FAIRBANKS AK CLIMATE SUMMARY FOR JULY 1 2015...

CLIMATE NORMAL PERIOD 1981 TO 2010
CLIMATE RECORD PERIOD 1904 TO 2015


WEATHER ITEM   OBSERVED TIME   RECORD YEAR NORMAL DEPARTURE LAST
                VALUE   (LST)  VALUE       VALUE  FROM      YEAR
                                                  NORMAL
..................................................................
TEMPERATURE (F)
 YESTERDAY
  MAXIMUM         61    646 PM  88    1990  74    -13       59
  MINIMUM         54   1159 PM  31    1905  53      1       55
  AVERAGE         58                        64     -6       57

PRECIPITATION (IN)
  YESTERDAY        0.23          1.92 2014   0.06   0.17     1.92
  MONTH TO DATE    0.23                      0.06   0.17     1.92
  SINCE JUN 1      1.26                      1.43  -0.17     5.48
  SINCE JAN 1      2.83                      3.59  -0.76     6.57

SNOWFALL (IN)
  YESTERDAY        0.0           0.0  2002   0.0    0.0      0.0
                                      2001
                                      2000
  MONTH TO DATE    0.0                       0.0    0.0      0.0
  SINCE JUN 1      0.0                       0.0    0.0      0.0
  SINCE JUL 1      0.0                       0.0    0.0      0.0
  SNOW DEPTH       0

DEGREE DAYS
 HEATING
  YESTERDAY        7                         3      4        8
  MONTH TO DATE    7                         3      4        8
  SINCE JUN 1    188                       163     25      200
  SINCE JUL 1      7                         3      4        8

 COOLING
  YESTERDAY        0                         2     -2        0
  MONTH TO DATE    0                         2     -2        0
  SINCE JUN 1     31                        25      6        1
  SINCE JAN 1     33                        26      7        1
..................................................................


WIND (MPH)
  HIGHEST GUST SPEED    14   HIGHEST GUST DIRECTION     S (190)


SKY COVER
  AVERAGE SKY COVER 1.0


WEATHER CONDITIONS
 THE FOLLOWING WEATHER WAS RECORDED YESTERDAY.
  RAIN
  LIGHT RAIN
  FOG
  HAZE


RELATIVE HUMIDITY (PERCENT)
 HIGHEST    93
 LOWEST     80
 AVERAGE    87

..........................................................


THE FAIRBANKS AK CLIMATE NORMALS FOR TODAY
                         NORMAL    RECORD    YEAR
 MAXIMUM TEMPERATURE (F)   74        87      1986
 MINIMUM TEMPERATURE (F)   53        38      1924


SUNRISE AND SUNSET
JULY 02 2015..........SUNRISE  315 AM AKDT   SUNSET  1236 AM AKDT
JULY 03 2015..........SUNRISE  317 AM AKDT   SUNSET  1233 AM AKDT


-  INDICATES NEGATIVE NUMBERS.
R  INDICATES RECORD WAS SET OR TIED.
MM INDICATES DATA IS MISSING.
T  INDICATES TRACE AMOUNT.

&&

SNOW DEPTH IS MEASURED AT 3AM AKST/4AM AKDT

----------------------------
AVAILABLE DAYLIGHT

AMOUNT OF DAYLIGHT TODAY  (HOUR:MIN)........21:21
LOSS SINCE YESTERDAY........................4 MINUTES
----------------------------

$$
LTH JUL 15
