000
CDAK49 PAFG 010931
CLIFAI

CLIMATE REPORT
NATIONAL WEATHER SERVICE FAIRBANKS AK
131 AM AKDT TUE SEP 1 2015

...................................

...THE FAIRBANKS AK CLIMATE SUMMARY FOR AUGUST 31 2015...

CLIMATE NORMAL PERIOD 1981 TO 2010
CLIMATE RECORD PERIOD 1904 TO 2015


WEATHER ITEM   OBSERVED TIME   RECORD YEAR NORMAL DEPARTURE LAST
                VALUE   (LST)  VALUE       VALUE  FROM      YEAR
                                                  NORMAL
..................................................................
TEMPERATURE (F)
 YESTERDAY
  MAXIMUM         50    232 PM  78    1916  62    -12       52
  MINIMUM         33    733 AM  25    1922  41     -8       34
  AVERAGE         42                        52    -10       43

PRECIPITATION (IN)
  YESTERDAY        0.00          0.54 1937   0.05  -0.05     0.00
  MONTH TO DATE    2.58                      1.88   0.70     2.29
  SINCE JUN 1      6.39                      5.41   0.98    11.63
  SINCE JAN 1      7.96                      7.57   0.39    12.72

SNOWFALL (IN)
  YESTERDAY        0.0           T    2005   0.0    0.0      0.0
                                      1922
  MONTH TO DATE    0.0                       T      0.0      0.0
  SINCE JUN 1      0.0                       T      0.0      0.0
  SINCE JUL 1      0.0                       T      0.0      0.0
  SNOW DEPTH       0

DEGREE DAYS
 HEATING
  YESTERDAY       23                        13     10       22
  MONTH TO DATE  321                       279     42      184
  SINCE JUN 1    606                       549     57      513
  SINCE JUL 1    425                       389     36      321

 COOLING
  YESTERDAY        0                         0      0        0
  MONTH TO DATE    5                         6     -1        7
  SINCE JUN 1     60                        60      0       27
  SINCE JAN 1     62                        61      1       27
..................................................................


WIND (MPH)
  HIGHEST GUST SPEED    20   HIGHEST GUST DIRECTION     W (280)


SKY COVER
  AVERAGE SKY COVER 0.8


WEATHER CONDITIONS
 THE FOLLOWING WEATHER WAS RECORDED YESTERDAY.
  FOG


RELATIVE HUMIDITY (PERCENT)
 HIGHEST    96
 LOWEST     46
 AVERAGE    71

..........................................................


THE FAIRBANKS AK CLIMATE NORMALS FOR TODAY
                         NORMAL    RECORD    YEAR
 MAXIMUM TEMPERATURE (F)   62        80      1963
 MINIMUM TEMPERATURE (F)   41        17      1922


SUNRISE AND SUNSET
SEPTEMBER 01 2015..........SUNRISE  632 AM AKDT   SUNSET  910 PM AKDT
SEPTEMBER 02 2015..........SUNRISE  635 AM AKDT   SUNSET  906 PM AKDT


-  INDICATES NEGATIVE NUMBERS.
R  INDICATES RECORD WAS SET OR TIED.
MM INDICATES DATA IS MISSING.
T  INDICATES TRACE AMOUNT.

&&

SNOW DEPTH IS MEASURED AT 3AM AKST/4AM AKDT

----------------------------
AVAILABLE DAYLIGHT

AMOUNT OF DAYLIGHT TODAY  (HOUR:MIN)........14:38
LOSS SINCE YESTERDAY........................7 MINUTES
----------------------------

$$
RF SEP 15
