366
CDAK49 PAFG 190047
CLIFAI

CLIMATE REPORT
NATIONAL WEATHER SERVICE FAIRBANKS AK
347 PM AKST WED JAN 18 2017

...................................

...THE FAIRBANKS CLIMATE SUMMARY FOR JANUARY 18 2017...
VALID AS OF 0900 AM LOCAL TIME.

CLIMATE NORMAL PERIOD 1981 TO 2010
CLIMATE RECORD PERIOD 1904 TO 2017


WEATHER ITEM   OBSERVED RECORD YEAR NORMAL DEPARTURE LAST
                VALUE   VALUE       VALUE  FROM      YEAR
                                           NORMAL
...........................................................
TEMPERATURE (F)
 TODAY
  MAXIMUM        -44     38    2001   0    -44       10
                               1980
                               1965
  MINIMUM        -50    -61    1906 -16    -34      -13
  AVERAGE        -47

PRECIPITATION (IN)
  TODAY            0.00   0.87 1937   0.02  -0.02      T
  MONTH TO DATE    0.82               0.36   0.46      T
  SINCE DEC 1      2.78               1.00   1.78     0.07
  SINCE JAN 1      0.82               0.36   0.46      T

SNOWFALL (IN)
  TODAY            0.0    8.6  2000   0.3              T
  MONTH TO DATE   13.8                6.4             0.6
  SINCE DEC 1     46.7               18.5             1.7
  SINCE JUL 1     51.9               44.3            51.8

DEGREE DAYS
 HEATING
  TODAY          112
...........................................................


WIND (MPH)
  RESULTANT WIND SPEED   0   RESULTANT WIND DIRECTION  NW (330)
  HIGHEST WIND SPEED     4   HIGHEST WIND DIRECTION    NW (330)
  HIGHEST GUST SPEED    MM   HIGHEST GUST DIRECTION    MM


SKY COVER
  POSSIBLE SUNSHINE  MM
  AVERAGE SKY COVER 0.7


WEATHER CONDITIONS
 THE FOLLOWING WEATHER WAS RECORDED TODAY.
  FOG
  FOG W/VISIBILITY <= 1/4 MILE


RELATIVE HUMIDITY (PERCENT)
 HIGHEST    MM
 LOWEST     MM
 AVERAGE    MM

..........................................................


THE FAIRBANKS CLIMATE NORMALS FOR TOMORROW
                         NORMAL    RECORD    YEAR
 MAXIMUM TEMPERATURE (F)    0        42      1981
 MINIMUM TEMPERATURE (F)  -16       -64      1906


SUNRISE AND SUNSET
JANUARY 18 2017..........SUNRISE  1018 AM AKST   SUNSET  347 PM AKST
JANUARY 19 2017..........SUNRISE  1015 AM AKST   SUNSET  351 PM AKST


-  INDICATES NEGATIVE NUMBERS.
R  INDICATES RECORD WAS SET OR TIED.
MM INDICATES DATA IS MISSING.
T  INDICATES TRACE AMOUNT.

&&

SNOW DEPTH IS MEASURED AT 3AM AKST/4AM AKDT

----------------------------
AVAILABLE DAYLIGHT

AMOUNT OF DAYLIGHT TODAY  (HOUR:MIN)........5:29
GAIN SINCE YESTERDAY........................5 MINUTES
----------------------------

$$
HFL JAN 17
