000
CDAK49 PAFG 260950
CLIFAI

CLIMATE REPORT
NATIONAL WEATHER SERVICE FAIRBANKS AK
150 AM AKDT WED JUL 26 2017

...................................

...THE FAIRBANKS AK CLIMATE SUMMARY FOR JULY 25 2017...

CLIMATE NORMAL PERIOD 1981 TO 2010
CLIMATE RECORD PERIOD 1904 TO 2017


WEATHER ITEM   OBSERVED TIME   RECORD YEAR NORMAL DEPARTURE LAST
                VALUE   (LST)  VALUE       VALUE  FROM      YEAR
                                                  NORMAL
..................................................................
TEMPERATURE (F)
 YESTERDAY
  MAXIMUM         66    651 PM  93    1955  71     -5       74
  MINIMUM         55    519 AM  40    1958  52      3       52
                                      1921
                                      1917
  AVERAGE         61                        61      0       63

PRECIPITATION (IN)
  YESTERDAY        T             0.72 1984   0.07  -0.07      T
  MONTH TO DATE    1.76                      1.72   0.04     2.99
  SINCE JUN 1      3.49                      3.09   0.40     6.28
  SINCE JAN 1      6.54                      5.25   1.29     8.17

SNOWFALL (IN)
  YESTERDAY        0.0           0.0  2002   0.0    0.0      0.0
                                      2001
                                      2000
  MONTH TO DATE    0.0                       0.0    0.0      0.0
  SINCE JUN 1      0.0                       0.0    0.0      0.0
  SINCE JUL 1      0.0                       0.0    0.0      0.0
  SNOW DEPTH       0

DEGREE DAYS
 HEATING
  YESTERDAY        4                         4      0        2
  MONTH TO DATE   23                        81    -58       61
  SINCE JUN 1    117                       241   -124      222
  SINCE JUL 1     23                        81    -58       61

 COOLING
  YESTERDAY        0                         1     -1        0
  MONTH TO DATE   50                        29     21       41
  SINCE JUN 1     85                        52     33       60
  SINCE JAN 1     85                        53     32       66
..................................................................


WIND (MPH)
  HIGHEST GUST SPEED    10   HIGHEST GUST DIRECTION     S (190)


SKY COVER
  AVERAGE SKY COVER 0.9


WEATHER CONDITIONS
 THE FOLLOWING WEATHER WAS RECORDED YESTERDAY.
  LIGHT RAIN


RELATIVE HUMIDITY (PERCENT)
 HIGHEST    93
 LOWEST     67
 AVERAGE    80

..........................................................


THE FAIRBANKS AK CLIMATE NORMALS FOR TODAY
                         NORMAL    RECORD    YEAR
 MAXIMUM TEMPERATURE (F)   71        89      1919
 MINIMUM TEMPERATURE (F)   51        36      1946
                                             1910


SUNRISE AND SUNSET
JULY 26 2017..........SUNRISE  432 AM AKDT   SUNSET  1121 PM AKDT
JULY 27 2017..........SUNRISE  436 AM AKDT   SUNSET  1117 PM AKDT


-  INDICATES NEGATIVE NUMBERS.
R  INDICATES RECORD WAS SET OR TIED.
MM INDICATES DATA IS MISSING.
T  INDICATES TRACE AMOUNT.

&&

SNOW DEPTH IS MEASURED AT 3AM AKST/4AM AKDT

----------------------------
AVAILABLE DAYLIGHT

AMOUNT OF DAYLIGHT TODAY  (HOUR:MIN)........18:49
LOSS SINCE YESTERDAY........................6 MINUTES
----------------------------

$$
JUL 17
