000
CDUS43 KFGF 222253
CLIFAR


CLIMATE REPORT
NATIONAL WEATHER SERVICE EASTERN NORTH DAKOTA/GRAND FORKS
453 PM CST THU FEB 22 2018


...................................

...THE FARGO HECTOR INTL AP ND CLIMATE SUMMARY FOR FEBRUARY 22 2018...
VALID TODAY AS OF 0400 PM LOCAL TIME.

CLIMATE NORMAL PERIOD 1981 TO 2010
CLIMATE RECORD PERIOD 1881 TO 2018


WEATHER ITEM   OBSERVED TIME   RECORD YEAR NORMAL DEPARTURE LAST
                VALUE   (LST)  VALUE       VALUE  FROM      YEAR
                                                  NORMAL
..................................................................
TEMPERATURE (F)
 TODAY
  MAXIMUM         24    331 PM  49    1958  26     -2       36
  MINIMUM          0   1228 AM -30    1891   9     -9       30
  AVERAGE         12                        17     -5       33

PRECIPITATION (IN)
  TODAY            0.00          0.41 1979   0.03  -0.03     0.28
  MONTH TO DATE    0.33                      0.43  -0.10     0.68
  SINCE DEC 1      1.31                      1.96  -0.65     2.93
  SINCE JAN 1      0.54                      1.13  -0.59     1.66

SNOWFALL (IN)
  TODAY            0.0           6.4  1979   0.3   -0.3      0.3
  MONTH TO DATE    5.9                       5.2    0.7      1.4
  SINCE DEC 1     17.6                      27.6  -10.0     22.8
  SINCE JUL 1     21.3                      36.2  -14.9     26.5
  SNOW DEPTH       5

DEGREE DAYS
 HEATING
  TODAY           53                        48      5       32
  MONTH TO DATE 1312                      1134    178      883
  SINCE DEC 1   4553                      4440    113     3941
  SINCE JUL 1   6351                      6402    -51     5246

 COOLING
  TODAY            0                         0      0        0
  MONTH TO DATE    0                         0      0        0
  SINCE DEC 1      0                         0      0        0
  SINCE JAN 1      0                         0      0        0
..................................................................


WIND (MPH)
  HIGHEST WIND SPEED    21   HIGHEST WIND DIRECTION     S (170)
  HIGHEST GUST SPEED    29   HIGHEST GUST DIRECTION     S (170)
  AVERAGE WIND SPEED    12.5


SKY COVER
  POSSIBLE SUNSHINE  MM
  AVERAGE SKY COVER 0.2


WEATHER CONDITIONS
 THE FOLLOWING WEATHER WAS RECORDED TODAY.
  NO SIGNIFICANT WEATHER WAS OBSERVED.


RELATIVE HUMIDITY (PERCENT)
 HIGHEST    87          1200 AM
 LOWEST     67          1200 PM
 AVERAGE    77

..........................................................


THE FARGO HECTOR INTL AP ND CLIMATE NORMALS FOR TOMORROW
                         NORMAL    RECORD    YEAR
 MAXIMUM TEMPERATURE (F)   26        56      1958
 MINIMUM TEMPERATURE (F)    9       -35      1889


SUNRISE AND SUNSET
FEBRUARY 22 2018......SUNRISE   719 AM CST   SUNSET   603 PM CST
FEBRUARY 23 2018......SUNRISE   718 AM CST   SUNSET   604 PM CST


-  INDICATES NEGATIVE NUMBERS.
R  INDICATES RECORD WAS SET OR TIED.
MM INDICATES DATA IS MISSING.
T  INDICATES TRACE AMOUNT.




$$
