857
CDUS43 KFGF 282155
CLIFAR


CLIMATE REPORT
NATIONAL WEATHER SERVICE EASTERN NORTH DAKOTA/GRAND FORKS
454 PM CDT THU APR 28 2016


...................................

...THE FARGO HECTOR INTL AP ND CLIMATE SUMMARY FOR APRIL 28 2016...
VALID TODAY AS OF 0400 PM LOCAL TIME.

CLIMATE NORMAL PERIOD 1981 TO 2010
CLIMATE RECORD PERIOD 1881 TO 2016


WEATHER ITEM   OBSERVED TIME   RECORD YEAR NORMAL DEPARTURE LAST
                VALUE   (LST)  VALUE       VALUE  FROM      YEAR
                                                  NORMAL
..................................................................
TEMPERATURE (F)
 TODAY
  MAXIMUM         60    131 PM  91    2004  63     -3       67
  MINIMUM         43    638 AM  16    1956  38      5       42
  AVERAGE         52                        51      1       55

PRECIPITATION (IN)
  TODAY            0.00          1.72 1918   0.06  -0.06     0.13
  MONTH TO DATE    2.11                      1.23   0.88     0.90
  SINCE MAR 1      3.07                      2.53   0.54     1.20
  SINCE JAN 1      4.06                      3.84   0.22     2.17

SNOWFALL (IN)
  TODAY            0.0           3.2  1994   0.1   -0.1      0.0
  MONTH TO DATE    0.6                       2.9   -2.3       T
  SINCE MAR 1      3.1                      12.0   -8.9      0.4
  SINCE JUL 1     27.4                      50.0  -22.6     16.0
  SNOW DEPTH       0

DEGREE DAYS
 HEATING
  TODAY           13                        15     -2       10
  MONTH TO DATE  598                       598      0      517
  SINCE MAR 1   1418                      1750   -332     1484
  SINCE JUL 1   6941                      8428  -1487     7900

 COOLING
  TODAY            0                         0      0        0
  MONTH TO DATE    0                         0      0        0
  SINCE MAR 1      0                         0      0        0
  SINCE JAN 1      0                         0      0        0
..................................................................


WIND (MPH)
  HIGHEST WIND SPEED    20   HIGHEST WIND DIRECTION    NE (60)
  HIGHEST GUST SPEED    30   HIGHEST GUST DIRECTION    NE (60)
  AVERAGE WIND SPEED     9.6


SKY COVER
  POSSIBLE SUNSHINE  MM
  AVERAGE SKY COVER 0.8


WEATHER CONDITIONS
 THE FOLLOWING WEATHER WAS RECORDED TODAY.
  NO SIGNIFICANT WEATHER WAS OBSERVED.


RELATIVE HUMIDITY (PERCENT)
 HIGHEST    58           200 AM
 LOWEST     21           100 PM
 AVERAGE    40

..........................................................


THE FARGO HECTOR INTL AP ND CLIMATE NORMALS FOR TOMORROW
                         NORMAL    RECORD    YEAR
 MAXIMUM TEMPERATURE (F)   64        88      1934
 MINIMUM TEMPERATURE (F)   38        14      1958


SUNRISE AND SUNSET
APRIL 28 2016.........SUNRISE   616 AM CDT   SUNSET   834 PM CDT
APRIL 29 2016.........SUNRISE   614 AM CDT   SUNSET   836 PM CDT


-  INDICATES NEGATIVE NUMBERS.
R  INDICATES RECORD WAS SET OR TIED.
MM INDICATES DATA IS MISSING.
T  INDICATES TRACE AMOUNT.




$$
