000
CDUS43 KFGF 222159
CLIFAR


CLIMATE REPORT
NATIONAL WEATHER SERVICE EASTERN NORTH DAKOTA/GRAND FORKS
458 PM CDT TUE JUL 22 2014


...................................

...THE FARGO HECTOR INTL AP ND CLIMATE SUMMARY FOR JULY 22 2014...
VALID TODAY AS OF 0400 PM LOCAL TIME.

CLIMATE NORMAL PERIOD 1981 TO 2010
CLIMATE RECORD PERIOD 1881 TO 2014


WEATHER ITEM   OBSERVED TIME   RECORD YEAR NORMAL DEPARTURE LAST
                VALUE   (LST)  VALUE       VALUE  FROM      YEAR
                                                  NORMAL
..................................................................
TEMPERATURE (F)
 TODAY
  MAXIMUM         79    259 PM 106    1934  83     -4       75
  MINIMUM         64    556 AM  42    1887  60      4       53
  AVERAGE         72                        71      1       64

PRECIPITATION (IN)
  TODAY            T             2.12 1969   0.08  -0.08     0.01
  MONTH TO DATE    1.59                      2.13  -0.54     0.82
  SINCE JUN 1      7.28                      6.03   1.25     8.55
  SINCE JAN 1     14.30                     12.84   1.46    21.45

SNOWFALL (IN)
  TODAY            0.0           0.0    MM   0.0    0.0      0.0
  MONTH TO DATE    0.0                       0.0    0.0      0.0
  SINCE JUN 1      0.0                       0.0    0.0      0.0
  SINCE JUL 1      0.0                       0.0    0.0      0.0
  SNOW DEPTH       0

DEGREE DAYS
 HEATING
  TODAY            0                         0      0        1
  MONTH TO DATE   19                        12      7        1
  SINCE JUN 1     49                        85    -36       63
  SINCE JUL 1     19                        12      7        1

 COOLING
  TODAY            7                         7      0        0
  MONTH TO DATE  134                       144    -10      218
  SINCE JUN 1    236                       251    -15      364
  SINCE JAN 1    315                       282     33      393
..................................................................


WIND (MPH)
  HIGHEST WIND SPEED    23   HIGHEST WIND DIRECTION     N (360)
  HIGHEST GUST SPEED    29   HIGHEST GUST DIRECTION     N (10)
  AVERAGE WIND SPEED    15.0


SKY COVER
  POSSIBLE SUNSHINE  MM
  AVERAGE SKY COVER 0.3


WEATHER CONDITIONS
 THE FOLLOWING WEATHER WAS RECORDED TODAY.
  LIGHT RAIN


RELATIVE HUMIDITY (PERCENT)
 HIGHEST    93          1200 AM
 LOWEST     48           100 PM
 AVERAGE    71

..........................................................


THE FARGO HECTOR INTL AP ND CLIMATE NORMALS FOR TOMORROW
                         NORMAL    RECORD    YEAR
 MAXIMUM TEMPERATURE (F)   83        97      1894
 MINIMUM TEMPERATURE (F)   60        45      1889


SUNRISE AND SUNSET
JULY 22 2014..........SUNRISE   555 AM CDT   SUNSET   911 PM CDT
JULY 23 2014..........SUNRISE   556 AM CDT   SUNSET   910 PM CDT


-  INDICATES NEGATIVE NUMBERS.
R  INDICATES RECORD WAS SET OR TIED.
MM INDICATES DATA IS MISSING.
T  INDICATES TRACE AMOUNT.




$$
