514
CDUS43 KFGF 250637
CLIFAR


CLIMATE REPORT
NATIONAL WEATHER SERVICE EASTERN NORTH DAKOTA/GRAND FORKS
135 AM CDT TUE APR 25 2017


...................................

...THE FARGO HECTOR INTL AP ND CLIMATE SUMMARY FOR APRIL 24 2017...

CLIMATE NORMAL PERIOD 1981 TO 2010
CLIMATE RECORD PERIOD 1881 TO 2017


WEATHER ITEM   OBSERVED TIME   RECORD YEAR NORMAL DEPARTURE LAST
                VALUE   (LST)  VALUE       VALUE  FROM      YEAR
                                                  NORMAL
..................................................................
TEMPERATURE (F)
 YESTERDAY
  MAXIMUM         53   1210 PM  87    1990  61     -8       60
                                      1962
  MINIMUM         35   1159 PM  19    1909  36     -1       43
  AVERAGE         44                        49     -5       52

PRECIPITATION (IN)
  YESTERDAY        0.02          0.72 2016   0.06  -0.04     0.72
                                      1917
  MONTH TO DATE    1.03                      1.00   0.03     1.53
  SINCE MAR 1      1.36                      2.30  -0.94     2.49
  SINCE JAN 1      3.13                      3.61  -0.48     3.48

SNOWFALL (IN)
  YESTERDAY        0.0           5.2  1937   0.1   -0.1      0.0
  MONTH TO DATE    T                         2.6   -2.6      0.6
  SINCE MAR 1      1.6                      11.7  -10.1      3.1
  SINCE JUL 1     30.9                      49.7  -18.8     27.4
  SNOW DEPTH       0

DEGREE DAYS
 HEATING
  YESTERDAY       21                        16      5       13
  MONTH TO DATE  419                       536   -117      526
  SINCE MAR 1   1509                      1688   -179     1346
  SINCE JUL 1   7007                      8366  -1359     6869

 COOLING
  YESTERDAY        0                         0      0        0
  MONTH TO DATE    0                         0      0        0
  SINCE MAR 1      0                         0      0        0
  SINCE JAN 1      0                         0      0        0
..................................................................


WIND (MPH)
  HIGHEST WIND SPEED    25   HIGHEST WIND DIRECTION     N (340)
  HIGHEST GUST SPEED    30   HIGHEST GUST DIRECTION     N (340)
  AVERAGE WIND SPEED    13.8


SKY COVER
  POSSIBLE SUNSHINE  MM
  AVERAGE SKY COVER 0.7


WEATHER CONDITIONS
 THE FOLLOWING WEATHER WAS RECORDED YESTERDAY.
  LIGHT RAIN
  FOG


RELATIVE HUMIDITY (PERCENT)
 HIGHEST   100           700 PM
 LOWEST     61          1000 AM
 AVERAGE    81

..........................................................


THE FARGO HECTOR INTL AP ND CLIMATE NORMALS FOR TODAY
                         NORMAL    RECORD    YEAR
 MAXIMUM TEMPERATURE (F)   62        91      1891
 MINIMUM TEMPERATURE (F)   37        14      1909


SUNRISE AND SUNSET
APRIL 25 2017.........SUNRISE   621 AM CDT   SUNSET   830 PM CDT
APRIL 26 2017.........SUNRISE   620 AM CDT   SUNSET   831 PM CDT


-  INDICATES NEGATIVE NUMBERS.
R  INDICATES RECORD WAS SET OR TIED.
MM INDICATES DATA IS MISSING.
T  INDICATES TRACE AMOUNT.




$$
