000
CDUS43 KFGF 210648
CLIFAR


CLIMATE REPORT
NATIONAL WEATHER SERVICE EASTERN NORTH DAKOTA/GRAND FORKS
1243 AM CST TUE NOV 21 2017


...................................

...THE FARGO HECTOR INTL AP ND CLIMATE SUMMARY FOR NOVEMBER 20 2017...

CLIMATE NORMAL PERIOD 1981 TO 2010
CLIMATE RECORD PERIOD 1881 TO 2017


WEATHER ITEM   OBSERVED TIME   RECORD YEAR NORMAL DEPARTURE LAST
                VALUE   (LST)  VALUE       VALUE  FROM      YEAR
                                                  NORMAL
..................................................................
TEMPERATURE (F)
 YESTERDAY
  MAXIMUM         54    340 PM  63    1890  34     20       32
  MINIMUM         21   1228 AM -16    1921  18      3       25
  AVERAGE         38                        26     12       29

PRECIPITATION (IN)
  YESTERDAY        0.00          1.43 1977   0.04  -0.04     0.00
  MONTH TO DATE    0.35                      0.72  -0.37     0.24
  SINCE SEP 1      3.95                      5.44  -1.49     5.23
  SINCE JAN 1     14.45                     21.50  -7.05    20.70

SNOWFALL (IN)
  YESTERDAY        0.0          12.0  1977   0.3   -0.3      0.0
  MONTH TO DATE    3.3                       4.4   -1.1      2.8
  SINCE SEP 1      3.7                       5.1   -1.4      2.8
  SINCE JUL 1      3.7                       5.1   -1.4      2.8
  SNOW DEPTH       0

DEGREE DAYS
 HEATING
  YESTERDAY       27                        39    -12       36
  MONTH TO DATE  767                       663    104      399
  SINCE SEP 1   1456                      1489    -33      996
  SINCE JUL 1   1472                      1539    -67     1013

 COOLING
  YESTERDAY        0                         0      0        0
  MONTH TO DATE    0                         0      0        0
  SINCE SEP 1     71                        46     25       58
  SINCE JAN 1    518                       551    -33      661
..................................................................


WIND (MPH)
  HIGHEST WIND SPEED    32   HIGHEST WIND DIRECTION     W (290)
  HIGHEST GUST SPEED    42   HIGHEST GUST DIRECTION    NW (300)
  AVERAGE WIND SPEED    15.7


SKY COVER
  POSSIBLE SUNSHINE  MM
  AVERAGE SKY COVER 0.0


WEATHER CONDITIONS
 THE FOLLOWING WEATHER WAS RECORDED YESTERDAY.
  NO SIGNIFICANT WEATHER WAS OBSERVED.


RELATIVE HUMIDITY (PERCENT)
 HIGHEST    96          1200 AM
 LOWEST     35           300 PM
 AVERAGE    66

..........................................................


THE FARGO HECTOR INTL AP ND CLIMATE NORMALS FOR TODAY
                         NORMAL    RECORD    YEAR
 MAXIMUM TEMPERATURE (F)   34        59      2012
 MINIMUM TEMPERATURE (F)   17       -14      1896


SUNRISE AND SUNSET
NOVEMBER 21 2017......SUNRISE   739 AM CST   SUNSET   447 PM CST
NOVEMBER 22 2017......SUNRISE   741 AM CST   SUNSET   446 PM CST


-  INDICATES NEGATIVE NUMBERS.
R  INDICATES RECORD WAS SET OR TIED.
MM INDICATES DATA IS MISSING.
T  INDICATES TRACE AMOUNT.




$$
