000
CDUS43 KFGF 300638
CLIFAR


CLIMATE REPORT
NATIONAL WEATHER SERVICE EASTERN NORTH DAKOTA/GRAND FORKS
137 AM CDT THU JUL 30 2015


...................................

...THE FARGO HECTOR INTL AP ND CLIMATE SUMMARY FOR JULY 29 2015...

CLIMATE NORMAL PERIOD 1981 TO 2010
CLIMATE RECORD PERIOD 1881 TO 2015


WEATHER ITEM   OBSERVED TIME   RECORD YEAR NORMAL DEPARTURE LAST
                VALUE   (LST)  VALUE       VALUE  FROM      YEAR
                                                  NORMAL
..................................................................
TEMPERATURE (F)
 YESTERDAY
  MAXIMUM         82    541 PM 100    1975  83     -1       81
  MINIMUM         64    431 AM  44    1899  60      4       51
  AVERAGE         73                        71      2       66

PRECIPITATION (IN)
  YESTERDAY        0.00          1.53 1926   0.08  -0.08     0.00
  MONTH TO DATE    2.78                      2.65   0.13     1.64
  SINCE JUN 1      5.53                      6.55  -1.02     7.33
  SINCE JAN 1     15.63                     13.36   2.27    14.35

SNOWFALL (IN)
  YESTERDAY        0.0           0.0    MM   0.0    0.0      0.0
  MONTH TO DATE    0.0                       0.0    0.0      0.0
  SINCE JUN 1      0.0                       0.0    0.0      0.0
  SINCE JUL 1      0.0                       0.0    0.0      0.0
  SNOW DEPTH       0

DEGREE DAYS
 HEATING
  YESTERDAY        0                         0      0        0
  MONTH TO DATE   12                        12      0       20
  SINCE JUN 1     35                        85    -50       50
  SINCE JUL 1     12                        12      0       20

 COOLING
  YESTERDAY        8                         7      1        1
  MONTH TO DATE  242                       193     49      155
  SINCE JUN 1    338                       300     38      257
  SINCE JAN 1    353                       331     22      336
..................................................................


WIND (MPH)
  HIGHEST WIND SPEED    36   HIGHEST WIND DIRECTION     W (280)
  HIGHEST GUST SPEED    45   HIGHEST GUST DIRECTION     W (280)
  AVERAGE WIND SPEED    20.7


SKY COVER
  POSSIBLE SUNSHINE  MM
  AVERAGE SKY COVER 0.4


WEATHER CONDITIONS
 THE FOLLOWING WEATHER WAS RECORDED YESTERDAY.
  NO SIGNIFICANT WEATHER WAS OBSERVED.


RELATIVE HUMIDITY (PERCENT)
 HIGHEST    68           800 PM
 LOWEST     35           200 PM
 AVERAGE    52

..........................................................


THE FARGO HECTOR INTL AP ND CLIMATE NORMALS FOR TODAY
                         NORMAL    RECORD    YEAR
 MAXIMUM TEMPERATURE (F)   83       102      2006
 MINIMUM TEMPERATURE (F)   60        39      1971
                                             1889


SUNRISE AND SUNSET
JULY 30 2015..........SUNRISE   604 AM CDT   SUNSET   902 PM CDT
JULY 31 2015..........SUNRISE   605 AM CDT   SUNSET   901 PM CDT


-  INDICATES NEGATIVE NUMBERS.
R  INDICATES RECORD WAS SET OR TIED.
MM INDICATES DATA IS MISSING.
T  INDICATES TRACE AMOUNT.




$$
