000
CDUS43 KFGF 032154
CLIFAR


CLIMATE REPORT
NATIONAL WEATHER SERVICE EASTERN NORTH DAKOTA/GRAND FORKS
451 PM CDT WED JUN 3 2015


...................................

...THE FARGO HECTOR INTL AP ND CLIMATE SUMMARY FOR JUNE 3 2015...
VALID TODAY AS OF 0400 PM LOCAL TIME.

CLIMATE NORMAL PERIOD 1981 TO 2010
CLIMATE RECORD PERIOD 1881 TO 2015


WEATHER ITEM   OBSERVED TIME   RECORD YEAR NORMAL DEPARTURE LAST
                VALUE   (LST)  VALUE       VALUE  FROM      YEAR
                                                  NORMAL
..................................................................
TEMPERATURE (F)
 TODAY
  MAXIMUM         71   1234 AM  97    1968  74     -3       78
  MINIMUM         57   1034 AM  32    1883  51      6       49
  AVERAGE         64                        63      1       64

PRECIPITATION (IN)
  TODAY            0.00          1.69 1948   0.12  -0.12     0.00
  MONTH TO DATE    T                         0.34  -0.34     0.01
  SINCE JUN 1      T                         0.34  -0.34     0.01
  SINCE JAN 1     10.10                      7.15   2.95     7.03

SNOWFALL (IN)
  TODAY            0.0           0.0    MM   0.0    0.0      0.0
  MONTH TO DATE    0.0                       0.0    0.0      0.0
  SINCE JUN 1      0.0                       0.0    0.0      0.0
  SINCE JUL 1     16.0                      50.4  -34.4     34.9
  SNOW DEPTH       0

DEGREE DAYS
 HEATING
  TODAY            1                         4     -3        1
  MONTH TO DATE    3                        13    -10        6
  SINCE JUN 1      3                        13    -10        6
  SINCE JUL 1   8235                      8742   -507     9655

 COOLING
  TODAY            0                         2     -2        0
  MONTH TO DATE    6                         6      0        5
  SINCE JUN 1      6                         6      0        5
  SINCE JAN 1     21                        37    -16       84
..................................................................


WIND (MPH)
  HIGHEST WIND SPEED    18   HIGHEST WIND DIRECTION    NW (310)
  HIGHEST GUST SPEED    22   HIGHEST GUST DIRECTION    NW (320)
  AVERAGE WIND SPEED    12.5


SKY COVER
  POSSIBLE SUNSHINE  MM
  AVERAGE SKY COVER 0.7


WEATHER CONDITIONS
 THE FOLLOWING WEATHER WAS RECORDED TODAY.
  FOG
  HAZE


RELATIVE HUMIDITY (PERCENT)
 HIGHEST    97           600 AM
 LOWEST     73          1200 AM
 AVERAGE    85

..........................................................


THE FARGO HECTOR INTL AP ND CLIMATE NORMALS FOR TOMORROW
                         NORMAL    RECORD    YEAR
 MAXIMUM TEMPERATURE (F)   75        95      1959
 MINIMUM TEMPERATURE (F)   52        34      1964


SUNRISE AND SUNSET
JUNE  3 2015..........SUNRISE   535 AM CDT   SUNSET   916 PM CDT
JUNE  4 2015..........SUNRISE   535 AM CDT   SUNSET   917 PM CDT


-  INDICATES NEGATIVE NUMBERS.
R  INDICATES RECORD WAS SET OR TIED.
MM INDICATES DATA IS MISSING.
T  INDICATES TRACE AMOUNT.




$$
