000
CDUS43 KFGF 272147
CLIFAR


CLIMATE REPORT
NATIONAL WEATHER SERVICE EASTERN NORTH DAKOTA/GRAND FORKS
447 PM CDT THU JUL 27 2017


...................................

...THE FARGO HECTOR INTL AP ND CLIMATE SUMMARY FOR JULY 27 2017...
VALID TODAY AS OF 0400 PM LOCAL TIME.

CLIMATE NORMAL PERIOD 1981 TO 2010
CLIMATE RECORD PERIOD 1881 TO 2017


WEATHER ITEM   OBSERVED TIME   RECORD YEAR NORMAL DEPARTURE LAST
                VALUE   (LST)  VALUE       VALUE  FROM      YEAR
                                                  NORMAL
..................................................................
TEMPERATURE (F)
 TODAY
  MAXIMUM         85    251 PM 105    1988  83      2       79
  MINIMUM         54    527 AM  46    1971  60     -6       63
                                      1925
  AVERAGE         70                        71     -1       71

PRECIPITATION (IN)
  TODAY            0.00          1.82 2010   0.07  -0.07     0.02
  MONTH TO DATE    0.90                      2.50  -1.60     5.98
  SINCE JUN 1      3.40                      6.40  -3.00     8.43
  SINCE JAN 1      8.04                     13.21  -5.17    13.91

SNOWFALL (IN)
  TODAY            0.0           0.0    MM   0.0    0.0      0.0
  MONTH TO DATE    0.0                       0.0    0.0      0.0
  SINCE JUN 1      0.0                       0.0    0.0      0.0
  SINCE JUL 1      0.0                       0.0    0.0      0.0
  SNOW DEPTH       0

DEGREE DAYS
 HEATING
  TODAY            0                         0      0        0
  MONTH TO DATE    7                        12     -5        8
  SINCE JUN 1     42                        85    -43       35
  SINCE JUL 1      7                        12     -5        8

 COOLING
  TODAY            5                         7     -2        6
  MONTH TO DATE  193                       179     14      196
  SINCE JUN 1    319                       286     33      343
  SINCE JAN 1    330                       317     13      391
..................................................................


WIND (MPH)
  HIGHEST WIND SPEED     9   HIGHEST WIND DIRECTION     N (360)
  HIGHEST GUST SPEED    14   HIGHEST GUST DIRECTION     N (10)
  AVERAGE WIND SPEED     3.5


SKY COVER
  POSSIBLE SUNSHINE  MM
  AVERAGE SKY COVER 0.0


WEATHER CONDITIONS
 THE FOLLOWING WEATHER WAS RECORDED TODAY.
  NO SIGNIFICANT WEATHER WAS OBSERVED.


RELATIVE HUMIDITY (PERCENT)
 HIGHEST    93          1200 AM
 LOWEST     40           300 PM
 AVERAGE    67

..........................................................


THE FARGO HECTOR INTL AP ND CLIMATE NORMALS FOR TOMORROW
                         NORMAL    RECORD    YEAR
 MAXIMUM TEMPERATURE (F)   83       110      1917
 MINIMUM TEMPERATURE (F)   60        44      2013
                                             1973
                                             1904


SUNRISE AND SUNSET
JULY 27 2017..........SUNRISE   601 AM CDT   SUNSET   905 PM CDT
JULY 28 2017..........SUNRISE   602 AM CDT   SUNSET   904 PM CDT


-  INDICATES NEGATIVE NUMBERS.
R  INDICATES RECORD WAS SET OR TIED.
MM INDICATES DATA IS MISSING.
T  INDICATES TRACE AMOUNT.




$$
