000
CDUS46 KHNX 160823
CLIFAT


CLIMATE REPORT
NATIONAL WEATHER SERVICE SAN JOAQUIN VALLEY, CA
1223 AM PST SAT DEC 16 2017


...................................

...THE FRESNO CA CLIMATE SUMMARY FOR DECEMBER 15 2017...

CLIMATE NORMAL PERIOD 1981 TO 2010
CLIMATE RECORD PERIOD 1887 TO 2017


WEATHER ITEM   OBSERVED TIME   RECORD YEAR NORMAL DEPARTURE
                VALUE   (LST)  VALUE       VALUE  FROM
                                                  NORMAL
...............................................................
TEMPERATURE (F)
 YESTERDAY
  MAXIMUM         62    320 PM  76    1958  55      7
  MINIMUM         35    724 AM  25    1975  38     -3
  AVERAGE         49                        46      3

PRECIPITATION (IN)
  YESTERDAY        0.00          1.42 2016   0.05  -0.05
  MONTH TO DATE    T                         0.71  -0.71
  SINCE OCT 1      0.37                      2.41  -2.04
  SINCE JAN 1     13.17                     10.44   2.73

SNOWFALL (IN)
  YESTERDAY        0.0
  MONTH TO DATE    0.0
  SINCE DEC 1      0.0
  SINCE JUL 1      0.0
  SNOW DEPTH       0

DEGREE DAYS
 HEATING
  YESTERDAY       16                               -3
  MONTH TO DATE  247                              -17
  SINCE DEC 1    247                              -17
  SINCE JUL 1    505                             -147

 COOLING
  YESTERDAY        0                                0
  MONTH TO DATE    0                                0
  SINCE DEC 1      0                                0
  SINCE JAN 1   2490                              366
...............................................................


WIND (MPH)
  HIGHEST WIND SPEED     9   HIGHEST WIND DIRECTION     W (280)
  HIGHEST GUST SPEED    12   HIGHEST GUST DIRECTION     W (290)
  AVERAGE WIND SPEED     2.7




RELATIVE HUMIDITY (PERCENT)
 HIGHEST    92
 LOWEST     39
 AVERAGE    66

..........................................................


THE FRESNO CA CLIMATE NORMALS FOR TODAY
                         NORMAL    RECORD    YEAR
 MAXIMUM TEMPERATURE (F)   54        70      1958
 MINIMUM TEMPERATURE (F)   38        25      1967


SUNRISE AND SUNSET
DECEMBER 16 2017......SUNRISE   705 AM PST   SUNSET   444 PM PST
DECEMBER 17 2017......SUNRISE   706 AM PST   SUNSET   445 PM PST


-  INDICATES NEGATIVE NUMBERS.
R  INDICATES RECORD WAS SET OR TIED.
MM INDICATES DATA IS MISSING.
T  INDICATES TRACE AMOUNT.




$$
