000
CDUS46 KHNX 010830
CLIFAT


CLIMATE REPORT
NATIONAL WEATHER SERVICE SAN JOAQUIN VALLEY, CA
129 AM PDT SAT AUG 1 2015


...................................

...THE FRESNO CA CLIMATE SUMMARY FOR JULY 31 2015...

CLIMATE NORMAL PERIOD 1981 TO 2010
CLIMATE RECORD PERIOD 1887 TO 2015


WEATHER ITEM   OBSERVED TIME   RECORD YEAR NORMAL DEPARTURE
                VALUE   (LST)  VALUE       VALUE  FROM
                                                  NORMAL
...............................................................
TEMPERATURE (F)
 YESTERDAY
  MAXIMUM        105    308 PM 114    1908  99      6
  MINIMUM         79   1159 PM  53    1895  68     11
  AVERAGE         92                        83      9

PRECIPITATION (IN)
  YESTERDAY        0.00          T    2011   0.00   0.00
                                      2003
                                      1974
  MONTH TO DATE    0.43                      0.01   0.42
  SINCE OCT 1      6.85                     11.32  -4.47
  SINCE JAN 1      3.66                      7.85  -4.19

SNOWFALL (IN)
  YESTERDAY        0.0
  MONTH TO DATE    0.0
  SINCE JUN 1      0.0
  SINCE JUL 1      0.0
  SNOW DEPTH       0

DEGREE DAYS
 HEATING
  YESTERDAY        0                                0
  MONTH TO DATE    0                                0
  SINCE JUN 1      0                               -3
  SINCE JUL 1      0                                0

 COOLING
  YESTERDAY       27                                9
  MONTH TO DATE  568                               10
  SINCE JUN 1   1081                              154
  SINCE JAN 1   1354                              186
...............................................................


WIND (MPH)
  HIGHEST WIND SPEED    21   HIGHEST WIND DIRECTION    NW (310)
  HIGHEST GUST SPEED    26   HIGHEST GUST DIRECTION    NW (310)
  AVERAGE WIND SPEED     8.9




RELATIVE HUMIDITY (PERCENT)
 HIGHEST    58
 LOWEST     19
 AVERAGE    39

..........................................................


THE FRESNO CA CLIMATE NORMALS FOR TODAY
                         NORMAL    RECORD    YEAR
 MAXIMUM TEMPERATURE (F)   99       112      1908
 MINIMUM TEMPERATURE (F)   68        56      1888


SUNRISE AND SUNSET
AUGUST  1 2015........SUNRISE   604 AM PDT   SUNSET   805 PM PDT
AUGUST  2 2015........SUNRISE   605 AM PDT   SUNSET   804 PM PDT


-  INDICATES NEGATIVE NUMBERS.
R  INDICATES RECORD WAS SET OR TIED.
MM INDICATES DATA IS MISSING.
T  INDICATES TRACE AMOUNT.




$$
