000
CDUS46 KHNX 060823
CLIFAT


CLIMATE REPORT
NATIONAL WEATHER SERVICE SAN JOAQUIN VALLEY, CA
122 AM PDT FRI MAY 6 2016


...................................

...THE FRESNO CA CLIMATE SUMMARY FOR MAY 5 2016...

CLIMATE NORMAL PERIOD 1981 TO 2010
CLIMATE RECORD PERIOD 1887 TO 2016


WEATHER ITEM   OBSERVED TIME   RECORD YEAR NORMAL DEPARTURE
                VALUE   (LST)  VALUE       VALUE  FROM
                                                  NORMAL
...............................................................
TEMPERATURE (F)
 YESTERDAY
  MAXIMUM         71    519 PM  99    1990  81    -10
  MINIMUM         56   1122 PM  36    1975  54      2
  AVERAGE         64                        68     -4

PRECIPITATION (IN)
  YESTERDAY        0.09          1.02 2005   0.01   0.08
  MONTH TO DATE    0.15                      0.10   0.05
  SINCE OCT 1     14.09                     10.77   3.32
  SINCE JAN 1      8.89                      7.30   1.59

SNOWFALL (IN)
  YESTERDAY        0.0
  MONTH TO DATE    0.0
  SINCE MAR 1      0.0
  SINCE JUL 1      0.0
  SNOW DEPTH       0

DEGREE DAYS
 HEATING
  YESTERDAY        1                               -1
  MONTH TO DATE    1                               -9
  SINCE MAR 1    237                             -174
  SINCE JUL 1   1938                             -385

 COOLING
  YESTERDAY        0                               -4
  MONTH TO DATE   31                               13
  SINCE MAR 1     95                               26
  SINCE JAN 1     95                               26
...............................................................


WIND (MPH)
  HIGHEST WIND SPEED    26   HIGHEST WIND DIRECTION     W (250)
  HIGHEST GUST SPEED    34   HIGHEST GUST DIRECTION     W (250)
  AVERAGE WIND SPEED     6.9




RELATIVE HUMIDITY (PERCENT)
 HIGHEST    67
 LOWEST     40
 AVERAGE    54

..........................................................


THE FRESNO CA CLIMATE NORMALS FOR TODAY
                         NORMAL    RECORD    YEAR
 MAXIMUM TEMPERATURE (F)   81       100      1987
 MINIMUM TEMPERATURE (F)   54        41      1975
                                             1968
                                             1965


SUNRISE AND SUNSET
MAY  6 2016...........SUNRISE   559 AM PDT   SUNSET   752 PM PDT
MAY  7 2016...........SUNRISE   558 AM PDT   SUNSET   753 PM PDT


-  INDICATES NEGATIVE NUMBERS.
R  INDICATES RECORD WAS SET OR TIED.
MM INDICATES DATA IS MISSING.
T  INDICATES TRACE AMOUNT.




$$
