000
CDUS46 KHNX 290023
CLIFAT


CLIMATE REPORT
NATIONAL WEATHER SERVICE SAN JOAQUIN VALLEY, CA
422 PM PST SUN DEC 28 2014


...................................

...THE FRESNO CA CLIMATE SUMMARY FOR DECEMBER 28 2014...
VALID AS OF 0400 PM LOCAL TIME.

CLIMATE NORMAL PERIOD 1981 TO 2010
CLIMATE RECORD PERIOD 1887 TO 2014


WEATHER ITEM   OBSERVED TIME   RECORD YEAR NORMAL DEPARTURE LAST
                VALUE   (LST)  VALUE       VALUE  FROM      YEAR
                                                  NORMAL
..................................................................
TEMPERATURE (F)
 TODAY
  MAXIMUM         55    330 PM  66    1945  53      2       61
                                      1917
  MINIMUM         32    621 AM  24    1962  38     -6       36
  AVERAGE         44                        45     -1       49

PRECIPITATION (IN)
  TODAY            0.00          0.92 2010   0.07  -0.07     0.00
  MONTH TO DATE    2.29                      1.56   0.73     0.15
  SINCE JUL 1      3.38                      3.45  -0.07     0.73
  SINCE JAN 1      7.46                     11.29  -3.83     3.01

SNOWFALL (IN)
  TODAY            0.0
  MONTH TO DATE    0.0
  SINCE DEC 1      0.0
  SINCE JUL 1      0.0
  SNOW DEPTH       0

DEGREE DAYS
 HEATING
  TODAY           21                        20      1       16
  MONTH TO DATE  326                       517   -191      496
  SINCE DEC 1    326                       517   -191      496
  SINCE JUL 1    547                       905   -358      717

 COOLING
  TODAY            0                         0      0        0
  MONTH TO DATE    0                         0      0        0
  SINCE DEC 1      0                         0      0        0
  SINCE JAN 1   2932                      2124    808     2625
..................................................................


WIND (MPH)
  HIGHEST WIND SPEED     7   HIGHEST WIND DIRECTION    NW (310)
  HIGHEST GUST SPEED     9   HIGHEST GUST DIRECTION    NW (300)
  AVERAGE WIND SPEED     1.2




RELATIVE HUMIDITY (PERCENT)
 HIGHEST    92
 LOWEST     47
 AVERAGE    70

..........................................................


THE FRESNO CA CLIMATE NORMALS FOR TOMORROW
                         NORMAL    RECORD    YEAR
 MAXIMUM TEMPERATURE (F)   53        69      1949
 MINIMUM TEMPERATURE (F)   38        24      1990


SUNRISE AND SUNSET
DECEMBER 28 2014......SUNRISE   711 AM PST   SUNSET   451 PM PST
DECEMBER 29 2014......SUNRISE   711 AM PST   SUNSET   451 PM PST


-  INDICATES NEGATIVE NUMBERS.
R  INDICATES RECORD WAS SET OR TIED.
MM INDICATES DATA IS MISSING.
T  INDICATES TRACE AMOUNT.




$$
