000
CDUS46 KHNX 220821
CLIFAT


CLIMATE REPORT
NATIONAL WEATHER SERVICE SAN JOAQUIN VALLEY, CA
120 AM PDT MON SEP 22 2014


...................................

...THE FRESNO CA CLIMATE SUMMARY FOR SEPTEMBER 21 2014...

CLIMATE NORMAL PERIOD 1981 TO 2010
CLIMATE RECORD PERIOD 1887 TO 2014


WEATHER ITEM   OBSERVED TIME   RECORD YEAR NORMAL DEPARTURE
                VALUE   (LST)  VALUE       VALUE  FROM
                                                  NORMAL
...............................................................
TEMPERATURE (F)
 YESTERDAY
  MAXIMUM         91    336 PM 102    1949  90      1
                                      1928
  MINIMUM         66    621 AM  42    1968  60      6
  AVERAGE         79                        75      4

PRECIPITATION (IN)
  YESTERDAY        0.00          0.14 1916   0.01  -0.01
  MONTH TO DATE    T                         0.09  -0.09
  SINCE JUL 1      0.01                      0.11  -0.10
  SINCE JAN 1      4.09                      7.95  -3.86

SNOWFALL (IN)
  YESTERDAY        0.0
  MONTH TO DATE    0.0
  SINCE SEP 1      0.0
  SINCE JUL 1      0.0
  SNOW DEPTH       0

DEGREE DAYS
 HEATING
  YESTERDAY        0                                0
  MONTH TO DATE    0                                0
  SINCE SEP 1      0                                0
  SINCE JUL 1      0                                0

 COOLING
  YESTERDAY       14                                4
  MONTH TO DATE  393                              133
  SINCE SEP 1    393                              133
  SINCE JAN 1   2614                              670
...............................................................


WIND (MPH)
  HIGHEST WIND SPEED    16   HIGHEST WIND DIRECTION    NW (300)
  HIGHEST GUST SPEED    21   HIGHEST GUST DIRECTION    NW (310)
  AVERAGE WIND SPEED     7.5




RELATIVE HUMIDITY (PERCENT)
 HIGHEST    63
 LOWEST     27
 AVERAGE    45

..........................................................


THE FRESNO CA CLIMATE NORMALS FOR TODAY
                         NORMAL    RECORD    YEAR
 MAXIMUM TEMPERATURE (F)   89       104      1949
                                             1928
 MINIMUM TEMPERATURE (F)   60        41      1968


SUNRISE AND SUNSET
SEPTEMBER 22 2014.....SUNRISE   647 AM PDT   SUNSET   656 PM PDT
SEPTEMBER 23 2014.....SUNRISE   648 AM PDT   SUNSET   654 PM PDT


-  INDICATES NEGATIVE NUMBERS.
R  INDICATES RECORD WAS SET OR TIED.
MM INDICATES DATA IS MISSING.
T  INDICATES TRACE AMOUNT.




$$
