000
CDUS46 KHNX 230023
CLIFAT


CLIMATE REPORT
NATIONAL WEATHER SERVICE SAN JOAQUIN VALLEY, CA
522 PM PDT TUE AUG 22 2017


...................................

...THE FRESNO CA CLIMATE SUMMARY FOR AUGUST 22 2017...
VALID AS OF 0400 PM LOCAL TIME.

CLIMATE NORMAL PERIOD 1981 TO 2010
CLIMATE RECORD PERIOD 1887 TO 2017


WEATHER ITEM   OBSERVED TIME   RECORD YEAR NORMAL DEPARTURE LAST
                VALUE   (LST)  VALUE       VALUE  FROM      YEAR
                                                  NORMAL
..................................................................
TEMPERATURE (F)
 TODAY
  MAXIMUM         97        MM 108    1897  96      1       96
                                      1891
  MINIMUM         66        MM  50    1899  66      0       65
  AVERAGE         82                        81      1       81

PRECIPITATION (IN)
  TODAY            0.00          T    2009   0.00   0.00     0.00
                                      1995
                                      1949
  MONTH TO DATE    T                         0.00   0.00     0.00
  SINCE OCT 1     17.20                     11.32   5.88    14.29
  SINCE JAN 1     12.64                      7.85   4.79     9.09

SNOWFALL (IN)
  TODAY            0.0
  MONTH TO DATE    0.0
  SINCE JUN 1      0.0
  SINCE JUL 1      0.0
  SNOW DEPTH       0

DEGREE DAYS
 HEATING
  TODAY            0                         0      0        0
  MONTH TO DATE    0                         0      0        0
  SINCE JUN 1      4                         3      1        0
  SINCE JUL 1      0                         0      0        0

 COOLING
  TODAY           17                        16      1       16
  MONTH TO DATE  428                       378     50      418
  SINCE JUN 1   1579                      1305    274     1503
  SINCE JAN 1   1830                      1546    284     1781
..................................................................


WIND (MPH)
  HIGHEST WIND SPEED     9   HIGHEST WIND DIRECTION    NW (300)
  HIGHEST GUST SPEED    MM   HIGHEST GUST DIRECTION    MM
  AVERAGE WIND SPEED     5.3




RELATIVE HUMIDITY (PERCENT)
 HIGHEST    73
 LOWEST     24
 AVERAGE    49

..........................................................


THE FRESNO CA CLIMATE NORMALS FOR TOMORROW
                         NORMAL    RECORD    YEAR
 MAXIMUM TEMPERATURE (F)   96       112      1891
 MINIMUM TEMPERATURE (F)   66        51      1960


SUNRISE AND SUNSET
AUGUST 22 2017........SUNRISE   622 AM PDT   SUNSET   741 PM PDT
AUGUST 23 2017........SUNRISE   623 AM PDT   SUNSET   739 PM PDT


-  INDICATES NEGATIVE NUMBERS.
R  INDICATES RECORD WAS SET OR TIED.
MM INDICATES DATA IS MISSING.
T  INDICATES TRACE AMOUNT.




$$
