000
CDUS46 KHNX 280820
CLIFAT


CLIMATE REPORT
NATIONAL WEATHER SERVICE SAN JOAQUIN VALLEY, CA
120 AM PDT SAT MAR 28 2015


...................................

...THE FRESNO CA CLIMATE SUMMARY FOR MARCH 27 2015...

CLIMATE NORMAL PERIOD 1981 TO 2010
CLIMATE RECORD PERIOD 1887 TO 2015


WEATHER ITEM   OBSERVED TIME   RECORD YEAR NORMAL DEPARTURE
                VALUE   (LST)  VALUE       VALUE  FROM
                                                  NORMAL
...............................................................
TEMPERATURE (F)
 YESTERDAY
  MAXIMUM         91R   347 PM  87    1986  69     22
  MINIMUM         56    625 AM  31    1972  47      9
  AVERAGE         74                        58     16

PRECIPITATION (IN)
  YESTERDAY        0.00          1.30 1883   0.05  -0.05
  MONTH TO DATE    0.06                      1.82  -1.76
  SINCE OCT 1      4.59                      9.51  -4.92
  SINCE JAN 1      1.40                      6.04  -4.64

SNOWFALL (IN)
  YESTERDAY        0.0
  MONTH TO DATE    0.0
  SINCE MAR 1      0.0
  SINCE JUL 1      0.0
  SNOW DEPTH       0

DEGREE DAYS
 HEATING
  YESTERDAY        0                               -7
  MONTH TO DATE   83                             -154
  SINCE MAR 1     83                             -154
  SINCE JUL 1   1409                             -740

 COOLING
  YESTERDAY        9                                9
  MONTH TO DATE   40                               40
  SINCE MAR 1     40                               40
  SINCE JAN 1     40                               40
...............................................................


WIND (MPH)
  HIGHEST WIND SPEED    16   HIGHEST WIND DIRECTION    NW (320)
  HIGHEST GUST SPEED    21   HIGHEST GUST DIRECTION    NW (320)
  AVERAGE WIND SPEED     6.0




RELATIVE HUMIDITY (PERCENT)
 HIGHEST    61
 LOWEST     15
 AVERAGE    38

..........................................................


THE FRESNO CA CLIMATE NORMALS FOR TODAY
                         NORMAL    RECORD    YEAR
 MAXIMUM TEMPERATURE (F)   70        85      1986
                                             1923
 MINIMUM TEMPERATURE (F)   47        33      1972


SUNRISE AND SUNSET
MARCH 28 2015.........SUNRISE   651 AM PDT   SUNSET   718 PM PDT
MARCH 29 2015.........SUNRISE   649 AM PDT   SUNSET   718 PM PDT


-  INDICATES NEGATIVE NUMBERS.
R  INDICATES RECORD WAS SET OR TIED.
MM INDICATES DATA IS MISSING.
T  INDICATES TRACE AMOUNT.




$$
