000
CDUS46 KHNX 270024
CLIFAT


CLIMATE REPORT
NATIONAL WEATHER SERVICE SAN JOAQUIN VALLEY, CA
423 PM PST SUN FEB 26 2017


...................................

...THE FRESNO CA CLIMATE SUMMARY FOR FEBRUARY 26 2017...
VALID AS OF 0400 PM LOCAL TIME.

CLIMATE NORMAL PERIOD 1981 TO 2010
CLIMATE RECORD PERIOD 1887 TO 2017


WEATHER ITEM   OBSERVED TIME   RECORD YEAR NORMAL DEPARTURE LAST
                VALUE   (LST)  VALUE       VALUE  FROM      YEAR
                                                  NORMAL
..................................................................
TEMPERATURE (F)
 TODAY
  MAXIMUM         58    339 PM  83    1888  64     -6       77
  MINIMUM         36    717 AM  25    1971  44     -8       48
  AVERAGE         47                        54     -7       63

PRECIPITATION (IN)
  TODAY            0.00          0.76 2010   0.07  -0.07     0.00
  MONTH TO DATE    2.52                      1.89   0.63     0.33
  SINCE OCT 1     12.58                      7.55   5.03     9.95
  SINCE JAN 1      8.02                      4.08   3.94     4.75

SNOWFALL (IN)
  TODAY            0.0
  MONTH TO DATE    0.0
  SINCE DEC 1      0.0
  SINCE JUL 1      0.0
  SNOW DEPTH       0

DEGREE DAYS
 HEATING
  TODAY           18                        11      7        2
  MONTH TO DATE  272                       354    -82      251
  SINCE DEC 1   1330                      1501   -171     1294
  SINCE JUL 1   1581                      1889   -308     1684

 COOLING
  TODAY            0                         0      0        0
  MONTH TO DATE    0                         0      0        0
  SINCE DEC 1      0                         0      0        0
  SINCE JAN 1      0                         0      0        0
..................................................................


WIND (MPH)
  HIGHEST WIND SPEED     8   HIGHEST WIND DIRECTION    SE (140)
  HIGHEST GUST SPEED    12   HIGHEST GUST DIRECTION     E (110)
  AVERAGE WIND SPEED     2.7




RELATIVE HUMIDITY (PERCENT)
 HIGHEST    92
 LOWEST     40
 AVERAGE    66

..........................................................


THE FRESNO CA CLIMATE NORMALS FOR TOMORROW
                         NORMAL    RECORD    YEAR
 MAXIMUM TEMPERATURE (F)   65        79      1992
                                             1888
 MINIMUM TEMPERATURE (F)   44        26      1962


SUNRISE AND SUNSET
FEBRUARY 26 2017......SUNRISE   633 AM PST   SUNSET   551 PM PST
FEBRUARY 27 2017......SUNRISE   632 AM PST   SUNSET   552 PM PST


-  INDICATES NEGATIVE NUMBERS.
R  INDICATES RECORD WAS SET OR TIED.
MM INDICATES DATA IS MISSING.
T  INDICATES TRACE AMOUNT.




$$
