000
CDUS42 KRAH 240529
CLIFAY


CLIMATE REPORT
NATIONAL WEATHER SERVICE RALEIGH NC
128 AM EDT WED SEP 24 2014


...................................

...THE FAYETTEVILLE REGL AIRPORT NC CLIMATE SUMMARY FOR SEPTEMBER 23 2014...

CLIMATE NORMAL PERIOD 1981 TO 2010
CLIMATE RECORD PERIOD 1910 TO 2014


WEATHER ITEM   OBSERVED TIME   RECORD YEAR NORMAL DEPARTURE LAST
                VALUE   (LST)  VALUE       VALUE  FROM      YEAR
                                                  NORMAL
..................................................................
TEMPERATURE (F)
 YESTERDAY
  MAXIMUM         67   1205 AM 101    1931  81    -14       77
  MINIMUM         57   1107 PM  42    1983  61     -4       57
  AVERAGE         62                        71     -9       67

PRECIPITATION (IN)
  YESTERDAY        0.07          1.58 1920   0.14  -0.07     0.00
  MONTH TO DATE    6.10                      3.41   2.69     1.03
  SINCE SEP 1      6.10                      3.41   2.69     1.03
  SINCE JAN 1     33.02                     34.84  -1.82    35.59

DEGREE DAYS
 HEATING
  YESTERDAY        3                         1      2        0
  MONTH TO DATE    3                         1      2        0
  SINCE SEP 1      3                         1      2        0
  SINCE JUL 1      3                         1      2        0

 COOLING
  YESTERDAY        0                         7     -7        2
  MONTH TO DATE  274                       228     46      252
  SINCE SEP 1    274                       228     46      252
  SINCE JAN 1   2015                      1868    147     1831
..................................................................


WIND (MPH)
  HIGHEST WIND SPEED    17   HIGHEST WIND DIRECTION     N (20)
  HIGHEST GUST SPEED    21   HIGHEST GUST DIRECTION     N (10)
  AVERAGE WIND SPEED    10.2


SKY COVER
  POSSIBLE SUNSHINE  MM
  AVERAGE SKY COVER 0.7


WEATHER CONDITIONS
 THE FOLLOWING WEATHER WAS RECORDED YESTERDAY.
  LIGHT RAIN


RELATIVE HUMIDITY (PERCENT)
 HIGHEST    93           500 AM
 LOWEST     67          1100 AM
 AVERAGE    80

..........................................................


THE FAYETTEVILLE REGL AIRPORT NC CLIMATE NORMALS FOR TODAY
                         NORMAL    RECORD    YEAR
 MAXIMUM TEMPERATURE (F)   81       100      1931
 MINIMUM TEMPERATURE (F)   61        42      1983


SUNRISE AND SUNSET
SEPTEMBER 24 2014.....SUNRISE   705 AM EDT   SUNSET   709 PM EDT
SEPTEMBER 25 2014.....SUNRISE   706 AM EDT   SUNSET   708 PM EDT


-  INDICATES NEGATIVE NUMBERS.
R  INDICATES RECORD WAS SET OR TIED.
MM INDICATES DATA IS MISSING.
T  INDICATES TRACE AMOUNT.




$$
