000
CDUS42 KRAH 012149
CLIFAY


CLIMATE REPORT
NATIONAL WEATHER SERVICE RALEIGH NC
446 PM EST SUN FEB 1 2015


...................................

...THE FAYETTEVILLE REGL AIRPORT NC CLIMATE SUMMARY FOR FEBRUARY 1 2015...
VALID TODAY AS OF 0400 PM LOCAL TIME.

CLIMATE NORMAL PERIOD 1981 TO 2010
CLIMATE RECORD PERIOD 1910 TO 2015


WEATHER ITEM   OBSERVED TIME   RECORD YEAR NORMAL DEPARTURE LAST
                VALUE   (LST)  VALUE       VALUE  FROM      YEAR
                                                  NORMAL
..................................................................
TEMPERATURE (F)
 TODAY
  MAXIMUM         62    319 PM  82    2002  57      5       53
  MINIMUM         30   1214 AM   1    1936  34     -4       26
  AVERAGE         46                        45      1       40

PRECIPITATION (IN)
  TODAY            0.00          1.09 1948   0.08  -0.08     0.23
  MONTH TO DATE    0.00                      0.08  -0.08     0.23
  SINCE DEC 1      8.59                      6.03   2.56     8.57
  SINCE JAN 1      4.37                      3.38   0.99     4.29

DEGREE DAYS
 HEATING
  TODAY           19                        20     -1       25
  MONTH TO DATE   19                        20     -1       25
  SINCE DEC 1   1242                      1298    -56     1300
  SINCE JUL 1   1786                      1746     40     1816

 COOLING
  TODAY            0                         0      0        0
  MONTH TO DATE    0                         0      0        0
  SINCE DEC 1      0                         4     -4       17
  SINCE JAN 1      0                         2     -2        0
..................................................................


WIND (MPH)
  HIGHEST WIND SPEED    16   HIGHEST WIND DIRECTION    SW (220)
  HIGHEST GUST SPEED    20   HIGHEST GUST DIRECTION     S (180)



SKY COVER
  POSSIBLE SUNSHINE  MM
  AVERAGE SKY COVER 0.2


WEATHER CONDITIONS
 THE FOLLOWING WEATHER WAS RECORDED TODAY.
  NO SIGNIFICANT WEATHER WAS OBSERVED.


RELATIVE HUMIDITY (PERCENT)
 HIGHEST    69          1200 AM
 LOWEST     24           100 PM
 AVERAGE    47

..........................................................


THE FAYETTEVILLE REGL AIRPORT NC CLIMATE NORMALS FOR TOMORROW
                         NORMAL    RECORD    YEAR
 MAXIMUM TEMPERATURE (F)   57        81      1950
 MINIMUM TEMPERATURE (F)   34        15      1971


SUNRISE AND SUNSET
FEBRUARY  1 2015......SUNRISE   714 AM EST   SUNSET   544 PM EST
FEBRUARY  2 2015......SUNRISE   714 AM EST   SUNSET   545 PM EST


-  INDICATES NEGATIVE NUMBERS.
R  INDICATES RECORD WAS SET OR TIED.
MM INDICATES DATA IS MISSING.
T  INDICATES TRACE AMOUNT.




$$
