000
CDUS42 KRAH 210625
CLIFAY


CLIMATE REPORT
NATIONAL WEATHER SERVICE RALEIGH NC
119 AM EST WED FEB 21 2018


...................................

...THE FAYETTEVILLE REGL AIRPORT NC CLIMATE SUMMARY FOR FEBRUARY 20 2018...

CLIMATE NORMAL PERIOD 1981 TO 2010
CLIMATE RECORD PERIOD 1910 TO 2018


WEATHER ITEM   OBSERVED TIME   RECORD YEAR NORMAL DEPARTURE LAST
                VALUE   (LST)  VALUE       VALUE  FROM      YEAR
                                                  NORMAL
..................................................................
TEMPERATURE (F)
 YESTERDAY
  MAXIMUM         81    314 PM  82    2014  60     21       75
  MINIMUM         52    344 AM  10    2015  36     16       47
  AVERAGE         67                        48     19       61

PRECIPITATION (IN)
  YESTERDAY        0.00          1.37 1924   0.11  -0.11     0.00
  MONTH TO DATE    1.42                      1.98  -0.56     0.99
  SINCE DEC 1      7.47                      7.93  -0.46     6.06
  SINCE JAN 1      4.50                      5.28  -0.78     3.42

DEGREE DAYS
 HEATING
  YESTERDAY        0                        17    -17        4
  MONTH TO DATE  242                       371   -129      214
  SINCE DEC 1   1596                      1649    -53     1228
  SINCE JUL 1   2029                      2097    -68     1579

 COOLING
  YESTERDAY        2                         0      2        0
  MONTH TO DATE   19                         0     19        9
  SINCE DEC 1     19                         4     15       10
  SINCE JAN 1     19                         2     17       10
..................................................................


WIND (MPH)
  HIGHEST WIND SPEED    17   HIGHEST WIND DIRECTION    SW (210)
  HIGHEST GUST SPEED    21   HIGHEST GUST DIRECTION    SW (210)
  AVERAGE WIND SPEED     5.9


SKY COVER
  POSSIBLE SUNSHINE  MM
  AVERAGE SKY COVER 0.7


WEATHER CONDITIONS
 THE FOLLOWING WEATHER WAS RECORDED YESTERDAY.
  FOG
  FOG W/VISIBILITY <= 1/4 MILE


RELATIVE HUMIDITY (PERCENT)
 HIGHEST   100           200 AM
 LOWEST     54           300 PM
 AVERAGE    77

..........................................................


THE FAYETTEVILLE REGL AIRPORT NC CLIMATE NORMALS FOR TODAY
                         NORMAL    RECORD    YEAR
 MAXIMUM TEMPERATURE (F)   60        80      1991
 MINIMUM TEMPERATURE (F)   36        16      1958


SUNRISE AND SUNSET
FEBRUARY 21 2018......SUNRISE   655 AM EST   SUNSET   604 PM EST
FEBRUARY 22 2018......SUNRISE   654 AM EST   SUNSET   605 PM EST


-  INDICATES NEGATIVE NUMBERS.
R  INDICATES RECORD WAS SET OR TIED.
MM INDICATES DATA IS MISSING.
T  INDICATES TRACE AMOUNT.




$$
