000
CDUS42 KRAH 240532
CLIFAY


CLIMATE REPORT
NATIONAL WEATHER SERVICE RALEIGH NC
130 AM EDT FRI OCT 24 2014


...................................

...THE FAYETTEVILLE REGL AIRPORT NC CLIMATE SUMMARY FOR OCTOBER 23 2014...

CLIMATE NORMAL PERIOD 1981 TO 2010
CLIMATE RECORD PERIOD 1910 TO 2014


WEATHER ITEM   OBSERVED TIME   RECORD YEAR NORMAL DEPARTURE LAST
                VALUE   (LST)  VALUE       VALUE  FROM      YEAR
                                                  NORMAL
..................................................................
TEMPERATURE (F)
 YESTERDAY
  MAXIMUM         71    354 PM  89    1935  73     -2       73
  MINIMUM         48    456 AM  30    1987  49     -1       49
  AVERAGE         60                        61     -1       61

PRECIPITATION (IN)
  YESTERDAY        0.00          3.23 1919   0.08  -0.08     0.00
  MONTH TO DATE    1.31                      2.66  -1.35     0.89
  SINCE SEP 1      8.17                      7.06   1.11     1.96
  SINCE JAN 1     35.09                     38.49  -3.40    36.52

DEGREE DAYS
 HEATING
  YESTERDAY        5                         5      0        4
  MONTH TO DATE   42                        68    -26       35
  SINCE SEP 1     47                        77    -30       35
  SINCE JUL 1     47                        77    -30       35

 COOLING
  YESTERDAY        0                         1     -1        0
  MONTH TO DATE   87                        62     25       80
  SINCE SEP 1    380                       330     50      345
  SINCE JAN 1   2121                      1970    151     1924
..................................................................


WIND (MPH)
  HIGHEST WIND SPEED    15   HIGHEST WIND DIRECTION     W (290)
  HIGHEST GUST SPEED    20   HIGHEST GUST DIRECTION    NW (330)
  AVERAGE WIND SPEED     8.5


SKY COVER
  POSSIBLE SUNSHINE  MM
  AVERAGE SKY COVER 0.0


WEATHER CONDITIONS
 THE FOLLOWING WEATHER WAS RECORDED YESTERDAY.
  NO SIGNIFICANT WEATHER WAS OBSERVED.


RELATIVE HUMIDITY (PERCENT)
 HIGHEST    77           400 AM
 LOWEST     37           200 PM
 AVERAGE    57

..........................................................


THE FAYETTEVILLE REGL AIRPORT NC CLIMATE NORMALS FOR TODAY
                         NORMAL    RECORD    YEAR
 MAXIMUM TEMPERATURE (F)   73        89      1939
 MINIMUM TEMPERATURE (F)   49        30      1987


SUNRISE AND SUNSET
OCTOBER 24 2014.......SUNRISE   729 AM EDT   SUNSET   630 PM EDT
OCTOBER 25 2014.......SUNRISE   730 AM EDT   SUNSET   629 PM EDT


-  INDICATES NEGATIVE NUMBERS.
R  INDICATES RECORD WAS SET OR TIED.
MM INDICATES DATA IS MISSING.
T  INDICATES TRACE AMOUNT.




$$
