000
CDUS42 KRAH 280640
CLIFAY

CLIMATE REPORT
NATIONAL WEATHER SERVICE RALEIGH NC
237 AM EDT TUE MAR 28 2017
...................................

...THE FAYETTEVILLE REGL AIRPORT NC CLIMATE SUMMARY FOR MARCH 27 2017...

CLIMATE NORMAL PERIOD 1981 TO 2010
CLIMATE RECORD PERIOD 1910 TO 2017


WEATHER ITEM   OBSERVED TIME   RECORD YEAR NORMAL DEPARTURE LAST
                VALUE   (LST)  VALUE       VALUE  FROM      YEAR
                                                  NORMAL
..................................................................
TEMPERATURE (F)
 YESTERDAY
  MAXIMUM         80    320 PM  87    1946  70     10       64
  MINIMUM         56    459 AM  21    1955  46     10       59
  AVERAGE         68                        58     10       62

PRECIPITATION (IN)
  YESTERDAY        0.00          1.60 1943   0.14  -0.14     0.45
  MONTH TO DATE    1.77                      3.00  -1.23     1.01
  SINCE MAR 1      1.77                      3.00  -1.23     1.01
  SINCE JAN 1      5.19                      9.06  -3.87     8.85

DEGREE DAYS
 HEATING
  YESTERDAY        0                         8     -8        3
  MONTH TO DATE  348                       313     35      173
  SINCE MAR 1    348                       313     35      173
  SINCE JUL 1   1970                      2538   -568     1986

 COOLING
  YESTERDAY        3                         1      2        0
  MONTH TO DATE   16                         2     14       57
  SINCE MAR 1     16                         2     14       57
  SINCE JAN 1     31                         6     25       57
..................................................................


WIND (MPH)
  HIGHEST WIND SPEED    17   HIGHEST WIND DIRECTION     S (180)
  HIGHEST GUST SPEED    22   HIGHEST GUST DIRECTION     S (170)
  AVERAGE WIND SPEED     6.8


SKY COVER
  POSSIBLE SUNSHINE  MM
  AVERAGE SKY COVER 0.6


WEATHER CONDITIONS
 THE FOLLOWING WEATHER WAS RECORDED YESTERDAY.
  NO SIGNIFICANT WEATHER WAS OBSERVED.


RELATIVE HUMIDITY (PERCENT)
 HIGHEST    93           400 AM
 LOWEST     48           100 PM
 AVERAGE    71

..........................................................


THE FAYETTEVILLE REGL AIRPORT NC CLIMATE NORMALS FOR TODAY
                         NORMAL    RECORD    YEAR
 MAXIMUM TEMPERATURE (F)   70        87      1945
 MINIMUM TEMPERATURE (F)   46        17      1982


SUNRISE AND SUNSET
MARCH 28 2017.........SUNRISE   708 AM EDT   SUNSET   734 PM EDT
MARCH 29 2017.........SUNRISE   706 AM EDT   SUNSET   735 PM EDT


-  INDICATES NEGATIVE NUMBERS.
R  INDICATES RECORD WAS SET OR TIED.
MM INDICATES DATA IS MISSING.
T  INDICATES TRACE AMOUNT.




$$
