000
CDUS42 KRAH 060640
CLIFAY

CLIMATE REPORT
NATIONAL WEATHER SERVICE RALEIGH NC
238 AM EDT MON JUL 6 2015
...................................

...THE FAYETTEVILLE REGL AIRPORT NC CLIMATE SUMMARY FOR JULY 5 2015...

CLIMATE NORMAL PERIOD 1981 TO 2010
CLIMATE RECORD PERIOD 1910 TO 2015


WEATHER ITEM   OBSERVED TIME   RECORD YEAR NORMAL DEPARTURE LAST
                VALUE   (LST)  VALUE       VALUE  FROM      YEAR
                                                  NORMAL
..................................................................
TEMPERATURE (F)
 YESTERDAY
  MAXIMUM         92    212 PM 101    2002  91      1       85
  MINIMUM         73    629 AM  51    1933  71      2       63
  AVERAGE         83                        81      2       74

PRECIPITATION (IN)
  YESTERDAY        0.00          2.03 1953   0.17  -0.17     0.00
  MONTH TO DATE    0.42                      0.82  -0.40     0.08
  SINCE JUN 1      9.56                      5.17   4.39     2.77
  SINCE JAN 1     24.83                     20.84   3.99    21.22

DEGREE DAYS
 HEATING
  YESTERDAY        0                         0      0        0
  MONTH TO DATE    0                         0      0        0
  SINCE JUN 1      0                         0      0        0
  SINCE JUL 1      0                         0      0        0

 COOLING
  YESTERDAY       18                        16      2        9
  MONTH TO DATE   75                        80     -5       80
  SINCE JUN 1    564                       476     88      537
  SINCE JAN 1    894                       760    134      903
..................................................................


WIND (MPH)
  HIGHEST WIND SPEED    17   HIGHEST WIND DIRECTION     S (170)
  HIGHEST GUST SPEED    24   HIGHEST GUST DIRECTION     S (160)
  AVERAGE WIND SPEED     8.4


SKY COVER
  POSSIBLE SUNSHINE  MM
  AVERAGE SKY COVER 0.2


WEATHER CONDITIONS
 THE FOLLOWING WEATHER WAS RECORDED YESTERDAY.
  NO SIGNIFICANT WEATHER WAS OBSERVED.


RELATIVE HUMIDITY (PERCENT)
 HIGHEST    87           100 AM
 LOWEST     47           500 PM
 AVERAGE    67

..........................................................

THE FAYETTEVILLE REGL AIRPORT NC CLIMATE NORMALS FOR TODAY
                         NORMAL    RECORD    YEAR
 MAXIMUM TEMPERATURE (F)   91        99      1990
 MINIMUM TEMPERATURE (F)   71        54      1933


SUNRISE AND SUNSET
JULY  6 2015..........SUNRISE   607 AM EDT   SUNSET   833 PM EDT
JULY  7 2015..........SUNRISE   608 AM EDT   SUNSET   833 PM EDT


-  INDICATES NEGATIVE NUMBERS.
R  INDICATES RECORD WAS SET OR TIED.
MM INDICATES DATA IS MISSING.
T  INDICATES TRACE AMOUNT.


$$
