000
CDUS42 KRAH 290758
CLIFAY


CLIMATE REPORT
NATIONAL WEATHER SERVICE RALEIGH NC
357 AM EDT FRI MAY 29 2015


...................................

...THE FAYETTEVILLE REGL AIRPORT NC CLIMATE SUMMARY FOR MAY 28 2015...

CLIMATE NORMAL PERIOD 1981 TO 2010
CLIMATE RECORD PERIOD 1910 TO 2015


WEATHER ITEM   OBSERVED TIME   RECORD YEAR NORMAL DEPARTURE LAST
                VALUE   (LST)  VALUE       VALUE  FROM      YEAR
                                                  NORMAL
..................................................................
TEMPERATURE (F)
 YESTERDAY
  MAXIMUM         88    400 PM 102    1941  85      3       94
  MINIMUM         68    504 AM  40    1961  63      5       69
  AVERAGE         78                        74      4       82

PRECIPITATION (IN)
  YESTERDAY        0.02          1.75 1995   0.14  -0.12     0.40
  MONTH TO DATE    2.26                      2.78  -0.52     4.06
  SINCE MAR 1      7.62                      9.15  -1.53    11.68
  SINCE JAN 1     15.27                     15.21   0.06    18.40

DEGREE DAYS
 HEATING
  YESTERDAY        0                         0      0        0
  MONTH TO DATE   10                        23    -13       12
  SINCE MAR 1    446                       505    -59      616
  SINCE JUL 1   2942                      2730    212     2941

 COOLING
  YESTERDAY       13                         9      4       17
  MONTH TO DATE  202                       171     31      251
  SINCE MAR 1    294                       250     44      329
  SINCE JAN 1    294                       254     40      332
..................................................................


WIND (MPH)
  HIGHEST WIND SPEED    15   HIGHEST WIND DIRECTION    SE (130)
  HIGHEST GUST SPEED    17   HIGHEST GUST DIRECTION    SE (130)
  AVERAGE WIND SPEED     5.1


SKY COVER
  POSSIBLE SUNSHINE  MM
  AVERAGE SKY COVER 0.6


WEATHER CONDITIONS
 THE FOLLOWING WEATHER WAS RECORDED YESTERDAY.
  LIGHT RAIN


RELATIVE HUMIDITY (PERCENT)
 HIGHEST    97           600 AM
 LOWEST     50           400 PM
 AVERAGE    74

..........................................................


THE FAYETTEVILLE REGL AIRPORT NC CLIMATE NORMALS FOR TODAY
                         NORMAL    RECORD    YEAR
 MAXIMUM TEMPERATURE (F)   85       102      1941
 MINIMUM TEMPERATURE (F)   63        32      1942


SUNRISE AND SUNSET
MAY 29 2015...........SUNRISE   604 AM EDT   SUNSET   822 PM EDT
MAY 30 2015...........SUNRISE   604 AM EDT   SUNSET   823 PM EDT


-  INDICATES NEGATIVE NUMBERS.
R  INDICATES RECORD WAS SET OR TIED.
MM INDICATES DATA IS MISSING.
T  INDICATES TRACE AMOUNT.




$$
