000
CDUS42 KRAH 030848
CLIFAY


CLIMATE REPORT
NATIONAL WEATHER SERVICE RALEIGH NC
348 AM EST SAT DEC 3 2016


...................................

...THE FAYETTEVILLE REGL AIRPORT NC CLIMATE SUMMARY FOR DECEMBER 2 2016...

CLIMATE NORMAL PERIOD 1981 TO 2010
CLIMATE RECORD PERIOD 1910 TO 2016


WEATHER ITEM   OBSERVED TIME   RECORD YEAR NORMAL DEPARTURE LAST
                VALUE   (LST)  VALUE       VALUE  FROM      YEAR
                                                  NORMAL
..................................................................
TEMPERATURE (F)
 YESTERDAY
  MAXIMUM         59    352 PM  77    1991  60     -1       69
  MINIMUM         38    743 AM  15    1945  38      0       55
  AVERAGE         49                        49      0       62

PRECIPITATION (IN)
  YESTERDAY        0.00          0.96 2009   0.12  -0.12     0.09
  MONTH TO DATE    0.00                      0.23  -0.23     0.09
  SINCE DEC 1      0.00                      0.23  -0.23     0.09
  SINCE JAN 1     53.61                     42.04  11.57    47.28

DEGREE DAYS
 HEATING
  YESTERDAY       16                        16      0        3
  MONTH TO DATE   22                        31     -9       16
  SINCE DEC 1     22                        31     -9       16
  SINCE JUL 1    373                       479   -106      335

 COOLING
  YESTERDAY        0                         0      0        0
  MONTH TO DATE    0                         0      0        0
  SINCE DEC 1      0                         0      0        0
  SINCE JAN 1   2527                      1991    536     2231
..................................................................


WIND (MPH)
  HIGHEST WIND SPEED    15   HIGHEST WIND DIRECTION     W (280)
  HIGHEST GUST SPEED    21   HIGHEST GUST DIRECTION     W (280)
  AVERAGE WIND SPEED     6.4


SKY COVER
  POSSIBLE SUNSHINE  MM
  AVERAGE SKY COVER 0.0


WEATHER CONDITIONS
 THE FOLLOWING WEATHER WAS RECORDED YESTERDAY.
  NO SIGNIFICANT WEATHER WAS OBSERVED.


RELATIVE HUMIDITY (PERCENT)
 HIGHEST    85           700 AM
 LOWEST     33           300 PM
 AVERAGE    59

..........................................................


THE FAYETTEVILLE REGL AIRPORT NC CLIMATE NORMALS FOR TODAY
                         NORMAL    RECORD    YEAR
 MAXIMUM TEMPERATURE (F)   60        80      1991
 MINIMUM TEMPERATURE (F)   38        15      1960


SUNRISE AND SUNSET
DECEMBER  3 2016......SUNRISE   707 AM EST   SUNSET   504 PM EST
DECEMBER  4 2016......SUNRISE   708 AM EST   SUNSET   504 PM EST


-  INDICATES NEGATIVE NUMBERS.
R  INDICATES RECORD WAS SET OR TIED.
MM INDICATES DATA IS MISSING.
T  INDICATES TRACE AMOUNT.




$$
