000
CDUS42 KRAH 260533
CLIFAY


CLIMATE REPORT
NATIONAL WEATHER SERVICE RALEIGH NC
133 AM EDT MON JUN 26 2017


...................................

...THE FAYETTEVILLE REGL AIRPORT NC CLIMATE SUMMARY FOR JUNE 25 2017...

CLIMATE NORMAL PERIOD 1981 TO 2010
CLIMATE RECORD PERIOD 1910 TO 2017


WEATHER ITEM   OBSERVED TIME   RECORD YEAR NORMAL DEPARTURE LAST
                VALUE   (LST)  VALUE       VALUE  FROM      YEAR
                                                  NORMAL
..................................................................
TEMPERATURE (F)
 YESTERDAY
  MAXIMUM         91    321 PM 102    1914  90      1       90
  MINIMUM         74   1209 AM  57    1991  70      4       69
  AVERAGE         83                        80      3       80

PRECIPITATION (IN)
  YESTERDAY        0.00          2.28 1910   0.15  -0.15     0.00
  MONTH TO DATE    4.32                      3.58   0.74     2.88
  SINCE JUN 1      4.32                      3.58   0.74     2.88
  SINCE JAN 1     19.96                     19.25   0.71    20.45

DEGREE DAYS
 HEATING
  YESTERDAY        0                         0      0        0
  MONTH TO DATE    0                         0      0        0
  SINCE JUN 1      0                         0      0        0
  SINCE JUL 1   2027                      2732   -705     2169

 COOLING
  YESTERDAY       18                        15      3       15
  MONTH TO DATE  373                       319     54      378
  SINCE JUN 1    373                       319     54      378
  SINCE JAN 1    876                       603    273      714
..................................................................


WIND (MPH)
  HIGHEST WIND SPEED    13   HIGHEST WIND DIRECTION     N (350)
  HIGHEST GUST SPEED    18   HIGHEST GUST DIRECTION    NE (40)
  AVERAGE WIND SPEED     5.6


SKY COVER
  POSSIBLE SUNSHINE  MM
  AVERAGE SKY COVER 0.5


WEATHER CONDITIONS
 THE FOLLOWING WEATHER WAS RECORDED YESTERDAY.
  FOG


RELATIVE HUMIDITY (PERCENT)
 HIGHEST    94           100 AM
 LOWEST     47           200 PM
 AVERAGE    71

..........................................................


THE FAYETTEVILLE REGL AIRPORT NC CLIMATE NORMALS FOR TODAY
                         NORMAL    RECORD    YEAR
 MAXIMUM TEMPERATURE (F)   90       101      1951
 MINIMUM TEMPERATURE (F)   70        53      1979


SUNRISE AND SUNSET
JUNE 26 2017..........SUNRISE   603 AM EDT   SUNSET   833 PM EDT
JUNE 27 2017..........SUNRISE   604 AM EDT   SUNSET   833 PM EDT


-  INDICATES NEGATIVE NUMBERS.
R  INDICATES RECORD WAS SET OR TIED.
MM INDICATES DATA IS MISSING.
T  INDICATES TRACE AMOUNT.




$$
