000
CDUS42 KRAH 220657
CLIFAY


CLIMATE REPORT
NATIONAL WEATHER SERVICE RALEIGH NC
250 AM EDT SUN OCT 22 2017


...................................

...THE FAYETTEVILLE REGL AIRPORT NC CLIMATE SUMMARY FOR OCTOBER 21 2017...

CLIMATE NORMAL PERIOD 1981 TO 2010
CLIMATE RECORD PERIOD 1910 TO 2017


WEATHER ITEM   OBSERVED TIME   RECORD YEAR NORMAL DEPARTURE LAST
                VALUE   (LST)  VALUE       VALUE  FROM      YEAR
                                                  NORMAL
..................................................................
TEMPERATURE (F)
 YESTERDAY
  MAXIMUM         80    335 PM  89    1927  74      6       82
  MINIMUM         50    639 AM  29    1981  50      0       58
  AVERAGE         65                        62      3       70

PRECIPITATION (IN)
  YESTERDAY        0.00          0.91 1958   0.08  -0.08      T
  MONTH TO DATE    1.34                      2.50  -1.16    15.02
  SINCE SEP 1      5.07                      6.90  -1.83    26.14
  SINCE JAN 1     36.87                     38.33  -1.46    52.80

DEGREE DAYS
 HEATING
  YESTERDAY        0                         5     -5        0
  MONTH TO DATE   20                        58    -38       14
  SINCE SEP 1     22                        67    -45       14
  SINCE JUL 1     22                        67    -45       14

 COOLING
  YESTERDAY        0                         2     -2        5
  MONTH TO DATE  132                        59     73       97
  SINCE SEP 1    456                       327    129      503
  SINCE JAN 1   2435                      1967    468     2497
..................................................................


WIND (MPH)
  HIGHEST WIND SPEED    10   HIGHEST WIND DIRECTION     E (100)
  HIGHEST GUST SPEED    13   HIGHEST GUST DIRECTION     S (190)
  AVERAGE WIND SPEED     2.3


SKY COVER
  POSSIBLE SUNSHINE  MM
  AVERAGE SKY COVER 0.0


WEATHER CONDITIONS
 THE FOLLOWING WEATHER WAS RECORDED YESTERDAY.
  NO SIGNIFICANT WEATHER WAS OBSERVED.


RELATIVE HUMIDITY (PERCENT)
 HIGHEST    96           300 AM
 LOWEST     39           100 PM
 AVERAGE    68

..........................................................


THE FAYETTEVILLE REGL AIRPORT NC CLIMATE NORMALS FOR TODAY
                         NORMAL    RECORD    YEAR
 MAXIMUM TEMPERATURE (F)   73        89      1941
 MINIMUM TEMPERATURE (F)   50        26      1931


SUNRISE AND SUNSET
OCTOBER 22 2017.......SUNRISE   728 AM EDT   SUNSET   632 PM EDT
OCTOBER 23 2017.......SUNRISE   729 AM EDT   SUNSET   631 PM EDT


-  INDICATES NEGATIVE NUMBERS.
R  INDICATES RECORD WAS SET OR TIED.
MM INDICATES DATA IS MISSING.
T  INDICATES TRACE AMOUNT.




$$
