000
CDUS42 KRAH 240039
CLIFAY


CLIMATE REPORT
NATIONAL WEATHER SERVICE RALEIGH NC
837 PM EDT WED AUG 23 2017


...................................

...THE FAYETTEVILLE REGL AIRPORT NC CLIMATE SUMMARY FOR AUGUST 23 2017...
VALID AS OF 0830 PM LOCAL TIME.

CLIMATE NORMAL PERIOD 1981 TO 2010
CLIMATE RECORD PERIOD 1910 TO 2017


WEATHER ITEM   OBSERVED TIME   RECORD YEAR NORMAL DEPARTURE LAST
                VALUE   (LST)  VALUE       VALUE  FROM      YEAR
                                                  NORMAL
..................................................................
TEMPERATURE (F)
 TODAY
  MAXIMUM         97    313 PM 103    1983  89      8       91
  MINIMUM         77    659 PM  53    1969  69      8       67
  AVERAGE         87                        79      8       79

PRECIPITATION (IN)
  TODAY            0.06          4.07 1947   0.17  -0.11     0.00
  MONTH TO DATE    3.40                      4.22  -0.82     1.14
  SINCE JUN 1     15.85                     14.49   1.36     8.90
  SINCE JAN 1     31.49                     30.16   1.33    26.47

..................................................................


WIND (MPH)
  HIGHEST WIND SPEED    25   HIGHEST WIND DIRECTION     W (260)
  HIGHEST GUST SPEED    32   HIGHEST GUST DIRECTION     W (250)
  AVERAGE WIND SPEED     8.1


SKY COVER
  POSSIBLE SUNSHINE  MM
  AVERAGE SKY COVER 0.3


WEATHER CONDITIONS
 THE FOLLOWING WEATHER WAS RECORDED TODAY.
  THUNDERSTORM
  LIGHT RAIN


RELATIVE HUMIDITY (PERCENT)
 HIGHEST    94           200 AM
 LOWEST     45           300 PM
 AVERAGE    70

..........................................................




SUNRISE AND SUNSET
AUGUST 23 2017........SUNRISE   642 AM EDT   SUNSET   754 PM EDT
AUGUST 24 2017........SUNRISE   643 AM EDT   SUNSET   752 PM EDT


-  INDICATES NEGATIVE NUMBERS.
R  INDICATES RECORD WAS SET OR TIED.
MM INDICATES DATA IS MISSING.
T  INDICATES TRACE AMOUNT.




$$
