000
CDUS42 KFFC 230926
CLIFFC


CLIMATE REPORT
NATIONAL WEATHER SERVICE PEACHTREE CITY GA
419 AM EST FRI FEB 23 2018


...................................

...THE PEACHTREE CITY CLIMATE SUMMARY FOR FEBRUARY 22 2018...

CLIMATE NORMAL PERIOD 1981 TO 2010
CLIMATE RECORD PERIOD 9999 TO 9999


WEATHER ITEM   OBSERVED TIME   RECORD YEAR NORMAL DEPARTURE LAST
                VALUE   (LST)  VALUE       VALUE  FROM      YEAR
                                                  NORMAL
..................................................................
TEMPERATURE (F)
 YESTERDAY
  MAXIMUM         81    437 PM  MM      MM  61     20       71
  MINIMUM         57    720 AM  MM      MM  36     21       59
  AVERAGE         69                        48     21       65

PRECIPITATION (IN)
  YESTERDAY        0.00         MM      MM   0.20  -0.20     0.25
  MONTH TO DATE    3.86                      3.80   0.06     2.45
  SINCE DEC 1     10.56                     12.14  -1.58    12.71
  SINCE JAN 1      7.95                      8.00  -0.05    10.06

SNOWFALL (IN)
  YESTERDAY        0.0          MM      MM  MM     MM        0.0
  MONTH TO DATE    0.0                      MM     MM        0.0
  SINCE DEC 1      2.9                      MM     MM        0.0
  SINCE JUL 1      2.9                      MM     MM        0.0
  SNOW DEPTH       0

DEGREE DAYS
 HEATING
  YESTERDAY        0                        17    -17        0
  MONTH TO DATE  195                       417   -222      252
  SINCE DEC 1   1500                      1744   -244     1234
  SINCE JUL 1   1952                      2286   -334     1584

 COOLING
  YESTERDAY        4                         0      4        0
  MONTH TO DATE   18                         0     18        1
  SINCE DEC 1     18                         0     18        1
  SINCE JAN 1     18                         0     18        1
..................................................................


WIND (MPH)
  RESULTANT WIND SPEED   4   RESULTANT WIND DIRECTION  SE (140)
  HIGHEST WIND SPEED    13   HIGHEST WIND DIRECTION    SE (140)
  HIGHEST GUST SPEED    18   HIGHEST GUST DIRECTION    SE (150)
  AVERAGE WIND SPEED     3.6


SKY COVER
  POSSIBLE SUNSHINE  MM
  AVERAGE SKY COVER 0.4


WEATHER CONDITIONS
 THE FOLLOWING WEATHER WAS RECORDED YESTERDAY.
  FOG
  HAZE


RELATIVE HUMIDITY (PERCENT)
 HIGHEST   100          1200 AM
 LOWEST     51           400 PM
 AVERAGE    76

..........................................................


THE PEACHTREE CITY CLIMATE NORMALS FOR TODAY
                         NORMAL    RECORD    YEAR
 MAXIMUM TEMPERATURE (F)   61        MM        MM
 MINIMUM TEMPERATURE (F)   36        MM        MM


SUNRISE AND SUNSET
FEBRUARY 23 2018......SUNRISE   713 AM EST   SUNSET   630 PM EST
FEBRUARY 24 2018......SUNRISE   712 AM EST   SUNSET   631 PM EST


-  INDICATES NEGATIVE NUMBERS.
R  INDICATES RECORD WAS SET OR TIED.
MM INDICATES DATA IS MISSING.
T  INDICATES TRACE AMOUNT.




$$
