000
CDUS43 KLMK 010627
CLIFFT


CLIMATE REPORT
NATIONAL WEATHER SERVICE LOUISVILLE KY
227 AM EDT WED OCT 1 2014


...................................

...THE FRANKFORT KY CLIMATE SUMMARY FOR SEPTEMBER 30 2014...

CLIMATE NORMAL PERIOD 1981 TO 2010
CLIMATE RECORD PERIOD 1895 TO 2014


WEATHER ITEM   OBSERVED TIME   RECORD YEAR NORMAL DEPARTURE LAST
                VALUE   (LST)  VALUE       VALUE  FROM      YEAR
                                                  NORMAL
..................................................................
TEMPERATURE (F)
 YESTERDAY
  MAXIMUM         83    343 PM 101    1953  74      9       76
  MINIMUM         50    707 AM  31    1895  50      0       61
  AVERAGE         67                        62      5       69

PRECIPITATION (IN)
  YESTERDAY        0.00          3.31 1906   0.13  -0.13     0.00
  MONTH TO DATE    2.83                      3.33  -0.50     1.72
  SINCE SEP 1      2.83                      3.33  -0.50     1.72
  SINCE JAN 1     36.12                     34.64   1.48    36.78

SNOWFALL (IN)
  YESTERDAY       MM            MM      MM  MM     MM       MM
  MONTH TO DATE   MM                        MM     MM       MM
  SINCE SEP 1     MM                        MM     MM       MM
  SINCE JUL 1     MM                        MM     MM       MM
  SNOW DEPTH      MM

DEGREE DAYS
 HEATING
  YESTERDAY        0                         5     -5        0
  MONTH TO DATE   58                        52      6       26
  SINCE SEP 1     58                        53      5       26
  SINCE JUL 1     61                        54      7       30

 COOLING
  YESTERDAY        2                         2      0        4
  MONTH TO DATE  128                       133     -5      151
  SINCE SEP 1    128                       133     -5      151
  SINCE JAN 1   1054                      1135    -81     1087
..................................................................


WIND (MPH)
  HIGHEST WIND SPEED    12   HIGHEST WIND DIRECTION    NW (320)
  HIGHEST GUST SPEED    17   HIGHEST GUST DIRECTION    NW (310)
  AVERAGE WIND SPEED     3.3


SKY COVER
  POSSIBLE SUNSHINE  MM
  AVERAGE SKY COVER 0.1


WEATHER CONDITIONS
 THE FOLLOWING WEATHER WAS RECORDED YESTERDAY.
  FOG


RELATIVE HUMIDITY (PERCENT)
 HIGHEST    96           400 AM
 LOWEST     36          1200 PM
 AVERAGE    66

..........................................................


THE FRANKFORT KY CLIMATE NORMALS FOR TODAY
                         NORMAL    RECORD    YEAR
 MAXIMUM TEMPERATURE (F)   74        98      1953
 MINIMUM TEMPERATURE (F)   49        31      1895


SUNRISE AND SUNSET
OCTOBER  1 2014.......SUNRISE   735 AM EDT   SUNSET   723 PM EDT
OCTOBER  2 2014.......SUNRISE   736 AM EDT   SUNSET   721 PM EDT


-  INDICATES NEGATIVE NUMBERS.
R  INDICATES RECORD WAS SET OR TIED.
MM INDICATES DATA IS MISSING.
T  INDICATES TRACE AMOUNT.




$$
