000
CDUS43 KLMK 020642
CLIFFT


CLIMATE REPORT
NATIONAL WEATHER SERVICE LOUISVILLE KY
241 AM EDT THU JUL 2 2015


...................................

...THE FRANKFORT KY CLIMATE SUMMARY FOR JULY 1 2015...

CLIMATE NORMAL PERIOD 1981 TO 2010
CLIMATE RECORD PERIOD 1895 TO 2015


WEATHER ITEM   OBSERVED TIME   RECORD YEAR NORMAL DEPARTURE LAST
                VALUE   (LST)  VALUE       VALUE  FROM      YEAR
                                                  NORMAL
..................................................................
TEMPERATURE (F)
 YESTERDAY
  MAXIMUM         79    214 PM 101    2012  86     -7       90
                                      1952
  MINIMUM         64    410 AM  48    1937  65     -1       69
  AVERAGE         72                        76     -4       80

PRECIPITATION (IN)
  YESTERDAY        0.08          2.00 1933   0.11  -0.03     0.66
  MONTH TO DATE    0.08                      0.11  -0.03     0.66
  SINCE JUN 1      6.29                      4.20   2.09     4.58
  SINCE JAN 1     29.69                     23.67   6.02    25.36

SNOWFALL (IN)
  YESTERDAY       MM            MM      MM  MM     MM       MM
  MONTH TO DATE   MM                        MM     MM       MM
  SINCE JUN 1     MM                        MM     MM       MM
  SINCE JUL 1     MM                        MM     MM       MM
  SNOW DEPTH      MM

DEGREE DAYS
 HEATING
  YESTERDAY        0                         0      0        0
  MONTH TO DATE    0                         0      0        0
  SINCE JUN 1     16                        10      6        3
  SINCE JUL 1      0                         0      0        0

 COOLING
  YESTERDAY        7                        11     -4       15
  MONTH TO DATE    7                        11     -4       15
  SINCE JUN 1    303                       247     56      280
  SINCE JAN 1    458                       346    112      402
..................................................................


WIND (MPH)
  HIGHEST WIND SPEED    14   HIGHEST WIND DIRECTION    SW (220)
  HIGHEST GUST SPEED    16   HIGHEST GUST DIRECTION    SW (220)
  AVERAGE WIND SPEED     2.7


SKY COVER
  POSSIBLE SUNSHINE  MM
  AVERAGE SKY COVER 0.4


WEATHER CONDITIONS
 THE FOLLOWING WEATHER WAS RECORDED YESTERDAY.
  RAIN
  LIGHT RAIN
  FOG
  HAZE


RELATIVE HUMIDITY (PERCENT)
 HIGHEST    93           300 AM
 LOWEST     67           200 PM
 AVERAGE    80

..........................................................


THE FRANKFORT KY CLIMATE NORMALS FOR TODAY
                         NORMAL    RECORD    YEAR
 MAXIMUM TEMPERATURE (F)   86       101      1931
 MINIMUM TEMPERATURE (F)   65        48      1937


SUNRISE AND SUNSET
JULY  2 2015..........SUNRISE   621 AM EDT   SUNSET   907 PM EDT
JULY  3 2015..........SUNRISE   621 AM EDT   SUNSET   906 PM EDT


-  INDICATES NEGATIVE NUMBERS.
R  INDICATES RECORD WAS SET OR TIED.
MM INDICATES DATA IS MISSING.
T  INDICATES TRACE AMOUNT.




$$
