000
CDUS43 KLMK 052130
CLIFFT


CLIMATE REPORT
NATIONAL WEATHER SERVICE LOUISVILLE KY
430 PM EST FRI FEB 5 2016


...................................

...THE FRANKFORT KY CLIMATE SUMMARY FOR FEBRUARY 5 2016...
VALID TODAY AS OF 0400 PM LOCAL TIME.

CLIMATE NORMAL PERIOD 1981 TO 2010
CLIMATE RECORD PERIOD 1895 TO 2016


WEATHER ITEM   OBSERVED TIME   RECORD YEAR NORMAL DEPARTURE LAST
                VALUE   (LST)  VALUE       VALUE  FROM      YEAR
                                                  NORMAL
..................................................................
TEMPERATURE (F)
 TODAY
  MAXIMUM         44    354 PM  73    1962  44      0       29
  MINIMUM         18    746 AM  -6    1996  25     -7       13
  AVERAGE         31                        34     -3       21

PRECIPITATION (IN)
  TODAY            0.00          1.55 1908   0.12  -0.12     0.01
  MONTH TO DATE    1.72                      0.56   1.16     0.48
  SINCE DEC 1      9.43                      7.83   1.60     5.09
  SINCE JAN 1      3.17                      3.82  -0.65     1.94

SNOWFALL (IN)
  TODAY           MM            MM      MM  MM     MM       MM
  MONTH TO DATE   MM                        MM     MM       MM
  SINCE DEC 1     MM                        MM     MM       MM
  SINCE JUL 1     MM                        MM     MM       MM
  SNOW DEPTH      MM

DEGREE DAYS
 HEATING
  TODAY           34                        31      3       44
  MONTH TO DATE  112                       155    -43      161
  SINCE DEC 1   1672                      2082   -410     2036
  SINCE JUL 1   2406                      2993   -587     3164

 COOLING
  TODAY            0                         0      0        0
  MONTH TO DATE    0                         0      0        0
  SINCE DEC 1      1                         0      1        0
  SINCE JAN 1      0                         0      0        0
..................................................................


WIND (MPH)
  HIGHEST WIND SPEED    13   HIGHEST WIND DIRECTION    SW (230)
  HIGHEST GUST SPEED    16   HIGHEST GUST DIRECTION    SW (230)
  AVERAGE WIND SPEED     3.4


SKY COVER
  POSSIBLE SUNSHINE  MM
  AVERAGE SKY COVER 0.0


WEATHER CONDITIONS
 THE FOLLOWING WEATHER WAS RECORDED TODAY.
  NO SIGNIFICANT WEATHER WAS OBSERVED.


RELATIVE HUMIDITY (PERCENT)
 HIGHEST    84           200 AM
 LOWEST     30           400 PM
 AVERAGE    57

..........................................................


THE FRANKFORT KY CLIMATE NORMALS FOR TOMORROW
                         NORMAL    RECORD    YEAR
 MAXIMUM TEMPERATURE (F)   44        68      2008
                                             1927
                                             1925
 MINIMUM TEMPERATURE (F)   25        -6      1966
                                             1912


SUNRISE AND SUNSET
FEBRUARY  5 2016......SUNRISE   741 AM EST   SUNSET   606 PM EST
FEBRUARY  6 2016......SUNRISE   740 AM EST   SUNSET   608 PM EST


-  INDICATES NEGATIVE NUMBERS.
R  INDICATES RECORD WAS SET OR TIED.
MM INDICATES DATA IS MISSING.
T  INDICATES TRACE AMOUNT.




$$
