000
CSUS97 KFGF 312223
CLIFGF


CLIMATE REPORT
NATIONAL WEATHER SERVICE EASTERN NORTH DAKOTA/GRAND FORKS
520 PM CDT THU JUL 31 2014


...................................

...THE GRAND FORKS UNIV. (NWS) ND CLIMATE SUMMARY FOR JULY 31 2014...
VALID TODAY AS OF 0400 PM LOCAL TIME.

CLIMATE NORMAL PERIOD 1981 TO 2010
CLIMATE RECORD PERIOD 1890 TO 2014


WEATHER ITEM   OBSERVED TIME   RECORD YEAR NORMAL DEPARTURE LAST
                VALUE   (LST)  VALUE       VALUE  FROM      YEAR
                                                  NORMAL
..................................................................
TEMPERATURE (F)
 TODAY
  MAXIMUM         83        MM  97    1936  82      1       75
  MINIMUM         58        MM  40    1920  58      0       54
  AVERAGE         71                        70      1       65

PRECIPITATION (IN)
  TODAY            0.00          2.11   MM   0.09  -0.09     0.05
  MONTH TO DATE    3.44                      3.17   0.27     1.60
  SINCE JUN 1     10.19                      6.91   3.28     4.38
  SINCE JAN 1     17.18                     12.96   4.22    12.59

SNOWFALL (IN)
  TODAY            0.0           0.0    MM   0.0    0.0      0.0
  MONTH TO DATE    0.0                       0.0    0.0      0.0
  SINCE JUN 1      0.0                       0.0    0.0      0.0
  SINCE JUL 1      0.0                       0.0    0.0      0.0
  SNOW DEPTH       0

DEGREE DAYS
 HEATING
  TODAY            0                         1     -1        0
  MONTH TO DATE   32                        23      9       24
  SINCE JUN 1     84                       106    -22       99
  SINCE JUL 1     32                        23      9       24

 COOLING
  TODAY            6                         6      0        0
  MONTH TO DATE  124                       171    -47      181
  SINCE JUN 1    187                       262    -75      296
  SINCE JAN 1    242                       288    -46      305
..................................................................


WIND (MPH)
  HIGHEST WIND SPEED    MM   HIGHEST WIND DIRECTION    MM
  HIGHEST GUST SPEED    MM   HIGHEST GUST DIRECTION    MM
  AVERAGE WIND SPEED    MM


SKY COVER
  POSSIBLE SUNSHINE  MM
  AVERAGE SKY COVER  MM


WEATHER CONDITIONS
 THE FOLLOWING WEATHER WAS RECORDED TODAY.
  NO SIGNIFICANT WEATHER WAS OBSERVED.


RELATIVE HUMIDITY (PERCENT)
 HIGHEST    MM
 LOWEST     MM
 AVERAGE    MM

..........................................................


THE GRAND FORKS UNIV. (NWS) ND CLIMATE NORMALS FOR TOMORROW
                         NORMAL    RECORD    YEAR
 MAXIMUM TEMPERATURE (F)   82       101      1989
 MINIMUM TEMPERATURE (F)   58        38      1927


SUNRISE AND SUNSET
JULY 31 2014..........SUNRISE   604 AM CDT   SUNSET   905 PM CDT
AUGUST  1 2014........SUNRISE   605 AM CDT   SUNSET   904 PM CDT


-  INDICATES NEGATIVE NUMBERS.
R  INDICATES RECORD WAS SET OR TIED.
MM INDICATES DATA IS MISSING.
T  INDICATES TRACE AMOUNT.




$$
