000
CDUS43 KFGF 280649
CLIFGF


CLIMATE REPORT
NATIONAL WEATHER SERVICE EASTERN NORTH DAKOTA/GRAND FORKS
149 AM CDT TUE MAR 28 2017


...................................

...THE GRAND FORKS UNIV. (NWS) ND CLIMATE SUMMARY FOR MARCH 27 2017...

CLIMATE NORMAL PERIOD 1981 TO 2010
CLIMATE RECORD PERIOD 1890 TO 2017


WEATHER ITEM   OBSERVED TIME   RECORD YEAR NORMAL DEPARTURE LAST
                VALUE   (LST)  VALUE       VALUE  FROM      YEAR
                                                  NORMAL
..................................................................
TEMPERATURE (F)
 YESTERDAY
  MAXIMUM         45        MM  82    1946  41      4       53
  MINIMUM         34        MM  -9    1955  23     11       24
  AVERAGE         40                        32      8       39

PRECIPITATION (IN)
  YESTERDAY        T             1.29 1950   0.03  -0.03     0.00
  MONTH TO DATE    0.76                      0.88  -0.12     0.66
  SINCE MAR 1      0.76                      0.88  -0.12     0.66
  SINCE JAN 1      1.86                      2.18  -0.32     1.31

SNOWFALL (IN)
  YESTERDAY        0.0           8.0  1972   0.1   -0.1      0.0
  MONTH TO DATE    0.1                       5.9   -5.8      1.7
  SINCE MAR 1      0.1                       5.9   -5.8      1.7
  SINCE JUL 1     43.0                      41.2    1.8     29.0
  SNOW DEPTH       0

DEGREE DAYS
 HEATING
  YESTERDAY       25                        33     -8       26
  MONTH TO DATE 1102                      1080     22      799
  SINCE MAR 1   1102                      1080     22      799
  SINCE JUL 1   7050                      8040   -990     6731

 COOLING
  YESTERDAY        0                         0      0        0
  MONTH TO DATE    0                         0      0        0
  SINCE MAR 1      0                         0      0        0
  SINCE JAN 1      0                         0      0        0
..................................................................


WIND (MPH)
  RESULTANT WIND SPEED  MM   RESULTANT WIND DIRECTION  MM
  HIGHEST WIND SPEED    MM   HIGHEST WIND DIRECTION    MM
  HIGHEST GUST SPEED    MM   HIGHEST GUST DIRECTION    MM
  AVERAGE WIND SPEED    MM


SKY COVER
  POSSIBLE SUNSHINE  MM
  AVERAGE SKY COVER  MM


WEATHER CONDITIONS
 THE FOLLOWING WEATHER WAS RECORDED YESTERDAY.
  NO SIGNIFICANT WEATHER WAS OBSERVED.


RELATIVE HUMIDITY (PERCENT)
 HIGHEST    MM
 LOWEST     MM
 AVERAGE    MM

..........................................................


THE GRAND FORKS UNIV. (NWS) ND CLIMATE NORMALS FOR TODAY
                         NORMAL    RECORD    YEAR
 MAXIMUM TEMPERATURE (F)   42        72      1910
 MINIMUM TEMPERATURE (F)   23       -10      1922


SUNRISE AND SUNSET
MARCH 28 2017.........SUNRISE   714 AM CDT   SUNSET   753 PM CDT
MARCH 29 2017.........SUNRISE   712 AM CDT   SUNSET   755 PM CDT


-  INDICATES NEGATIVE NUMBERS.
R  INDICATES RECORD WAS SET OR TIED.
MM INDICATES DATA IS MISSING.
T  INDICATES TRACE AMOUNT.




$$
