000
CSUS97 KFGF 192151
CLIFGF


CLIMATE REPORT
NATIONAL WEATHER SERVICE EASTERN NORTH DAKOTA/GRAND FORKS
450 PM CDT TUE AUG 19 2014


...................................

...THE GRAND FORKS UNIV. (NWS) ND CLIMATE SUMMARY FOR AUGUST 19 2014...
VALID TODAY AS OF 0400 PM LOCAL TIME.

CLIMATE NORMAL PERIOD 1981 TO 2010
CLIMATE RECORD PERIOD 1890 TO 2014


WEATHER ITEM   OBSERVED TIME   RECORD YEAR NORMAL DEPARTURE LAST
                VALUE   (LST)  VALUE       VALUE  FROM      YEAR
                                                  NORMAL
..................................................................
TEMPERATURE (F)
 TODAY
  MAXIMUM         80        MM  97    1976  80      0       93
  MINIMUM         60        MM  34    1908  56      4       66
  AVERAGE         70                        68      2       80

PRECIPITATION (IN)
  TODAY            0.00          1.43   MM   0.11  -0.11     0.00
  MONTH TO DATE    0.87                      1.90  -1.03     0.23
  SINCE JUN 1     11.06                      8.81   2.25     4.61
  SINCE JAN 1     18.05                     14.86   3.19    12.82

SNOWFALL (IN)
  TODAY            0.0           0.0    MM   0.0    0.0      0.0
  MONTH TO DATE    0.0                       0.0    0.0      0.0
  SINCE JUN 1      0.0                       0.0    0.0      0.0
  SINCE JUL 1      0.0                       0.0    0.0      0.0
  SNOW DEPTH       0

DEGREE DAYS
 HEATING
  TODAY            0                         1     -1        0
  MONTH TO DATE    0                        19    -19       35
  SINCE JUN 1     84                       125    -41      134
  SINCE JUL 1     32                        42    -10       59

 COOLING
  TODAY            5                         4      1       15
  MONTH TO DATE   92                       103    -11       46
  SINCE JUN 1    279                       365    -86      342
  SINCE JAN 1    334                       391    -57      351
..................................................................


WIND (MPH)
  HIGHEST WIND SPEED    MM   HIGHEST WIND DIRECTION    MM
  HIGHEST GUST SPEED    MM   HIGHEST GUST DIRECTION    MM
  AVERAGE WIND SPEED    MM


SKY COVER
  POSSIBLE SUNSHINE  MM
  AVERAGE SKY COVER  MM


WEATHER CONDITIONS
 THE FOLLOWING WEATHER WAS RECORDED TODAY.
  NO SIGNIFICANT WEATHER WAS OBSERVED.


RELATIVE HUMIDITY (PERCENT)
 HIGHEST    MM
 LOWEST     MM
 AVERAGE    MM

..........................................................


THE GRAND FORKS UNIV. (NWS) ND CLIMATE NORMALS FOR TOMORROW
                         NORMAL    RECORD    YEAR
 MAXIMUM TEMPERATURE (F)   80        99      1976
 MINIMUM TEMPERATURE (F)   56        32      1907


SUNRISE AND SUNSET
AUGUST 19 2014........SUNRISE   629 AM CDT   SUNSET   834 PM CDT
AUGUST 20 2014........SUNRISE   630 AM CDT   SUNSET   832 PM CDT


-  INDICATES NEGATIVE NUMBERS.
R  INDICATES RECORD WAS SET OR TIED.
MM INDICATES DATA IS MISSING.
T  INDICATES TRACE AMOUNT.




$$
