000
CDUS43 KFGF 012247
CLIFGF


CLIMATE REPORT
NATIONAL WEATHER SERVICE EASTERN NORTH DAKOTA/GRAND FORKS
447 PM CST SUN FEB 1 2015


...................................

...THE GRAND FORKS UNIV. (NWS) ND CLIMATE SUMMARY FOR FEBRUARY 1 2015...
VALID TODAY AS OF 0400 PM LOCAL TIME.

CLIMATE NORMAL PERIOD 1981 TO 2010
CLIMATE RECORD PERIOD 1890 TO 2015


WEATHER ITEM   OBSERVED TIME   RECORD YEAR NORMAL DEPARTURE LAST
                VALUE   (LST)  VALUE       VALUE  FROM      YEAR
                                                  NORMAL
..................................................................
TEMPERATURE (F)
 TODAY
  MAXIMUM          0        MM  43    1991  19    -19        5
  MINIMUM        -13        MM -40    1996   0    -13       -6
  AVERAGE         -6                         9    -15        0

PRECIPITATION (IN)
  TODAY            0.00          0.87   MM   0.02  -0.02      T
  MONTH TO DATE    0.00                      0.02  -0.02      T
  SINCE DEC 1      0.40                      1.38  -0.98     1.16
  SINCE JAN 1      0.27                      0.73  -0.46     0.47

SNOWFALL (IN)
  TODAY            0.0           9.3    MM   0.3   -0.3       T
  MONTH TO DATE    0.0                       0.3   -0.3       T
  SINCE DEC 1      7.8                      21.6  -13.8     38.7
  SINCE JUL 1     11.6                      28.7  -17.1     40.3
  SNOW DEPTH       T

DEGREE DAYS
 HEATING
  TODAY           71                        56     15       65
  MONTH TO DATE   71                        56     15       65
  SINCE DEC 1   3112                      3480   -368     4003
  SINCE JUL 1   5232                      5574   -342     6054

 COOLING
  TODAY            0                         0      0        0
  MONTH TO DATE    0                         0      0        0
  SINCE DEC 1      0                         0      0        0
  SINCE JAN 1      0                         0      0        0
..................................................................


WIND (MPH)
  HIGHEST WIND SPEED    MM   HIGHEST WIND DIRECTION    MM
  HIGHEST GUST SPEED    MM   HIGHEST GUST DIRECTION    MM
  AVERAGE WIND SPEED    MM


SKY COVER
  POSSIBLE SUNSHINE  MM
  AVERAGE SKY COVER  MM


WEATHER CONDITIONS
 THE FOLLOWING WEATHER WAS RECORDED TODAY.
  NO SIGNIFICANT WEATHER WAS OBSERVED.


RELATIVE HUMIDITY (PERCENT)
 HIGHEST    MM
 LOWEST     MM
 AVERAGE    MM

..........................................................


THE GRAND FORKS UNIV. (NWS) ND CLIMATE NORMALS FOR TOMORROW
                         NORMAL    RECORD    YEAR
 MAXIMUM TEMPERATURE (F)   19        47      2000
 MINIMUM TEMPERATURE (F)    0       -39      1996


SUNRISE AND SUNSET
FEBRUARY  1 2015......SUNRISE   756 AM CST   SUNSET   528 PM CST
FEBRUARY  2 2015......SUNRISE   755 AM CST   SUNSET   530 PM CST


-  INDICATES NEGATIVE NUMBERS.
R  INDICATES RECORD WAS SET OR TIED.
MM INDICATES DATA IS MISSING.
T  INDICATES TRACE AMOUNT.




$$
