000
CDUS43 KFGF 302200
CLIFGF


CLIMATE REPORT
NATIONAL WEATHER SERVICE EASTERN NORTH DAKOTA/GRAND FORKS
500 PM CDT SUN AUG 30 2015


...................................

...THE GRAND FORKS UNIV. (NWS) ND CLIMATE SUMMARY FOR AUGUST 30 2015...
VALID TODAY AS OF 0400 PM LOCAL TIME.

CLIMATE NORMAL PERIOD 1981 TO 2010
CLIMATE RECORD PERIOD 1890 TO 2015


WEATHER ITEM   OBSERVED TIME   RECORD YEAR NORMAL DEPARTURE LAST
                VALUE   (LST)  VALUE       VALUE  FROM      YEAR
                                                  NORMAL
..................................................................
TEMPERATURE (F)
 TODAY
  MAXIMUM         86        MM  94    1939  77      9       73
                                      1929
  MINIMUM         64        MM  35    1906  53     11       48
  AVERAGE         75                        65     10       61

PRECIPITATION (IN)
  TODAY            0.00          3.85   MM   0.10  -0.10     0.00
  MONTH TO DATE    2.49                      3.05  -0.56     3.11
  SINCE JUN 1      9.76                      9.96  -0.20    13.30
  SINCE JAN 1     15.66                     16.01  -0.35    20.29

SNOWFALL (IN)
  TODAY            0.0           0.0    MM   0.0    0.0      0.0
  MONTH TO DATE    0.0                       0.0    0.0      0.0
  SINCE JUN 1      0.0                       0.0    0.0      0.0
  SINCE JUL 1      0.0                       0.0    0.0      0.0
  SNOW DEPTH      MM

DEGREE DAYS
 HEATING
  TODAY            0                         3     -3        4
  MONTH TO DATE   36                        41     -5       24
  SINCE JUN 1     94                       147    -53      108
  SINCE JUL 1     48                        64    -16       56

 COOLING
  TODAY           10                         3      7        0
  MONTH TO DATE  153                       142     11      122
  SINCE JUN 1    473                       404     69      309
  SINCE JAN 1    484                       430     54      364
..................................................................


WIND (MPH)
  HIGHEST WIND SPEED    MM   HIGHEST WIND DIRECTION    MM
  HIGHEST GUST SPEED    MM   HIGHEST GUST DIRECTION    MM
  AVERAGE WIND SPEED    MM


SKY COVER
  POSSIBLE SUNSHINE  MM
  AVERAGE SKY COVER  MM


WEATHER CONDITIONS
 THE FOLLOWING WEATHER WAS RECORDED TODAY.
  NO SIGNIFICANT WEATHER WAS OBSERVED.


RELATIVE HUMIDITY (PERCENT)
 HIGHEST    MM
 LOWEST     MM
 AVERAGE    MM

..........................................................


THE GRAND FORKS UNIV. (NWS) ND CLIMATE NORMALS FOR TOMORROW
                         NORMAL    RECORD    YEAR
 MAXIMUM TEMPERATURE (F)   77        96      1953
 MINIMUM TEMPERATURE (F)   53        33      1910


SUNRISE AND SUNSET
AUGUST 30 2015........SUNRISE   643 AM CDT   SUNSET   814 PM CDT
AUGUST 31 2015........SUNRISE   645 AM CDT   SUNSET   812 PM CDT


-  INDICATES NEGATIVE NUMBERS.
R  INDICATES RECORD WAS SET OR TIED.
MM INDICATES DATA IS MISSING.
T  INDICATES TRACE AMOUNT.




$$
