000
CDUS43 KFGF 280639
CLIFGF


CLIMATE REPORT
NATIONAL WEATHER SERVICE EASTERN NORTH DAKOTA/GRAND FORKS
137 AM CDT SUN MAY 28 2017


...................................

...THE GRAND FORKS UNIV. (NWS) ND CLIMATE SUMMARY FOR MAY 27 2017...

CLIMATE NORMAL PERIOD 1981 TO 2010
CLIMATE RECORD PERIOD 1893 TO 2017


WEATHER ITEM   OBSERVED TIME   RECORD YEAR NORMAL DEPARTURE LAST
                VALUE   (LST)  VALUE       VALUE  FROM      YEAR
                                                  NORMAL
..................................................................
TEMPERATURE (F)
 YESTERDAY
  MAXIMUM         76        MM  99    1934  72      4       74
  MINIMUM         49        MM  21    1907  47      2       53
  AVERAGE         63                        59      4       64

PRECIPITATION (IN)
  YESTERDAY        0.04          1.29 1931   0.10  -0.06     0.00
  MONTH TO DATE    0.98                      2.31  -1.33     1.91
  SINCE MAR 1      3.30                      4.31  -1.01     4.70
  SINCE JAN 1      4.40                      5.61  -1.21     5.35

SNOWFALL (IN)
  YESTERDAY        0.0           0.3  1947   0.0    0.0      0.0
  MONTH TO DATE    0.0                       0.1   -0.1       T
  SINCE MAR 1      6.8                       8.1   -1.3      2.3
  SINCE JUL 1     49.7                      43.4    6.3     29.6
  SNOW DEPTH       0

DEGREE DAYS
 HEATING
  YESTERDAY        2                         7     -5        1
  MONTH TO DATE  250                       286    -36      189
  SINCE MAR 1   2083                      2141    -58     1796
  SINCE JUL 1   8031                      9101  -1070     7728

 COOLING
  YESTERDAY        0                         1     -1        0
  MONTH TO DATE    0                        22    -22       21
  SINCE MAR 1      0                        25    -25       21
  SINCE JAN 1      0                        25    -25       21
..................................................................


WIND (MPH)
  RESULTANT WIND SPEED  MM   RESULTANT WIND DIRECTION  MM
  HIGHEST WIND SPEED    MM   HIGHEST WIND DIRECTION    MM
  HIGHEST GUST SPEED    MM   HIGHEST GUST DIRECTION    MM
  AVERAGE WIND SPEED    MM


SKY COVER
  POSSIBLE SUNSHINE  MM
  AVERAGE SKY COVER  MM


WEATHER CONDITIONS
 THE FOLLOWING WEATHER WAS RECORDED YESTERDAY.
  NO SIGNIFICANT WEATHER WAS OBSERVED.


RELATIVE HUMIDITY (PERCENT)
 HIGHEST    MM
 LOWEST     MM
 AVERAGE    MM

..........................................................


THE GRAND FORKS UNIV. (NWS) ND CLIMATE NORMALS FOR TODAY
                         NORMAL    RECORD    YEAR
 MAXIMUM TEMPERATURE (F)   72        95      1934
 MINIMUM TEMPERATURE (F)   48        25      1947


SUNRISE AND SUNSET
MAY 28 2017...........SUNRISE   536 AM CDT   SUNSET   916 PM CDT
MAY 29 2017...........SUNRISE   535 AM CDT   SUNSET   917 PM CDT


-  INDICATES NEGATIVE NUMBERS.
R  INDICATES RECORD WAS SET OR TIED.
MM INDICATES DATA IS MISSING.
T  INDICATES TRACE AMOUNT.




$$
