000
CDUS43 KFGF 210645
CLIFGF


CLIMATE REPORT
NATIONAL WEATHER SERVICE EASTERN NORTH DAKOTA/GRAND FORKS
1241 AM CST TUE FEB 21 2017


...................................

...THE GRAND FORKS UNIV. (NWS) ND CLIMATE SUMMARY FOR FEBRUARY 20 2017...

CLIMATE NORMAL PERIOD 1981 TO 2010
CLIMATE RECORD PERIOD 1890 TO 2017


WEATHER ITEM   OBSERVED TIME   RECORD YEAR NORMAL DEPARTURE LAST
                VALUE   (LST)  VALUE       VALUE  FROM      YEAR
                                                  NORMAL
..................................................................
TEMPERATURE (F)
 YESTERDAY
  MAXIMUM         44        MM  52    2000  24     20       37
  MINIMUM         31        MM -30    1939   7     24       19
  AVERAGE         38                        15     23       28

PRECIPITATION (IN)
  YESTERDAY        0.18          0.60 1955   0.03   0.15      T
  MONTH TO DATE    0.41                      0.38   0.03     0.32
  SINCE DEC 1      2.85                      1.74   1.11     1.74
  SINCE JAN 1      1.01                      1.09  -0.08     0.62

SNOWFALL (IN)
  YESTERDAY        0.0           6.9  1955   0.2   -0.2       T
  MONTH TO DATE    4.0                       4.7   -0.7      4.1
  SINCE DEC 1     40.8                      26.0   14.8     23.6
  SINCE JUL 1     41.7                      33.1    8.6     27.0
  SNOW DEPTH       T

DEGREE DAYS
 HEATING
  YESTERDAY       27                        50    -23       37
  MONTH TO DATE  914                      1058   -144      926
  SINCE DEC 1   4150                      4482   -332     3963
  SINCE JUL 1   5604                      6576   -972     5572

 COOLING
  YESTERDAY        0                         0      0        0
  MONTH TO DATE    0                         0      0        0
  SINCE DEC 1      0                         0      0        0
  SINCE JAN 1      0                         0      0        0
..................................................................


WIND (MPH)
  RESULTANT WIND SPEED  MM   RESULTANT WIND DIRECTION  MM
  HIGHEST WIND SPEED    MM   HIGHEST WIND DIRECTION    MM
  HIGHEST GUST SPEED    MM   HIGHEST GUST DIRECTION    MM
  AVERAGE WIND SPEED    MM


SKY COVER
  POSSIBLE SUNSHINE  MM
  AVERAGE SKY COVER  MM


WEATHER CONDITIONS
 THE FOLLOWING WEATHER WAS RECORDED YESTERDAY.
  NO SIGNIFICANT WEATHER WAS OBSERVED.


RELATIVE HUMIDITY (PERCENT)
 HIGHEST    MM
 LOWEST     MM
 AVERAGE    MM

..........................................................


THE GRAND FORKS UNIV. (NWS) ND CLIMATE NORMALS FOR TODAY
                         NORMAL    RECORD    YEAR
 MAXIMUM TEMPERATURE (F)   24        48      1981
 MINIMUM TEMPERATURE (F)    7       -28      1956


SUNRISE AND SUNSET
FEBRUARY 21 2017......SUNRISE   724 AM CST   SUNSET   601 PM CST
FEBRUARY 22 2017......SUNRISE   722 AM CST   SUNSET   603 PM CST


-  INDICATES NEGATIVE NUMBERS.
R  INDICATES RECORD WAS SET OR TIED.
MM INDICATES DATA IS MISSING.
T  INDICATES TRACE AMOUNT.




$$
