000
CDUS43 KFGF 210638
CLIFGF


CLIMATE REPORT
NATIONAL WEATHER SERVICE EASTERN NORTH DAKOTA/GRAND FORKS
1236 AM CST SUN DEC 21 2014


...................................

...THE GRAND FORKS UNIV. (NWS) ND CLIMATE SUMMARY FOR DECEMBER 20 2014...

CLIMATE NORMAL PERIOD 1981 TO 2010
CLIMATE RECORD PERIOD 1890 TO 2014


WEATHER ITEM   OBSERVED TIME   RECORD YEAR NORMAL DEPARTURE LAST
                VALUE   (LST)  VALUE       VALUE  FROM      YEAR
                                                  NORMAL
..................................................................
TEMPERATURE (F)
 YESTERDAY
  MAXIMUM         31        MM  44    1957  18     13        3
  MINIMUM         26        MM -32    1916   3     23      -10
  AVERAGE         29                        10     19       -3

PRECIPITATION (IN)
  YESTERDAY        0.03          0.50   MM   0.02   0.01     0.00
  MONTH TO DATE    0.05                      0.41  -0.36     0.55
  SINCE DEC 1      0.05                      0.41  -0.36     0.55
  SINCE JAN 1     22.61                     21.38   1.23    19.00

SNOWFALL (IN)
  YESTERDAY        0.5           5.7  2008   0.4    0.1      0.0
  MONTH TO DATE    0.7                       6.5   -5.8     17.7
  SINCE DEC 1      0.7                       6.5   -5.8     17.7
  SINCE JUL 1      4.5                      13.6   -9.1     19.3
  SNOW DEPTH       0

DEGREE DAYS
 HEATING
  YESTERDAY       36                        55    -19       68
  MONTH TO DATE  901                      1021   -120     1271
  SINCE DEC 1    901                      1021   -120     1271
  SINCE JUL 1   3021                      3115    -94     3322

 COOLING
  YESTERDAY        0                         0      0        0
  MONTH TO DATE    0                         0      0        0
  SINCE DEC 1      0                         0      0        0
  SINCE JAN 1    395                       463    -68      528
..................................................................


WIND (MPH)
  RESULTANT WIND SPEED  MM   RESULTANT WIND DIRECTION  MM
  HIGHEST WIND SPEED    MM   HIGHEST WIND DIRECTION    MM
  HIGHEST GUST SPEED    MM   HIGHEST GUST DIRECTION    MM
  AVERAGE WIND SPEED    MM


SKY COVER
  POSSIBLE SUNSHINE  MM
  AVERAGE SKY COVER  MM


WEATHER CONDITIONS
 THE FOLLOWING WEATHER WAS RECORDED YESTERDAY.
  NO SIGNIFICANT WEATHER WAS OBSERVED.


RELATIVE HUMIDITY (PERCENT)
 HIGHEST    MM
 LOWEST     MM
 AVERAGE    MM

..........................................................


THE GRAND FORKS UNIV. (NWS) ND CLIMATE NORMALS FOR TODAY
                         NORMAL    RECORD    YEAR
 MAXIMUM TEMPERATURE (F)   18        43      2003
                                             1979
 MINIMUM TEMPERATURE (F)    2       -32      1916


SUNRISE AND SUNSET
DECEMBER 21 2014......SUNRISE   815 AM CST   SUNSET   438 PM CST
DECEMBER 22 2014......SUNRISE   816 AM CST   SUNSET   439 PM CST


-  INDICATES NEGATIVE NUMBERS.
R  INDICATES RECORD WAS SET OR TIED.
MM INDICATES DATA IS MISSING.
T  INDICATES TRACE AMOUNT.




$$
