000
CDUS45 KFGZ 200113
CLIFLG
CLIMATE REPORT
NATIONAL WEATHER SERVICE FLAGSTAFF, AZ
612 PM MST WED NOV 19 2014


...................................

...THE FLAGSTAFF AZ AIRPORT CLIMATE SUMMARY FOR NOVEMBER 19 2014...
VALID TODAY AS OF 0500 PM LOCAL TIME.

CLIMATE NORMAL PERIOD 1981 TO 2010
CLIMATE RECORD PERIOD 1898 TO 2014


WEATHER ITEM   OBSERVED TIME   RECORD YEAR NORMAL DEPARTURE LAST
                VALUE   (LST)  VALUE       VALUE  FROM      YEAR
                                                  NORMAL
..................................................................
TEMPERATURE (F)
 TODAY
  MAXIMUM         55   1200 PM  69    1949  49      6       52
  MINIMUM         13    300 AM  -6    1985  22     -9       27
  AVERAGE         34                        35     -1       40

PRECIPITATION (IN)
  TODAY            0.00          0.49 1940   0.05  -0.05     0.00
  MONTH TO DATE    0.60                      1.07  -0.47     0.06
  SINCE SEP 1      4.39                      5.11  -0.72     3.60
  SINCE JAN 1     17.23                     19.30  -2.07    21.28

SNOWFALL (IN)
  TODAY            0.0           5.5  1979   0.4   -0.4      0.0
  MONTH TO DATE    T                         5.3   -5.3      0.0
  SINCE SEP 1      T                         6.8   -6.8      0.6
  SNOW DEPTH      MM

DEGREE DAYS
 HEATING
  TODAY           31                        30      1       25
  MONTH TO DATE  448                       502    -54      473
  SINCE JUL 1   1119                      1385   -266     1406

 COOLING
  TODAY            0                         0      0        0
  MONTH TO DATE    0                         0      0        0
  SINCE JAN 1    109                       117     -8      148
..................................................................


WIND (MPH)
  HIGHEST WIND SPEED    13   HIGHEST WIND DIRECTION     S (200)
  HIGHEST GUST SPEED    MM   HIGHEST GUST DIRECTION    MM
  AVERAGE WIND SPEED     4.7


SKY COVER
  POSSIBLE SUNSHINE  MM
  AVERAGE SKY COVER 0.0


WEATHER CONDITIONS
 THE FOLLOWING WEATHER WAS RECORDED TODAY.
  NO SIGNIFICANT WEATHER WAS OBSERVED.


RELATIVE HUMIDITY (PERCENT)
 HIGHEST    64           300 AM
 LOWEST     10          1200 PM
 AVERAGE    37

..........................................................


THE FLAGSTAFF AZ AIRPORT CLIMATE NORMALS FOR TOMORROW
                         NORMAL    RECORD    YEAR
 MAXIMUM TEMPERATURE (F)   49        71      1976
 MINIMUM TEMPERATURE (F)   22        -5      1964


SUNRISE AND SUNSET
NOVEMBER 19 2014......SUNRISE   705 AM MST   SUNSET   519 PM MST
NOVEMBER 20 2014......SUNRISE   706 AM MST   SUNSET   518 PM MST


-  INDICATES NEGATIVE NUMBERS.
R  INDICATES RECORD WAS SET OR TIED.
MM INDICATES DATA IS MISSING.
T  INDICATES TRACE AMOUNT.




$$


&&

-------------------------------------------------------------------
SNOW DEPTH DATA FOR FLAGSTAFF AIRPORT IS REPORTED AT 5 AM MST


-------------------------------------------------------------------
SUPPLEMENTARY CLIMATE DATA FOR NWS BELLEMONT, ARIZONA

SNOW DEPTH (IN) AT 11 AM..........................................0
WATER EQUIVALENT OF SNOW PACK (IN) AT 11 AM*......................0
* ONLY MEASURED IF SNOW DEPTH IS 2.0 INCHES OR GREATER
-------------------------------------------------------------------
