000
CDUS45 KFGZ 060748
CLIFLG
CLIMATE REPORT
NATIONAL WEATHER SERVICE FLAGSTAFF, AZ
1246 AM MST TUE DEC 6 2016


...................................

...THE FLAGSTAFF AZ AIRPORT CLIMATE SUMMARY FOR DECEMBER 5 2016...

CLIMATE NORMAL PERIOD 1981 TO 2010
CLIMATE RECORD PERIOD 1898 TO 2016


WEATHER ITEM   OBSERVED TIME   RECORD YEAR NORMAL DEPARTURE LAST
                VALUE   (LST)  VALUE       VALUE  FROM      YEAR
                                                  NORMAL
..................................................................
TEMPERATURE (F)
 YESTERDAY
  MAXIMUM         46    135 PM  67    1989  44      2       50
  MINIMUM         20    734 AM  -1    1953  18      2       17
                                      1931
  AVERAGE         33                        31      2

PRECIPITATION (IN)
  YESTERDAY        0.00          0.98 1966   0.06  -0.06     0.00
  MONTH TO DATE    T                         0.28  -0.28     0.00
  SINCE SEP 1      4.19                      6.08  -1.89     7.80
  SINCE JAN 1     21.38                     20.27   1.11    26.22

SNOWFALL (IN)
  YESTERDAY        0.0           8.5  1992   0.5             0.0
  MONTH TO DATE    T                         2.4             0.0
  SINCE JUL 1      5.5                      14.6            14.6
  SNOW DEPTH       0

DEGREE DAYS
 HEATING
  YESTERDAY       32                        34     -2       31
  MONTH TO DATE  170                       169      1      167
  SINCE JUL 1   1730                      1901   -171     1757

 COOLING
  YESTERDAY        0                         0      0        0
  MONTH TO DATE    0                         0      0        0
  SINCE JAN 1    131                       117     14      115
..................................................................


WIND (MPH)
  HIGHEST WIND SPEED    16   HIGHEST WIND DIRECTION    SW (210)
  HIGHEST GUST SPEED    20   HIGHEST GUST DIRECTION    SW (210)
  AVERAGE WIND SPEED     5.3


SKY COVER
  POSSIBLE SUNSHINE  MM
  AVERAGE SKY COVER 0.1


WEATHER CONDITIONS
 THE FOLLOWING WEATHER WAS RECORDED YESTERDAY.
  NO SIGNIFICANT WEATHER WAS OBSERVED.


RELATIVE HUMIDITY (PERCENT)
 HIGHEST    74           400 AM
 LOWEST     26           100 PM
 AVERAGE    50

..........................................................


THE FLAGSTAFF AZ AIRPORT CLIMATE NORMALS FOR TODAY
                         NORMAL    RECORD    YEAR
 MAXIMUM TEMPERATURE (F)   44        62      1977
 MINIMUM TEMPERATURE (F)   18        -6      1951


SUNRISE AND SUNSET
DECEMBER  6 2016......SUNRISE   721 AM MST   SUNSET   514 PM MST
DECEMBER  7 2016......SUNRISE   722 AM MST   SUNSET   515 PM MST


-  INDICATES NEGATIVE NUMBERS.
R  INDICATES RECORD WAS SET OR TIED.
MM INDICATES DATA IS MISSING.
T  INDICATES TRACE AMOUNT.




$$
&&

-------------------------------------------------------------------
SNOW DEPTH DATA FOR FLAGSTAFF AIRPORT IS REPORTED AT 5 AM MST


-------------------------------------------------------------------
SUPPLEMENTARY CLIMATE DATA FOR NWS BELLEMONT, ARIZONA

SNOW DEPTH (IN) AT 11 AM........................................1
WATER EQUIVALENT OF SNOW PACK (IN) AT 11 AM*....................0
* ONLY MEASURED IF SNOW DEPTH IS 2.0 INCHES OR GREATER
-------------------------------------------------------------------
