000
CDUS45 KFGZ 200743
CLIFLG
CLIMATE REPORT
NATIONAL WEATHER SERVICE FLAGSTAFF, AZ
1237 AM MST TUE FEB 20 2018


...................................

...THE FLAGSTAFF AZ AIRPORT CLIMATE SUMMARY FOR FEBRUARY 19 2018...

CLIMATE NORMAL PERIOD 1981 TO 2010
CLIMATE RECORD PERIOD 1898 TO 2018


WEATHER ITEM   OBSERVED TIME   RECORD YEAR NORMAL DEPARTURE LAST
                VALUE   (LST)  VALUE       VALUE  FROM      YEAR
                                                  NORMAL
..................................................................
TEMPERATURE (F)
 YESTERDAY
  MAXIMUM         36    608 AM  65    1981  45     -9       37
  MINIMUM         18   1159 PM  -6    1942  20     -2       28
  AVERAGE         27                        32     -5

PRECIPITATION (IN)
  YESTERDAY        0.12          3.93 1993   0.08   0.04     0.11
  MONTH TO DATE    1.44                      1.43   0.01     0.72
  SINCE SEP 1      3.58                     11.15  -7.57    13.89
  SINCE JAN 1      3.15                      3.48  -0.33     5.28

SNOWFALL (IN)
  YESTERDAY        1.5          12.1  2011   0.8             1.9
  MONTH TO DATE    7.5                      14.8             1.9
  SINCE JUL 1     18.8                      67.1            66.0
  SNOW DEPTH       0

DEGREE DAYS
 HEATING
  YESTERDAY       38                        32      6       32
  MONTH TO DATE  513                       637   -124      530
  SINCE JUL 1   3750                      4553   -803     4183

 COOLING
  YESTERDAY        0                         0      0        0
  MONTH TO DATE    0                         0      0        0
  SINCE JAN 1      0                         0      0        0
..................................................................


WIND (MPH)
  HIGHEST WIND SPEED    45   HIGHEST WIND DIRECTION    SW (210)
  HIGHEST GUST SPEED    59   HIGHEST GUST DIRECTION     S (200)
  AVERAGE WIND SPEED    23.8


SKY COVER
  POSSIBLE SUNSHINE  MM
  AVERAGE SKY COVER 0.8


WEATHER CONDITIONS
 THE FOLLOWING WEATHER WAS RECORDED YESTERDAY.
  THUNDERSTORM
  RAIN
  LIGHT RAIN
  SNOW
  LIGHT SNOW
  FOG
  FOG W/VISIBILITY <= 1/4 MILE
  HAZE


RELATIVE HUMIDITY (PERCENT)
 HIGHEST    92           300 AM
 LOWEST     41           800 PM
 AVERAGE    67

..........................................................


THE FLAGSTAFF AZ AIRPORT CLIMATE NORMALS FOR TODAY
                         NORMAL    RECORD    YEAR
 MAXIMUM TEMPERATURE (F)   46        65      1977
 MINIMUM TEMPERATURE (F)   20       -11      1955


SUNRISE AND SUNSET
FEBRUARY 20 2018......SUNRISE   707 AM MST   SUNSET   614 PM MST
FEBRUARY 21 2018......SUNRISE   706 AM MST   SUNSET   615 PM MST


-  INDICATES NEGATIVE NUMBERS.
R  INDICATES RECORD WAS SET OR TIED.
MM INDICATES DATA IS MISSING.
T  INDICATES TRACE AMOUNT.




$$
&&

-------------------------------------------------------------------
SNOW DEPTH DATA FOR FLAGSTAFF AIRPORT IS REPORTED AT 5 AM MST
