000
CDUS45 KFGZ 220956
CLIFLG
CLIMATE REPORT
NATIONAL WEATHER SERVICE FLAGSTAFF, AZ
255 AM MST WED MAR 22 2017


...................................

...THE FLAGSTAFF AZ AIRPORT CLIMATE SUMMARY FOR MARCH 21 2017...

CLIMATE NORMAL PERIOD 1981 TO 2010
CLIMATE RECORD PERIOD 1898 TO 2017


WEATHER ITEM   OBSERVED TIME   RECORD YEAR NORMAL DEPARTURE LAST
                VALUE   (LST)  VALUE       VALUE  FROM      YEAR
                                                  NORMAL
..................................................................
TEMPERATURE (F)
 YESTERDAY
  MAXIMUM         65    337 PM  70    2004  52     13       65
                                      1997
  MINIMUM         30    712 AM   5    1948  24      6       31
  AVERAGE         48                        38     10

PRECIPITATION (IN)
  YESTERDAY        0.00          1.02 1991   0.06  -0.06     0.00
  MONTH TO DATE    0.00                      1.53  -1.53     0.22
  SINCE SEP 1     15.50                     13.41   2.09    12.83
  SINCE JAN 1      6.89                      5.74   1.15     4.00

SNOWFALL (IN)
  YESTERDAY        0.0          15.4  1991   0.6             0.0
  MONTH TO DATE    0.0                      15.4             0.5
  SINCE JUL 1     82.3                      88.6            72.2
  SNOW DEPTH       0

DEGREE DAYS
 HEATING
  YESTERDAY       17                        27    -10       17
  MONTH TO DATE  472                       605   -133      489
  SINCE JUL 1   4937                      5444   -507     5176

 COOLING
  YESTERDAY        0                         0      0        0
  MONTH TO DATE    0                         0      0        0
  SINCE JAN 1      0                         0      0        0
..................................................................


WIND (MPH)
  HIGHEST WIND SPEED    28   HIGHEST WIND DIRECTION    SW (220)
  HIGHEST GUST SPEED    35   HIGHEST GUST DIRECTION    SW (220)
  AVERAGE WIND SPEED     8.6


SKY COVER
  POSSIBLE SUNSHINE  MM
  AVERAGE SKY COVER 0.0


WEATHER CONDITIONS
 THE FOLLOWING WEATHER WAS RECORDED YESTERDAY.
  NO SIGNIFICANT WEATHER WAS OBSERVED.


RELATIVE HUMIDITY (PERCENT)
 HIGHEST    85           500 AM
 LOWEST     20           300 PM
 AVERAGE    53

..........................................................


THE FLAGSTAFF AZ AIRPORT CLIMATE NORMALS FOR TODAY
                         NORMAL    RECORD    YEAR
 MAXIMUM TEMPERATURE (F)   52        68      2004
 MINIMUM TEMPERATURE (F)   24        -1      1952


SUNRISE AND SUNSET
MARCH 22 2017.........SUNRISE   627 AM MST   SUNSET   640 PM MST
MARCH 23 2017.........SUNRISE   626 AM MST   SUNSET   641 PM MST


-  INDICATES NEGATIVE NUMBERS.
R  INDICATES RECORD WAS SET OR TIED.
MM INDICATES DATA IS MISSING.
T  INDICATES TRACE AMOUNT.




$$
&&

-------------------------------------------------------------------
SNOW DEPTH DATA FOR FLAGSTAFF AIRPORT IS REPORTED AT 5 AM MST


-------------------------------------------------------------------
SUPPLEMENTARY CLIMATE DATA FOR NWS BELLEMONT, ARIZONA

SNOW DEPTH (IN) AT 11 AM.........................................0
WATER EQUIVALENT OF SNOW PACK (IN) AT 11 AM*...................N/A
* ONLY MEASURED IF SNOW DEPTH IS 2.0 INCHES OR GREATER
-------------------------------------------------------------------
