000
CDUS45 KFGZ 300842
CLIFLG
CLIMATE REPORT
NATIONAL WEATHER SERVICE FLAGSTAFF, AZ
141 AM MST TUE SEP 30 2014


...................................

...THE FLAGSTAFF AZ AIRPORT CLIMATE SUMMARY FOR SEPTEMBER 29 2014...

CLIMATE NORMAL PERIOD 1981 TO 2010
CLIMATE RECORD PERIOD 1898 TO 2014


WEATHER ITEM   OBSERVED TIME   RECORD YEAR NORMAL DEPARTURE LAST
                VALUE   (LST)  VALUE       VALUE  FROM      YEAR
                                                  NORMAL
..................................................................
TEMPERATURE (F)
 YESTERDAY
  MAXIMUM         61    406 PM  83    2010  68     -7       69
  MINIMUM         32    627 AM  22    1902  37     -5       30
  AVERAGE         47                        53     -6

PRECIPITATION (IN)
  YESTERDAY        0.00          1.70 1971   0.07  -0.07     0.00
  MONTH TO DATE    3.10                      2.32   0.78     3.25
  SINCE SEP 1      3.10                      2.32   0.78     3.25
  SINCE JAN 1     15.94                     16.51  -0.57    20.93

SNOWFALL (IN)
  YESTERDAY        0.0           0.3  1905   0.0             0.0
  MONTH TO DATE    0.0                       0.0              T
  SINCE JUL 1      0.0                       0.0              T
  SNOW DEPTH       0

DEGREE DAYS
 HEATING
  YESTERDAY       18                        12      6       15
  MONTH TO DATE  142                       217    -75      223
  SINCE JUL 1    236                       305    -69      281

 COOLING
  YESTERDAY        0                         0      0        0
  MONTH TO DATE    0                         0      0        4
  SINCE JAN 1    109                       114     -5      148
..................................................................


WIND (MPH)
  HIGHEST WIND SPEED    20   HIGHEST WIND DIRECTION    SW (230)
  HIGHEST GUST SPEED    25   HIGHEST GUST DIRECTION    SW (230)
  AVERAGE WIND SPEED     4.5


SKY COVER
  POSSIBLE SUNSHINE  MM
  AVERAGE SKY COVER 0.1


WEATHER CONDITIONS
 THE FOLLOWING WEATHER WAS RECORDED YESTERDAY.
  NO SIGNIFICANT WEATHER WAS OBSERVED.


RELATIVE HUMIDITY (PERCENT)
 HIGHEST    92           600 AM
 LOWEST     28          1100 AM
 AVERAGE    60

..........................................................


THE FLAGSTAFF AZ AIRPORT CLIMATE NORMALS FOR TODAY
                         NORMAL    RECORD    YEAR
 MAXIMUM TEMPERATURE (F)   68        83      2010
                                             1980
 MINIMUM TEMPERATURE (F)   37        24      1907


SUNRISE AND SUNSET
SEPTEMBER 30 2014.....SUNRISE   621 AM MST   SUNSET   612 PM MST
OCTOBER  1 2014.......SUNRISE   621 AM MST   SUNSET   610 PM MST


-  INDICATES NEGATIVE NUMBERS.
R  INDICATES RECORD WAS SET OR TIED.
MM INDICATES DATA IS MISSING.
T  INDICATES TRACE AMOUNT.




$$


&&

-------------------------------------------------------------------
SNOW DEPTH DATA FOR FLAGSTAFF AIRPORT IS REPORTED AT 5 AM MST


-------------------------------------------------------------------
SUPPLEMENTARY CLIMATE DATA FOR NWS BELLEMONT, ARIZONA

SNOW DEPTH (IN) AT 11 AM..........................................0
WATER EQUIVALENT OF SNOW PACK (IN) AT 11 AM*......................0
* ONLY MEASURED IF SNOW DEPTH IS 2.0 INCHES OR GREATER
-------------------------------------------------------------------
