000
CDUS45 KFGZ 110737
CLIFLG
CLIMATE REPORT
NATIONAL WEATHER SERVICE FLAGSTAFF, AZ
1236 AM MST MON DEC 11 2017


...................................

...THE FLAGSTAFF AZ AIRPORT CLIMATE SUMMARY FOR DECEMBER 10 2017...

CLIMATE NORMAL PERIOD 1981 TO 2010
CLIMATE RECORD PERIOD 1898 TO 2017


WEATHER ITEM   OBSERVED TIME   RECORD YEAR NORMAL DEPARTURE LAST
                VALUE   (LST)  VALUE       VALUE  FROM      YEAR
                                                  NORMAL
..................................................................
TEMPERATURE (F)
 YESTERDAY
  MAXIMUM         50    310 PM  65    1939  43      7       51
  MINIMUM         14    547 AM -10    2013  17     -3       24
  AVERAGE         32                        30      2

PRECIPITATION (IN)
  YESTERDAY        0.00          0.97 1961   0.06  -0.06     0.00
  MONTH TO DATE    0.00                      0.57  -0.57      T
  SINCE SEP 1      0.43                      6.37  -5.94     4.19
  SINCE JAN 1     18.01                     20.56  -2.55    21.38

SNOWFALL (IN)
  YESTERDAY        0.0          12.9  2007   0.5             0.0
  MONTH TO DATE    0.0                       5.1              T
  SINCE JUL 1      0.0                      17.3             5.5
  SNOW DEPTH       0

DEGREE DAYS
 HEATING
  YESTERDAY       33                        35     -2       27
  MONTH TO DATE  293                       343    -50      322
  SINCE JUL 1   1679                      2075   -396     1882

 COOLING
  YESTERDAY        0                         0      0        0
  MONTH TO DATE    0                         0      0        0
  SINCE JAN 1    184                       117     67      131
..................................................................


WIND (MPH)
  HIGHEST WIND SPEED    16   HIGHEST WIND DIRECTION    NE (60)
  HIGHEST GUST SPEED    20   HIGHEST GUST DIRECTION    NE (60)
  AVERAGE WIND SPEED     6.5


SKY COVER
  POSSIBLE SUNSHINE  MM
  AVERAGE SKY COVER 0.0


WEATHER CONDITIONS
 THE FOLLOWING WEATHER WAS RECORDED YESTERDAY.
  NO SIGNIFICANT WEATHER WAS OBSERVED.


RELATIVE HUMIDITY (PERCENT)
 HIGHEST    51           200 AM
 LOWEST      7           300 PM
 AVERAGE    29

..........................................................


THE FLAGSTAFF AZ AIRPORT CLIMATE NORMALS FOR TODAY
                         NORMAL    RECORD    YEAR
 MAXIMUM TEMPERATURE (F)   43        68      1950
 MINIMUM TEMPERATURE (F)   17       -11      1961


SUNRISE AND SUNSET
DECEMBER 11 2017......SUNRISE   725 AM MST   SUNSET   515 PM MST
DECEMBER 12 2017......SUNRISE   726 AM MST   SUNSET   515 PM MST


-  INDICATES NEGATIVE NUMBERS.
R  INDICATES RECORD WAS SET OR TIED.
MM INDICATES DATA IS MISSING.
T  INDICATES TRACE AMOUNT.




$$
&&

-------------------------------------------------------------------
SNOW DEPTH DATA FOR FLAGSTAFF AIRPORT IS REPORTED AT 5 AM MST


-------------------------------------------------------------------
SUPPLEMENTARY CLIMATE DATA FOR NWS BELLEMONT, ARIZONA

SNOW DEPTH (IN) AT 11 AM...................................0.0
WATER EQUIVALENT OF SNOW PACK (IN) AT 11 AM*...............
* ONLY MEASURED IF SNOW DEPTH IS 2.0 INCHES OR GREATER
-------------------------------------------------------------------
