000
CDUS45 KFGZ 200818
CLIFLG
CLIMATE REPORT
NATIONAL WEATHER SERVICE FLAGSTAFF, AZ
116 AM MST MON FEB 20 2017


...................................

...THE FLAGSTAFF AZ AIRPORT CLIMATE SUMMARY FOR FEBRUARY 19 2017...

CLIMATE NORMAL PERIOD 1981 TO 2010
CLIMATE RECORD PERIOD 1898 TO 2017


WEATHER ITEM   OBSERVED TIME   RECORD YEAR NORMAL DEPARTURE LAST
                VALUE   (LST)  VALUE       VALUE  FROM      YEAR
                                                  NORMAL
..................................................................
TEMPERATURE (F)
 YESTERDAY
  MAXIMUM         37    436 PM  65    1981  45     -8       58
  MINIMUM         28    730 AM  -6    1942  20      8       28
  AVERAGE         33                        32      1

PRECIPITATION (IN)
  YESTERDAY        0.11          3.93 1993   0.08   0.03     0.00
  MONTH TO DATE    0.72                      1.43  -0.71     0.37
  SINCE SEP 1     13.89                     11.15   2.74    12.61
  SINCE JAN 1      5.28                      3.48   1.80     3.78

SNOWFALL (IN)
  YESTERDAY        1.9          12.1  2011   0.8             0.0
  MONTH TO DATE    1.9                      14.8             7.8
  SINCE JUL 1     66.0                      67.1            71.7
  SNOW DEPTH       2

DEGREE DAYS
 HEATING
  YESTERDAY       32                        32      0       22
  MONTH TO DATE  530                       637   -107      590
  SINCE JUL 1   4183                      4553   -370     4449

 COOLING
  YESTERDAY        0                         0      0        0
  MONTH TO DATE    0                         0      0        0
  SINCE JAN 1      0                         0      0        0
..................................................................


WIND (MPH)
  HIGHEST WIND SPEED    22   HIGHEST WIND DIRECTION    SW (220)
  HIGHEST GUST SPEED    25   HIGHEST GUST DIRECTION    SW (220)
  AVERAGE WIND SPEED     9.0


SKY COVER
  POSSIBLE SUNSHINE  MM
  AVERAGE SKY COVER 1.0


WEATHER CONDITIONS
 THE FOLLOWING WEATHER WAS RECORDED YESTERDAY.
  LIGHT RAIN
  LIGHT SNOW
  FOG


RELATIVE HUMIDITY (PERCENT)
 HIGHEST   100           100 AM
 LOWEST     85           300 PM
 AVERAGE    93

..........................................................


THE FLAGSTAFF AZ AIRPORT CLIMATE NORMALS FOR TODAY
                         NORMAL    RECORD    YEAR
 MAXIMUM TEMPERATURE (F)   46        65      1977
 MINIMUM TEMPERATURE (F)   20       -11      1955


SUNRISE AND SUNSET
FEBRUARY 20 2017......SUNRISE   707 AM MST   SUNSET   614 PM MST
FEBRUARY 21 2017......SUNRISE   706 AM MST   SUNSET   615 PM MST


-  INDICATES NEGATIVE NUMBERS.
R  INDICATES RECORD WAS SET OR TIED.
MM INDICATES DATA IS MISSING.
T  INDICATES TRACE AMOUNT.




$$
&&

-------------------------------------------------------------------
SNOW DEPTH DATA FOR FLAGSTAFF AIRPORT IS REPORTED AT 5 AM MST


-------------------------------------------------------------------
SUPPLEMENTARY CLIMATE DATA FOR NWS BELLEMONT, ARIZONA

SNOW DEPTH (IN) AT 11 AM..........................................1
WATER EQUIVALENT OF SNOW PACK (IN) AT 11 AM*......................
* ONLY MEASURED IF SNOW DEPTH IS 2.0 INCHES OR GREATER
-------------------------------------------------------------------
