000
CDUS42 KMFL 150930
CLIFLL


CLIMATE REPORT
NATIONAL WEATHER SERVICE MIAMI, FL
430 AM EST FRI DEC 15 2017


...................................

...THE FORT LAUDERDALE CLIMATE SUMMARY FOR DECEMBER 14 2017...

CLIMATE NORMAL PERIOD 1981 TO 2010
CLIMATE RECORD PERIOD 1912 TO 2017


WEATHER ITEM   OBSERVED TIME   RECORD YEAR NORMAL DEPARTURE LAST
                VALUE   (LST)  VALUE       VALUE  FROM      YEAR
                                                  NORMAL
..................................................................
TEMPERATURE (F)
 YESTERDAY
  MAXIMUM         71    358 PM  87    1963  78     -7       84
  MINIMUM         47    239 AM  34    2010  64    -17       70
  AVERAGE         59                        71    -12       77

PRECIPITATION (IN)
  YESTERDAY        0.00          2.01 1974   0.09  -0.09     0.00
  MONTH TO DATE    0.50                      1.20  -0.70     2.77
  SINCE NOV 1      6.26                      4.44   1.82     3.81
  SINCE JAN 1     68.93                     60.92   8.01    49.48

SNOWFALL (IN)
  YESTERDAY        0.0
  MONTH TO DATE    0.0
  SINCE DEC 1      0.0
  SINCE JUL 1      0.0
  SNOW DEPTH       0

DEGREE DAYS
 HEATING
  YESTERDAY        6                         1      5        0
  MONTH TO DATE   33                         9     24        0
  SINCE DEC 1     33                         9     24        0
  SINCE JUL 1     35                        11     24        0

 COOLING
  YESTERDAY        0                         7     -7       12
  MONTH TO DATE   90                       111    -21      166
  SINCE DEC 1     90                       111    -21      166
  SINCE JAN 1   4769                      4624    145     4692
..................................................................


WIND (MPH)
  HIGHEST WIND SPEED     9   HIGHEST WIND DIRECTION    SW (240)
  HIGHEST GUST SPEED    12   HIGHEST GUST DIRECTION     W (270)
  AVERAGE WIND SPEED     3.4


SKY COVER
  AVERAGE SKY COVER 0.1


WEATHER CONDITIONS
 THE FOLLOWING WEATHER WAS RECORDED YESTERDAY.
  NO SIGNIFICANT WEATHER WAS OBSERVED.


RELATIVE HUMIDITY (PERCENT)
 HIGHEST    93
 LOWEST     23
 AVERAGE    58

..........................................................


THE FORT LAUDERDALE CLIMATE NORMALS FOR TODAY
                         NORMAL    RECORD    YEAR
 MAXIMUM TEMPERATURE (F)   78        87      1977
 MINIMUM TEMPERATURE (F)   64        37      2010
                                             1944


SUNRISE AND SUNSET
DECEMBER 15 2017......SUNRISE   700 AM EST   SUNSET   532 PM EST
DECEMBER 16 2017......SUNRISE   701 AM EST   SUNSET   532 PM EST


-  INDICATES NEGATIVE NUMBERS.
R  INDICATES RECORD WAS SET OR TIED.
MM INDICATES DATA IS MISSING.
T  INDICATES TRACE AMOUNT.




$$
