000
CDUS42 KMFL 260925
CLIFLL


CLIMATE REPORT
NATIONAL WEATHER SERVICE MIAMI, FL
424 AM EST MON JAN 26 2015


...................................

...THE FORT LAUDERDALE CLIMATE SUMMARY FOR JANUARY 25 2015...

CLIMATE NORMAL PERIOD 1981 TO 2010
CLIMATE RECORD PERIOD 1839 TO 2015


WEATHER ITEM   OBSERVED TIME   RECORD YEAR NORMAL DEPARTURE LAST
                VALUE   (LST)  VALUE       VALUE  FROM      YEAR
                                                  NORMAL
..................................................................
TEMPERATURE (F)
 YESTERDAY
  MAXIMUM         67    240 PM  86    1965  77    -10       76
                                      1926
                                      1924
  MINIMUM         49    729 AM  36    1940  62    -13       53
  AVERAGE         58                        69    -11       65

PRECIPITATION (IN)
  YESTERDAY        0.00          1.08 1925   0.16  -0.16     0.00
  MONTH TO DATE    3.34                      2.56   0.78     1.82
  SINCE NOV 1      8.45                      8.26   0.19    13.94
  SINCE JAN 1      3.34                      2.56   0.78     1.82

SNOWFALL (IN)
  YESTERDAY        0.0
  MONTH TO DATE    0.0
  SINCE DEC 1      0.0
  SINCE JUL 1      0.0
  SNOW DEPTH       0

DEGREE DAYS
 HEATING
  YESTERDAY        7                         1      6        0
  MONTH TO DATE    9                        41    -32       71
  SINCE DEC 1     25                        71    -46       71
  SINCE JUL 1     35                        73    -38       75

 COOLING
  YESTERDAY        0                         6     -6        0
  MONTH TO DATE  163                       136     27       97
  SINCE DEC 1    375                       352     23      384
  SINCE JAN 1    163                       136     27       97
..................................................................


WIND (MPH)
  HIGHEST WIND SPEED    15   HIGHEST WIND DIRECTION     N (350)
  HIGHEST GUST SPEED    19   HIGHEST GUST DIRECTION     N (340)
  AVERAGE WIND SPEED     5.9


SKY COVER
  AVERAGE SKY COVER 0.3


WEATHER CONDITIONS
 THE FOLLOWING WEATHER WAS RECORDED YESTERDAY.
  NO SIGNIFICANT WEATHER WAS OBSERVED.


RELATIVE HUMIDITY (PERCENT)
 HIGHEST   100
 LOWEST     34
 AVERAGE    67

..........................................................


THE FORT LAUDERDALE CLIMATE NORMALS FOR TODAY
                         NORMAL    RECORD    YEAR
 MAXIMUM TEMPERATURE (F)   77        84      1975
                                             1929
                                             1913
 MINIMUM TEMPERATURE (F)   62        33      1951


SUNRISE AND SUNSET
JANUARY 26 2015.......SUNRISE   707 AM EST   SUNSET   559 PM EST
JANUARY 27 2015.......SUNRISE   707 AM EST   SUNSET   600 PM EST


-  INDICATES NEGATIVE NUMBERS.
R  INDICATES RECORD WAS SET OR TIED.
MM INDICATES DATA IS MISSING.
T  INDICATES TRACE AMOUNT.




$$
