000
CDUS42 KMFL 280924
CLIFLL


CLIMATE REPORT
NATIONAL WEATHER SERVICE MIAMI, FL
423 AM EST SAT FEB 28 2015


...................................

...THE FORT LAUDERDALE CLIMATE SUMMARY FOR FEBRUARY 27 2015...

CLIMATE NORMAL PERIOD 1981 TO 2010
CLIMATE RECORD PERIOD 1839 TO 2015


WEATHER ITEM   OBSERVED TIME   RECORD YEAR NORMAL DEPARTURE LAST
                VALUE   (LST)  VALUE       VALUE  FROM      YEAR
                                                  NORMAL
..................................................................
TEMPERATURE (F)
 YESTERDAY
  MAXIMUM         76    207 PM  88    1959  78     -2       81
  MINIMUM         66    729 AM  38    1967  65      1       66
  AVERAGE         71                        72     -1       74

PRECIPITATION (IN)
  YESTERDAY        T             3.65 1983   0.10  -0.10     0.09
  MONTH TO DATE    1.72                      2.88  -1.16     1.33
  SINCE NOV 1     10.22                     12.21  -1.99    17.61
  SINCE JAN 1      5.11                      6.51  -1.40     5.49

SNOWFALL (IN)
  YESTERDAY        0.0
  MONTH TO DATE    0.0
  SINCE DEC 1      0.0
  SINCE JUL 1      0.0
  SNOW DEPTH       0

DEGREE DAYS
 HEATING
  YESTERDAY        0                         1     -1        0
  MONTH TO DATE   48                        27     21        5
  SINCE DEC 1     87                       105    -18       76
  SINCE JUL 1     97                       107    -10       80

 COOLING
  YESTERDAY        6                         7     -1        9
  MONTH TO DATE  108                       180    -72      258
  SINCE DEC 1    485                       566    -81      670
  SINCE JAN 1    273                       350    -77      383
..................................................................


WIND (MPH)
  HIGHEST WIND SPEED    16   HIGHEST WIND DIRECTION    NE (60)
  HIGHEST GUST SPEED    19   HIGHEST GUST DIRECTION     E (80)
  AVERAGE WIND SPEED     8.8


SKY COVER
  AVERAGE SKY COVER 1.0


WEATHER CONDITIONS
 THE FOLLOWING WEATHER WAS RECORDED YESTERDAY.
  LIGHT RAIN


RELATIVE HUMIDITY (PERCENT)
 HIGHEST    93
 LOWEST     74
 AVERAGE    84

..........................................................


THE FORT LAUDERDALE CLIMATE NORMALS FOR TODAY
                         NORMAL    RECORD    YEAR
 MAXIMUM TEMPERATURE (F)   78        90      1956
 MINIMUM TEMPERATURE (F)   65        38      1952
                                             1935
                                             1916


SUNRISE AND SUNSET
FEBRUARY 28 2015......SUNRISE   645 AM EST   SUNSET   621 PM EST
MARCH  1 2015.........SUNRISE   644 AM EST   SUNSET   622 PM EST


-  INDICATES NEGATIVE NUMBERS.
R  INDICATES RECORD WAS SET OR TIED.
MM INDICATES DATA IS MISSING.
T  INDICATES TRACE AMOUNT.




$$
