745
CDUS42 KMFL 230821
CLIFLL


CLIMATE REPORT
NATIONAL WEATHER SERVICE MIAMI, FL
421 AM EDT THU MAR 23 2017


...................................

...THE FORT LAUDERDALE CLIMATE SUMMARY FOR MARCH 22 2017...

CLIMATE NORMAL PERIOD 1981 TO 2010
CLIMATE RECORD PERIOD 1912 TO 2017


WEATHER ITEM   OBSERVED TIME   RECORD YEAR NORMAL DEPARTURE LAST
                VALUE   (LST)  VALUE       VALUE  FROM      YEAR
                                                  NORMAL
..................................................................
TEMPERATURE (F)
 YESTERDAY
  MAXIMUM         83    253 PM  93    2003  80      3       74
  MINIMUM         61    503 AM  41    1924  67     -6       55
  AVERAGE         72                        73     -1       65

PRECIPITATION (IN)
  YESTERDAY        0.00          0.90 1925   0.10  -0.10     0.00
  MONTH TO DATE    0.69                      2.31  -1.62     0.97
  SINCE NOV 1      8.60                     14.60  -6.00    22.92
  SINCE JAN 1      3.97                      8.90  -4.93    11.70

SNOWFALL (IN)
  YESTERDAY        0.0
  MONTH TO DATE    0.0
  SINCE MAR 1      0.0
  SINCE JUL 1      0.0
  SNOW DEPTH       0

DEGREE DAYS
 HEATING
  YESTERDAY        0                         0      0        0
  MONTH TO DATE    6                         7     -1        2
  SINCE MAR 1      6                         7     -1        2
  SINCE JUL 1     35                       109    -74       87

 COOLING
  YESTERDAY        7                         9     -2        0
  MONTH TO DATE  155                       173    -18      208
  SINCE MAR 1    155                       173    -18      208
  SINCE JAN 1    611                       529     82      467
..................................................................


WIND (MPH)
  HIGHEST WIND SPEED    13   HIGHEST WIND DIRECTION    SE (130)
  HIGHEST GUST SPEED    17   HIGHEST GUST DIRECTION    SE (130)
  AVERAGE WIND SPEED     6.2


SKY COVER
  AVERAGE SKY COVER 0.0


WEATHER CONDITIONS
 THE FOLLOWING WEATHER WAS RECORDED YESTERDAY.
  NO SIGNIFICANT WEATHER WAS OBSERVED.


RELATIVE HUMIDITY (PERCENT)
 HIGHEST    84
 LOWEST     36
 AVERAGE    60

..........................................................


THE FORT LAUDERDALE CLIMATE NORMALS FOR TODAY
                         NORMAL    RECORD    YEAR
 MAXIMUM TEMPERATURE (F)   80        90      2014
 MINIMUM TEMPERATURE (F)   67        41      1960


SUNRISE AND SUNSET
MARCH 23 2017.........SUNRISE   721 AM EDT   SUNSET   733 PM EDT
MARCH 24 2017.........SUNRISE   720 AM EDT   SUNSET   734 PM EDT


-  INDICATES NEGATIVE NUMBERS.
R  INDICATES RECORD WAS SET OR TIED.
MM INDICATES DATA IS MISSING.
T  INDICATES TRACE AMOUNT.




$$
