000
CDUS42 KMFL 240829
CLIFLL


CLIMATE REPORT
NATIONAL WEATHER SERVICE MIAMI, FL
429 AM EDT WED AUG 24 2016


...................................

...THE FORT LAUDERDALE CLIMATE SUMMARY FOR AUGUST 23 2016...

CLIMATE NORMAL PERIOD 1981 TO 2010
CLIMATE RECORD PERIOD 1912 TO 2016


WEATHER ITEM   OBSERVED TIME   RECORD YEAR NORMAL DEPARTURE LAST
                VALUE   (LST)  VALUE       VALUE  FROM      YEAR
                                                  NORMAL
..................................................................
TEMPERATURE (F)
 YESTERDAY
  MAXIMUM         93    137 PM  98    1958  90      3       93
  MINIMUM         82    440 AM  68    1994  79      3       79
                                      1915
  AVERAGE         88                        84      4       86

PRECIPITATION (IN)
  YESTERDAY        0.00          1.96 1922   0.26  -0.26     0.00
  MONTH TO DATE    4.32                      5.31  -0.99     3.05
  SINCE JUN 1     15.78                     21.45  -5.67     7.17
  SINCE JAN 1     34.73                     38.94  -4.21    21.22

SNOWFALL (IN)
  YESTERDAY        0.0
  MONTH TO DATE    0.0
  SINCE JUN 1      0.0
  SINCE JUL 1      0.0
  SNOW DEPTH       0

DEGREE DAYS
 HEATING
  YESTERDAY        0                         0      0        0
  MONTH TO DATE    0                         0      0        0
  SINCE JUN 1      0                         0      0        0
  SINCE JUL 1      0                         0      0        0

 COOLING
  YESTERDAY       23                        19      4       21
  MONTH TO DATE  445                       456    -11      458
  SINCE JUN 1   1640                      1597     43     1642
  SINCE JAN 1   3054                      3015     39     3178
..................................................................


WIND (MPH)
  HIGHEST WIND SPEED    18   HIGHEST WIND DIRECTION    NE (60)
  HIGHEST GUST SPEED    23   HIGHEST GUST DIRECTION    NE (60)
  AVERAGE WIND SPEED     9.1


SKY COVER
  AVERAGE SKY COVER 0.5


WEATHER CONDITIONS
 THE FOLLOWING WEATHER WAS RECORDED YESTERDAY.
  NO SIGNIFICANT WEATHER WAS OBSERVED.


RELATIVE HUMIDITY (PERCENT)
 HIGHEST    85
 LOWEST     60
 AVERAGE    73

..........................................................


THE FORT LAUDERDALE CLIMATE NORMALS FOR TODAY
                         NORMAL    RECORD    YEAR
 MAXIMUM TEMPERATURE (F)   90        96      1924
 MINIMUM TEMPERATURE (F)   78        67      1915


SUNRISE AND SUNSET
AUGUST 24 2016........SUNRISE   657 AM EDT   SUNSET   748 PM EDT
AUGUST 25 2016........SUNRISE   658 AM EDT   SUNSET   747 PM EDT


-  INDICATES NEGATIVE NUMBERS.
R  INDICATES RECORD WAS SET OR TIED.
MM INDICATES DATA IS MISSING.
T  INDICATES TRACE AMOUNT.




$$
