000
CDUS42 KMFL 260924
CLIFLL


CLIMATE REPORT
NATIONAL WEATHER SERVICE MIAMI, FL
424 AM EST WED NOV 26 2014


...................................

...THE FORT LAUDERDALE CLIMATE SUMMARY FOR NOVEMBER 25 2014...

CLIMATE NORMAL PERIOD 1981 TO 2010
CLIMATE RECORD PERIOD 1839 TO 2014


WEATHER ITEM   OBSERVED TIME   RECORD YEAR NORMAL DEPARTURE LAST
                VALUE   (LST)  VALUE       VALUE  FROM      YEAR
                                                  NORMAL
..................................................................
TEMPERATURE (F)
 YESTERDAY
  MAXIMUM         85    247 PM  90    1947  81      4       75
  MINIMUM         79    659 AM  36    1970  68     11       71
  AVERAGE         82                        74      8       73

PRECIPITATION (IN)
  YESTERDAY        T             1.61 2000   0.09  -0.09     0.04
  MONTH TO DATE    2.86                      2.73   0.13     9.24
  SINCE NOV 1      2.86                      2.73   0.13     9.24
  SINCE JAN 1     59.30                     59.21   0.09    73.57

SNOWFALL (IN)
  YESTERDAY        0.0
  MONTH TO DATE    0.0
  SINCE SEP 1      0.0
  SINCE JUL 1      0.0
  SNOW DEPTH       0

DEGREE DAYS
 HEATING
  YESTERDAY        0                         0      0        0
  MONTH TO DATE    6                         0      6        0
  SINCE SEP 1      6                         0      6        0
  SINCE JUL 1      6                         0      6        0

 COOLING
  YESTERDAY       17                         9      8        8
  MONTH TO DATE  238                       274    -36      302
  SINCE SEP 1   1275                      1302    -27     1282
  SINCE JAN 1   4585                      4468    117     4329
..................................................................


WIND (MPH)
  HIGHEST WIND SPEED    24   HIGHEST WIND DIRECTION     S (160)
  HIGHEST GUST SPEED    28   HIGHEST GUST DIRECTION    SE (150)
  AVERAGE WIND SPEED    12.6


SKY COVER
  AVERAGE SKY COVER 0.6


WEATHER CONDITIONS
 THE FOLLOWING WEATHER WAS RECORDED YESTERDAY.
  LIGHT RAIN


RELATIVE HUMIDITY (PERCENT)
 HIGHEST    91
 LOWEST     70
 AVERAGE    81

..........................................................


THE FORT LAUDERDALE CLIMATE NORMALS FOR TODAY
                         NORMAL    RECORD    YEAR
 MAXIMUM TEMPERATURE (F)   80        87      1992
                                             1979
                                             1947
 MINIMUM TEMPERATURE (F)   68        35      1950


SUNRISE AND SUNSET
NOVEMBER 26 2014......SUNRISE   647 AM EST   SUNSET   529 PM EST
NOVEMBER 27 2014......SUNRISE   648 AM EST   SUNSET   529 PM EST


-  INDICATES NEGATIVE NUMBERS.
R  INDICATES RECORD WAS SET OR TIED.
MM INDICATES DATA IS MISSING.
T  INDICATES TRACE AMOUNT.




$$
