000
CDUS42 KMFL 250828
CLIFLL


CLIMATE REPORT
NATIONAL WEATHER SERVICE MIAMI, FL
428 AM EDT SUN SEP 25 2016


...................................

...THE FORT LAUDERDALE CLIMATE SUMMARY FOR SEPTEMBER 24 2016...

CLIMATE NORMAL PERIOD 1981 TO 2010
CLIMATE RECORD PERIOD 1912 TO 2016


WEATHER ITEM   OBSERVED TIME   RECORD YEAR NORMAL DEPARTURE LAST
                VALUE   (LST)  VALUE       VALUE  FROM      YEAR
                                                  NORMAL
..................................................................
TEMPERATURE (F)
 YESTERDAY
  MAXIMUM         89   1011 AM  94    1923  89      0       84
  MINIMUM         78   1129 PM  67    1925  77      1       77
  AVERAGE         84                        83      1       81

PRECIPITATION (IN)
  YESTERDAY        0.03          1.85 1983   0.30  -0.27     0.07
  MONTH TO DATE    2.92                      7.01  -4.09     9.76
  SINCE JUN 1     21.55                     30.59  -9.04    19.63
  SINCE JAN 1     40.50                     48.08  -7.58    33.68

SNOWFALL (IN)
  YESTERDAY        0.0
  MONTH TO DATE    0.0
  SINCE SEP 1      0.0
  SINCE JUL 1      0.0
  SNOW DEPTH       0

DEGREE DAYS
 HEATING
  YESTERDAY        0                         0      0        0
  MONTH TO DATE    0                         0      0        0
  SINCE SEP 1      0                         0      0        0
  SINCE JUL 1      0                         0      0        0

 COOLING
  YESTERDAY       19                        18      1       16
  MONTH TO DATE  445                       438      7      431
  SINCE SEP 1    445                       438      7      431
  SINCE JAN 1   3646                      3604     42     3762
..................................................................


WIND (MPH)
  HIGHEST WIND SPEED    12   HIGHEST WIND DIRECTION     N (340)
  HIGHEST GUST SPEED    15   HIGHEST GUST DIRECTION     N (360)
  AVERAGE WIND SPEED     3.1


SKY COVER
  AVERAGE SKY COVER 0.6


WEATHER CONDITIONS
 THE FOLLOWING WEATHER WAS RECORDED YESTERDAY.
  THUNDERSTORM
  LIGHT RAIN


RELATIVE HUMIDITY (PERCENT)
 HIGHEST    91
 LOWEST     68
 AVERAGE    80

..........................................................


THE FORT LAUDERDALE CLIMATE NORMALS FOR TODAY
                         NORMAL    RECORD    YEAR
 MAXIMUM TEMPERATURE (F)   88        95      1940
 MINIMUM TEMPERATURE (F)   77        67      1916


SUNRISE AND SUNSET
SEPTEMBER 25 2016.....SUNRISE   711 AM EDT   SUNSET   713 PM EDT
SEPTEMBER 26 2016.....SUNRISE   711 AM EDT   SUNSET   712 PM EDT


-  INDICATES NEGATIVE NUMBERS.
R  INDICATES RECORD WAS SET OR TIED.
MM INDICATES DATA IS MISSING.
T  INDICATES TRACE AMOUNT.




$$
