000
CDUS42 KILM 212043
CLIFLO


CLIMATE REPORT
NATIONAL WEATHER SERVICE WILMINGTON NC
443 PM EDT SUN SEP 21 2014


...................................

...THE FLORENCE SC CLIMATE SUMMARY FOR SEPTEMBER 21 2014...
VALID TODAY AS OF 0400 PM LOCAL TIME.

CLIMATE NORMAL PERIOD 1981 TO 2010
CLIMATE RECORD PERIOD 1948 TO 2014


WEATHER ITEM   OBSERVED TIME   RECORD YEAR NORMAL DEPARTURE LAST
                VALUE   (LST)  VALUE       VALUE  FROM      YEAR
                                                  NORMAL
..................................................................
TEMPERATURE (F)
 TODAY
  MAXIMUM         88    248 PM  97    1954  83      5       87
  MINIMUM         65    651 AM  45    1962  63      2       64
  AVERAGE         77                        73      4       76

PRECIPITATION (IN)
  TODAY            0.00          2.03 1989   0.11  -0.11     0.17
  MONTH TO DATE    7.65                      2.64   5.01     0.61
  SINCE SEP 1      7.65                      2.64   5.01     0.61
  SINCE JAN 1     35.64                     33.12   2.52    47.07

DEGREE DAYS
 HEATING
  TODAY            0                         0      0        0
  MONTH TO DATE    0                         0      0        0
  SINCE SEP 1      0                         0      0        0
  SINCE JUL 1      0                         0      0        0

 COOLING
  TODAY           12                         8      4       11
  MONTH TO DATE  287                       226     61      265
  SINCE SEP 1    287                       226     61      265
  SINCE JAN 1   2119                      1896    223     1892
..................................................................


WIND (MPH)
  HIGHEST WIND SPEED    14   HIGHEST WIND DIRECTION     W (280)
  HIGHEST GUST SPEED    20   HIGHEST GUST DIRECTION     W (280)
  AVERAGE WIND SPEED     8.7


SKY COVER
  POSSIBLE SUNSHINE  MM
  AVERAGE SKY COVER 0.0


WEATHER CONDITIONS
 THE FOLLOWING WEATHER WAS RECORDED TODAY.
  NO SIGNIFICANT WEATHER WAS OBSERVED.


RELATIVE HUMIDITY (PERCENT)
 HIGHEST    81           500 AM
 LOWEST     43           300 PM
 AVERAGE    62

..........................................................


THE FLORENCE SC CLIMATE NORMALS FOR TOMORROW
                         NORMAL    RECORD    YEAR
 MAXIMUM TEMPERATURE (F)   83        96      1980
 MINIMUM TEMPERATURE (F)   62        47      1999


SUNRISE AND SUNSET
SEPTEMBER 21 2014.....SUNRISE   706 AM EDT   SUNSET   717 PM EDT
SEPTEMBER 22 2014.....SUNRISE   707 AM EDT   SUNSET   716 PM EDT


-  INDICATES NEGATIVE NUMBERS.
R  INDICATES RECORD WAS SET OR TIED.
MM INDICATES DATA IS MISSING.
T  INDICATES TRACE AMOUNT.




$$
