404
CDUS42 KILM 240841
CLIFLO


CLIMATE REPORT
NATIONAL WEATHER SERVICE WILMINGTON NC
441 AM EDT FRI MAR 24 2017


...................................

...THE FLORENCE SC CLIMATE SUMMARY FOR MARCH 23 2017...

CLIMATE NORMAL PERIOD 1981 TO 2010
CLIMATE RECORD PERIOD 1948 TO 2017


WEATHER ITEM   OBSERVED TIME   RECORD YEAR NORMAL DEPARTURE LAST
                VALUE   (LST)  VALUE       VALUE  FROM      YEAR
                                                  NORMAL
..................................................................
TEMPERATURE (F)
 YESTERDAY
  MAXIMUM         61    418 PM  88    1995  70     -9       75
  MINIMUM         34    617 AM  24    1996  45    -11       48
  AVERAGE         48                        58    -10       62

PRECIPITATION (IN)
  YESTERDAY        0.00          1.64 1989   0.10  -0.10     0.00
  MONTH TO DATE    1.23                      2.49  -1.26     0.83
  SINCE MAR 1      1.23                      2.49  -1.26     0.83
  SINCE JAN 1      6.10                      8.64  -2.54     8.29

SNOWFALL (IN)
  YESTERDAY       MM
  MONTH TO DATE   MM
  SINCE MAR 1     MM
  SINCE JUL 1     MM
  SNOW DEPTH      MM

DEGREE DAYS
 HEATING
  YESTERDAY       17                         8      9        3
  MONTH TO DATE  322                       250     72      151
  SINCE MAR 1    322                       250     72      151
  SINCE JUL 1   1767                      2316   -549     1811

 COOLING
  YESTERDAY        0                         1     -1        0
  MONTH TO DATE   13                        10      3       38
  SINCE MAR 1     13                        10      3       38
  SINCE JAN 1     26                        16     10       39
..................................................................


WIND (MPH)
  HIGHEST WIND SPEED    17   HIGHEST WIND DIRECTION     E (80)
  HIGHEST GUST SPEED    21   HIGHEST GUST DIRECTION     E (80)
  AVERAGE WIND SPEED     8.5


SKY COVER
  POSSIBLE SUNSHINE  MM
  AVERAGE SKY COVER 0.0


WEATHER CONDITIONS
 THE FOLLOWING WEATHER WAS RECORDED YESTERDAY.
  NO SIGNIFICANT WEATHER WAS OBSERVED.


RELATIVE HUMIDITY (PERCENT)
 HIGHEST    79           300 AM
 LOWEST     25           300 PM
 AVERAGE    52

..........................................................


THE FLORENCE SC CLIMATE NORMALS FOR TODAY
                         NORMAL    RECORD    YEAR
 MAXIMUM TEMPERATURE (F)   70        85      2007
                                             1949
 MINIMUM TEMPERATURE (F)   46        30      2004
                                             1960


SUNRISE AND SUNSET
MARCH 24 2017.........SUNRISE   717 AM EDT   SUNSET   734 PM EDT
MARCH 25 2017.........SUNRISE   715 AM EDT   SUNSET   735 PM EDT


-  INDICATES NEGATIVE NUMBERS.
R  INDICATES RECORD WAS SET OR TIED.
MM INDICATES DATA IS MISSING.
T  INDICATES TRACE AMOUNT.




$$
