894
CDUS42 KILM 262042
CLIFLO


CLIMATE REPORT
NATIONAL WEATHER SERVICE WILMINGTON NC
442 PM EDT THU MAY 26 2016


...................................

...THE FLORENCE SC CLIMATE SUMMARY FOR MAY 26 2016...
VALID TODAY AS OF 0400 PM LOCAL TIME.

CLIMATE NORMAL PERIOD 1981 TO 2010
CLIMATE RECORD PERIOD 1948 TO 2016


WEATHER ITEM   OBSERVED TIME   RECORD YEAR NORMAL DEPARTURE LAST
                VALUE   (LST)  VALUE       VALUE  FROM      YEAR
                                                  NORMAL
..................................................................
TEMPERATURE (F)
 TODAY
  MAXIMUM         88    259 PM 102    1953  85      3       92
  MINIMUM         65    540 AM  46    1979  63      2       63
  AVERAGE         77                        74      3       78

PRECIPITATION (IN)
  TODAY            0.00          3.59 1966   0.12  -0.12     0.00
  MONTH TO DATE    6.27                      2.62   3.65     1.09
  SINCE MAR 1     13.24                      8.57   4.67     7.89
  SINCE JAN 1     20.70                     14.72   5.98    14.82

DEGREE DAYS
 HEATING
  TODAY            0                         0      0        0
  MONTH TO DATE   10                        22    -12        1
  SINCE MAR 1    288                       456   -168      306
  SINCE JUL 1   1948                      2522   -574     2544

 COOLING
  TODAY           12                         9      3       13
  MONTH TO DATE  155                       162     -7      204
  SINCE MAR 1    286                       252     34      318
  SINCE JAN 1    287                       258     29      321
..................................................................


WIND (MPH)
  HIGHEST WIND SPEED    13   HIGHEST WIND DIRECTION     W (280)
  HIGHEST GUST SPEED    17   HIGHEST GUST DIRECTION    SW (230)
  AVERAGE WIND SPEED     8.2


SKY COVER
  POSSIBLE SUNSHINE  MM
  AVERAGE SKY COVER 0.2


WEATHER CONDITIONS
 THE FOLLOWING WEATHER WAS RECORDED TODAY.
  FOG


RELATIVE HUMIDITY (PERCENT)
 HIGHEST    73          1200 AM
 LOWEST     40           200 PM
 AVERAGE    57

..........................................................


THE FLORENCE SC CLIMATE NORMALS FOR TOMORROW
                         NORMAL    RECORD    YEAR
 MAXIMUM TEMPERATURE (F)   85        97      1998
 MINIMUM TEMPERATURE (F)   63        46      1961


SUNRISE AND SUNSET
MAY 26 2016...........SUNRISE   610 AM EDT   SUNSET   822 PM EDT
MAY 27 2016...........SUNRISE   610 AM EDT   SUNSET   823 PM EDT


-  INDICATES NEGATIVE NUMBERS.
R  INDICATES RECORD WAS SET OR TIED.
MM INDICATES DATA IS MISSING.
T  INDICATES TRACE AMOUNT.




$$
