000
CDUS42 KILM 060842
CLIFLO


CLIMATE REPORT
NATIONAL WEATHER SERVICE WILMINGTON NC
442 AM EDT FRI MAY 6 2016


...................................

...THE FLORENCE SC CLIMATE SUMMARY FOR MAY 5 2016...

CLIMATE NORMAL PERIOD 1981 TO 2010
CLIMATE RECORD PERIOD 1948 TO 2016


WEATHER ITEM   OBSERVED TIME   RECORD YEAR NORMAL DEPARTURE LAST
                VALUE   (LST)  VALUE       VALUE  FROM      YEAR
                                                  NORMAL
..................................................................
TEMPERATURE (F)
 YESTERDAY
  MAXIMUM         68        MM  93    1981  80    -12       84
  MINIMUM         51        MM  41    1997  56     -5       54
  AVERAGE         60                        68     -8       69

PRECIPITATION (IN)
  YESTERDAY        0.26          2.25 2006   0.09   0.17     0.00
  MONTH TO DATE    1.59                      0.44   1.15      T
  SINCE MAR 1      8.56                      6.39   2.17     6.80
  SINCE JAN 1     16.02                     12.54   3.48    13.73

DEGREE DAYS
 HEATING
  YESTERDAY        5                         1      4        0
  MONTH TO DATE    5                         9     -4        1
  SINCE MAR 1    283                       443   -160      306
  SINCE JUL 1   1943                      2509   -566     2544

 COOLING
  YESTERDAY        0                         5     -5        4
  MONTH TO DATE   34                        21     13        9
  SINCE MAR 1    165                       111     54      123
  SINCE JAN 1    166                       117     49      126
..................................................................


WIND (MPH)
  HIGHEST WIND SPEED    20   HIGHEST WIND DIRECTION     W (270)
  HIGHEST GUST SPEED    37   HIGHEST GUST DIRECTION     W (270)
  AVERAGE WIND SPEED     8.7


SKY COVER
  POSSIBLE SUNSHINE  MM
  AVERAGE SKY COVER 0.6


WEATHER CONDITIONS
 THE FOLLOWING WEATHER WAS RECORDED YESTERDAY.
  THUNDERSTORM
  RAIN
  LIGHT RAIN


RELATIVE HUMIDITY (PERCENT)
 HIGHEST    86           700 PM
 LOWEST     48           100 PM
 AVERAGE    67

..........................................................


THE FLORENCE SC CLIMATE NORMALS FOR TODAY
                         NORMAL    RECORD    YEAR
 MAXIMUM TEMPERATURE (F)   81        97      1952
 MINIMUM TEMPERATURE (F)   56        45      2005
                                             1987


SUNRISE AND SUNSET
MAY  6 2016...........SUNRISE   624 AM EDT   SUNSET   807 PM EDT
MAY  7 2016...........SUNRISE   623 AM EDT   SUNSET   808 PM EDT


-  INDICATES NEGATIVE NUMBERS.
R  INDICATES RECORD WAS SET OR TIED.
MM INDICATES DATA IS MISSING.
T  INDICATES TRACE AMOUNT.




$$
