000
CDUS42 KILM 032143
CLIFLO


CLIMATE REPORT
NATIONAL WEATHER SERVICE WILMINGTON NC
443 PM EST TUE MAR 3 2015


...................................

...THE FLORENCE SC CLIMATE SUMMARY FOR MARCH 3 2015...
VALID TODAY AS OF 0400 PM LOCAL TIME.

CLIMATE NORMAL PERIOD 1981 TO 2010
CLIMATE RECORD PERIOD 1948 TO 2015


WEATHER ITEM   OBSERVED TIME   RECORD YEAR NORMAL DEPARTURE LAST
                VALUE   (LST)  VALUE       VALUE  FROM      YEAR
                                                  NORMAL
..................................................................
TEMPERATURE (F)
 TODAY
  MAXIMUM         51    124 AM  91    1976  64    -13       67
  MINIMUM         42    359 PM  11    1980  41      1       31
  AVERAGE         47                        52     -5       49

PRECIPITATION (IN)
  TODAY            T             4.20 1971   0.11  -0.11     0.06
  MONTH TO DATE    0.21                      0.33  -0.12     0.06
  SINCE MAR 1      0.21                      0.33  -0.12     0.06
  SINCE JAN 1      7.14                      6.48   0.66     5.78

SNOWFALL (IN)
  TODAY           MM
  MONTH TO DATE   MM
  SINCE MAR 1     MM
  SINCE JUL 1     MM
  SNOW DEPTH      MM

DEGREE DAYS
 HEATING
  TODAY           18                        13      5       16
  MONTH TO DATE   57                        40     17       45
  SINCE MAR 1     57                        40     17       45
  SINCE JUL 1   2295                      2106    189     2174

 COOLING
  TODAY            0                         0      0        0
  MONTH TO DATE    0                         0      0        0
  SINCE MAR 1      0                         0      0        0
  SINCE JAN 1      3                         6     -3        6
..................................................................


WIND (MPH)
  HIGHEST WIND SPEED    16   HIGHEST WIND DIRECTION     E (90)
  HIGHEST GUST SPEED    20   HIGHEST GUST DIRECTION     E (100)
  AVERAGE WIND SPEED     8.5


SKY COVER
  POSSIBLE SUNSHINE  MM
  AVERAGE SKY COVER 0.9


WEATHER CONDITIONS
 THE FOLLOWING WEATHER WAS RECORDED TODAY.
  LIGHT RAIN
  FOG
  HAZE


RELATIVE HUMIDITY (PERCENT)
 HIGHEST    89           100 AM
 LOWEST     53           800 AM
 AVERAGE    71

..........................................................


THE FLORENCE SC CLIMATE NORMALS FOR TOMORROW
                         NORMAL    RECORD    YEAR
 MAXIMUM TEMPERATURE (F)   64        87      1976
 MINIMUM TEMPERATURE (F)   41        18      2009


SUNRISE AND SUNSET
MARCH  3 2015.........SUNRISE   645 AM EST   SUNSET   617 PM EST
MARCH  4 2015.........SUNRISE   644 AM EST   SUNSET   617 PM EST


-  INDICATES NEGATIVE NUMBERS.
R  INDICATES RECORD WAS SET OR TIED.
MM INDICATES DATA IS MISSING.
T  INDICATES TRACE AMOUNT.




$$
