000
CDUS42 KILM 290840
CLIFLO


CLIMATE REPORT
NATIONAL WEATHER SERVICE WILMINGTON NC
440 AM EDT FRI MAY 29 2015


...................................

...THE FLORENCE SC CLIMATE SUMMARY FOR MAY 28 2015...

CLIMATE NORMAL PERIOD 1981 TO 2010
CLIMATE RECORD PERIOD 1948 TO 2015


WEATHER ITEM   OBSERVED TIME   RECORD YEAR NORMAL DEPARTURE LAST
                VALUE   (LST)  VALUE       VALUE  FROM      YEAR
                                                  NORMAL
..................................................................
TEMPERATURE (F)
 YESTERDAY
  MAXIMUM         89    349 PM 100    1964  85      4       93
  MINIMUM         67    540 AM  44    1961  63      4       70
  AVERAGE         78                        74      4       82

PRECIPITATION (IN)
  YESTERDAY        0.00          2.42 1995   0.13  -0.13     0.00
  MONTH TO DATE    1.29                      2.87  -1.58     2.54
  SINCE MAR 1      8.09                      8.82  -0.73    11.56
  SINCE JAN 1     15.02                     14.97   0.05    17.28

DEGREE DAYS
 HEATING
  YESTERDAY        0                         0      0        0
  MONTH TO DATE    1                        22    -21        9
  SINCE MAR 1    306                       456   -150      540
  SINCE JUL 1   2544                      2522     22     2669

 COOLING
  YESTERDAY       13                         9      4       17
  MONTH TO DATE  230                       180     50      249
  SINCE MAR 1    344                       270     74      342
  SINCE JAN 1    347                       276     71      348
..................................................................


WIND (MPH)
  HIGHEST WIND SPEED    17   HIGHEST WIND DIRECTION     S (160)
  HIGHEST GUST SPEED    19   HIGHEST GUST DIRECTION    SE (150)
  AVERAGE WIND SPEED     6.0


SKY COVER
  POSSIBLE SUNSHINE  MM
  AVERAGE SKY COVER 0.4


WEATHER CONDITIONS
 THE FOLLOWING WEATHER WAS RECORDED YESTERDAY.
  FOG


RELATIVE HUMIDITY (PERCENT)
 HIGHEST    97           300 AM
 LOWEST     46           400 PM
 AVERAGE    72

..........................................................


THE FLORENCE SC CLIMATE NORMALS FOR TODAY
                         NORMAL    RECORD    YEAR
 MAXIMUM TEMPERATURE (F)   85        95      1991
 MINIMUM TEMPERATURE (F)   64        51      1961


SUNRISE AND SUNSET
MAY 29 2015...........SUNRISE   609 AM EDT   SUNSET   823 PM EDT
MAY 30 2015...........SUNRISE   609 AM EDT   SUNSET   824 PM EDT


-  INDICATES NEGATIVE NUMBERS.
R  INDICATES RECORD WAS SET OR TIED.
MM INDICATES DATA IS MISSING.
T  INDICATES TRACE AMOUNT.




$$
