000
CDUS42 KILM 290855
CLIFLO


CLIMATE REPORT
NATIONAL WEATHER SERVICE WILMINGTON NC
454 AM EDT FRI AUG 29 2014


...................................

...THE FLORENCE SC CLIMATE SUMMARY FOR AUGUST 28 2014...

CLIMATE NORMAL PERIOD 1981 TO 2010
CLIMATE RECORD PERIOD 1948 TO 2014


WEATHER ITEM   OBSERVED TIME   RECORD YEAR NORMAL DEPARTURE LAST
                VALUE   (LST)  VALUE       VALUE  FROM      YEAR
                                                  NORMAL
..................................................................
TEMPERATURE (F)
 YESTERDAY
  MAXIMUM         95    418 PM 101    1948  88      7       91
  MINIMUM         61    530 AM  58    1969  69     -8       70
  AVERAGE         78                        79     -1       81

PRECIPITATION (IN)
  YESTERDAY        0.00          3.45 1949   0.16  -0.16     0.00
  MONTH TO DATE    3.89                      4.78  -0.89     4.44
  SINCE JUN 1     10.63                     14.66  -4.03    27.63
  SINCE JAN 1     27.99                     30.02  -2.03    46.46

DEGREE DAYS
 HEATING
  YESTERDAY        0                         0      0        0
  MONTH TO DATE    0                         0      0        0
  SINCE JUN 1      0                         1     -1        0
  SINCE JUL 1      0                         0      0        0

 COOLING
  YESTERDAY       13                        14     -1       16
  MONTH TO DATE  411                       424    -13      394
  SINCE JUN 1   1397                      1323     74     1312
  SINCE JAN 1   1779                      1630    149     1579
..................................................................


WIND (MPH)
  HIGHEST WIND SPEED    12   HIGHEST WIND DIRECTION     S (190)
  HIGHEST GUST SPEED    14   HIGHEST GUST DIRECTION     S (190)
  AVERAGE WIND SPEED     4.8


SKY COVER
  POSSIBLE SUNSHINE  MM
  AVERAGE SKY COVER 0.0


WEATHER CONDITIONS
 THE FOLLOWING WEATHER WAS RECORDED YESTERDAY.
  NO SIGNIFICANT WEATHER WAS OBSERVED.


RELATIVE HUMIDITY (PERCENT)
 HIGHEST    90           400 AM
 LOWEST     33           300 PM
 AVERAGE    62

..........................................................


THE FLORENCE SC CLIMATE NORMALS FOR TODAY
                         NORMAL    RECORD    YEAR
 MAXIMUM TEMPERATURE (F)   88       101      1998
 MINIMUM TEMPERATURE (F)   69        57      1986


SUNRISE AND SUNSET
AUGUST 29 2014........SUNRISE   650 AM EDT   SUNSET   749 PM EDT
AUGUST 30 2014........SUNRISE   651 AM EDT   SUNSET   747 PM EDT


-  INDICATES NEGATIVE NUMBERS.
R  INDICATES RECORD WAS SET OR TIED.
MM INDICATES DATA IS MISSING.
T  INDICATES TRACE AMOUNT.




$$
