000
CDUS42 KILM 230946
CLIFLO


CLIMATE REPORT
NATIONAL WEATHER SERVICE WILMINGTON NC
445 AM EST FRI FEB 23 2018


...................................

...THE FLORENCE SOUTH  CAROLINA CLIMATE SUMMARY FOR FEBRUARY 22 2018...

CLIMATE NORMAL PERIOD 1981 TO 2010
CLIMATE RECORD PERIOD 1948 TO 2018


WEATHER ITEM   OBSERVED TIME   RECORD YEAR NORMAL DEPARTURE LAST
                VALUE   (LST)  VALUE       VALUE  FROM      YEAR
                                                  NORMAL
..................................................................
TEMPERATURE (F)
 YESTERDAY
  MAXIMUM         80R   401 PM  80    1990  61     19       77
  MINIMUM         60    134 AM  21    1963  39     21       49
  AVERAGE         70                        50     20       63

PRECIPITATION (IN)
  YESTERDAY        0.00          2.86 1962   0.10  -0.10     0.00
  MONTH TO DATE    0.70                      2.27  -1.57     1.60
  SINCE DEC 1      7.53                      8.51  -0.98     9.43
  SINCE JAN 1      2.87                      5.50  -2.63     4.86

SNOWFALL (IN)
  YESTERDAY       MM             0.0    MM   0.0
  MONTH TO DATE   MM                         0.2
  SINCE DEC 1     MM                         1.4
  SINCE JUL 1     MM                         1.4
  SNOW DEPTH      MM

DEGREE DAYS
 HEATING
  YESTERDAY        0                        15    -15        2
  MONTH TO DATE  201                       378   -177      219
  SINCE DEC 1   1462                      1558    -96     1103
  SINCE JUL 1   1867                      1980   -113     1416

 COOLING
  YESTERDAY        5                         0      5        0
  MONTH TO DATE   35                         0     35        6
  SINCE DEC 1     37                         6     31       10
  SINCE JAN 1     37                         2     35        6
..................................................................


WIND (MPH)
  RESULTANT WIND SPEED   5   RESULTANT WIND DIRECTION   S (190)
  HIGHEST WIND SPEED    14   HIGHEST WIND DIRECTION     S (180)
  HIGHEST GUST SPEED    21   HIGHEST GUST DIRECTION    SW (220)
  AVERAGE WIND SPEED     5.1


SKY COVER
  POSSIBLE SUNSHINE  MM
  AVERAGE SKY COVER 0.7


WEATHER CONDITIONS
 THE FOLLOWING WEATHER WAS RECORDED YESTERDAY.
  FOG
  FOG W/VISIBILITY <= 1/4 MILE


RELATIVE HUMIDITY (PERCENT)
 HIGHEST   100           100 AM
 LOWEST     52           300 PM
 AVERAGE    76

..........................................................


THE FLORENCE SOUTH  CAROLINA CLIMATE NORMALS FOR TODAY
                         NORMAL    RECORD    YEAR
 MAXIMUM TEMPERATURE (F)   62        83      1975
 MINIMUM TEMPERATURE (F)   39        19      1978


SUNRISE AND SUNSET
FEBRUARY 23 2018......SUNRISE   655 AM EST   SUNSET   610 PM EST
FEBRUARY 24 2018......SUNRISE   654 AM EST   SUNSET   611 PM EST


-  INDICATES NEGATIVE NUMBERS.
R  INDICATES RECORD WAS SET OR TIED.
MM INDICATES DATA IS MISSING.
T  INDICATES TRACE AMOUNT.




$$
