000
CDUS42 KILM 040955
CLIFLO


CLIMATE REPORT
NATIONAL WEATHER SERVICE WILMINGTON NC
455 AM EST SUN DEC 4 2016


...................................

...THE FLORENCE SC CLIMATE SUMMARY FOR DECEMBER 3 2016...

CLIMATE NORMAL PERIOD 1981 TO 2010
CLIMATE RECORD PERIOD 1948 TO 2016


WEATHER ITEM   OBSERVED TIME   RECORD YEAR NORMAL DEPARTURE LAST
                VALUE   (LST)  VALUE       VALUE  FROM      YEAR
                                                  NORMAL
..................................................................
TEMPERATURE (F)
 YESTERDAY
  MAXIMUM         55    252 PM  86    1991  61     -6       58
  MINIMUM         36    812 AM  22    1960  39     -3       42
  AVERAGE         46                        50     -4       50

PRECIPITATION (IN)
  YESTERDAY        0.01          1.48 1983   0.09  -0.08     0.00
  MONTH TO DATE    0.04                      0.27  -0.23     0.20
  SINCE DEC 1      0.04                      0.27  -0.23     0.20
  SINCE JAN 1     56.44                     40.17  16.27    50.14

SNOWFALL (IN)
  YESTERDAY       MM
  MONTH TO DATE   MM
  SINCE DEC 1     MM
  SINCE JUL 1     MM
  SNOW DEPTH      MM

DEGREE DAYS
 HEATING
  YESTERDAY       19                        15      4       15
  MONTH TO DATE   42                        45     -3       25
  SINCE DEC 1     42                        45     -3       25
  SINCE JUL 1    355                       467   -112      289

 COOLING
  YESTERDAY        0                         0      0        0
  MONTH TO DATE    0                         0      0        0
  SINCE DEC 1      0                         0      0        0
  SINCE JAN 1   2582                      2059    523     2470
..................................................................


WIND (MPH)
  HIGHEST WIND SPEED    14   HIGHEST WIND DIRECTION    NE (50)
  HIGHEST GUST SPEED    17   HIGHEST GUST DIRECTION    NE (60)
  AVERAGE WIND SPEED     4.7


SKY COVER
  POSSIBLE SUNSHINE  MM
  AVERAGE SKY COVER 0.1


WEATHER CONDITIONS
 THE FOLLOWING WEATHER WAS RECORDED YESTERDAY.
  LIGHT RAIN
  HAZE


RELATIVE HUMIDITY (PERCENT)
 HIGHEST    92           800 AM
 LOWEST     45           100 PM
 AVERAGE    69

..........................................................


THE FLORENCE SC CLIMATE NORMALS FOR TODAY
                         NORMAL    RECORD    YEAR
 MAXIMUM TEMPERATURE (F)   61        80      1978
 MINIMUM TEMPERATURE (F)   39        20      1989


SUNRISE AND SUNSET
DECEMBER  4 2016......SUNRISE   709 AM EST   SUNSET   509 PM EST
DECEMBER  5 2016......SUNRISE   710 AM EST   SUNSET   509 PM EST


-  INDICATES NEGATIVE NUMBERS.
R  INDICATES RECORD WAS SET OR TIED.
MM INDICATES DATA IS MISSING.
T  INDICATES TRACE AMOUNT.




$$
