000
CDUS42 KILM 250842
CLIFLO


CLIMATE REPORT
NATIONAL WEATHER SERVICE WILMINGTON NC
441 AM EDT SUN JUN 25 2017


...................................

...THE FLORENCE SC CLIMATE SUMMARY FOR JUNE 24 2017...

CLIMATE NORMAL PERIOD 1981 TO 2010
CLIMATE RECORD PERIOD 1948 TO 2017


WEATHER ITEM   OBSERVED TIME   RECORD YEAR NORMAL DEPARTURE LAST
                VALUE   (LST)  VALUE       VALUE  FROM      YEAR
                                                  NORMAL
..................................................................
TEMPERATURE (F)
 YESTERDAY
  MAXIMUM         92    346 PM  99    2015  90      2       96
                                      1950
  MINIMUM         75   1159 PM  58    1972  70      5       73
  AVERAGE         84                        80      4       85

PRECIPITATION (IN)
  YESTERDAY        T             2.45 1951   0.14  -0.14     0.05
  MONTH TO DATE    3.31                      3.71  -0.40     2.09
  SINCE JUN 1      3.31                      3.71  -0.40     2.09
  SINCE JAN 1     18.02                     19.07  -1.05    23.18

DEGREE DAYS
 HEATING
  YESTERDAY        0                         0      0        0
  MONTH TO DATE    0                         0      0        0
  SINCE JUN 1      0                         0      0        0
  SINCE JUL 1   1836                      2523   -687     1948

 COOLING
  YESTERDAY       19                        15      4       20
  MONTH TO DATE  297                       306     -9      390
  SINCE JUN 1    297                       306     -9      390
  SINCE JAN 1    728                       613    115      737
..................................................................


WIND (MPH)
  HIGHEST WIND SPEED    21   HIGHEST WIND DIRECTION    SW (230)
  HIGHEST GUST SPEED    30   HIGHEST GUST DIRECTION    SW (240)
  AVERAGE WIND SPEED    11.1


SKY COVER
  POSSIBLE SUNSHINE  MM
  AVERAGE SKY COVER 0.2


WEATHER CONDITIONS
 THE FOLLOWING WEATHER WAS RECORDED YESTERDAY.
  THUNDERSTORM
  LIGHT RAIN


RELATIVE HUMIDITY (PERCENT)
 HIGHEST    94           400 AM
 LOWEST     56           200 PM
 AVERAGE    75

..........................................................


THE FLORENCE SC CLIMATE NORMALS FOR TODAY
                         NORMAL    RECORD    YEAR
 MAXIMUM TEMPERATURE (F)   90       100      1952
 MINIMUM TEMPERATURE (F)   70        56      1979


SUNRISE AND SUNSET
JUNE 25 2017..........SUNRISE   609 AM EDT   SUNSET   834 PM EDT
JUNE 26 2017..........SUNRISE   609 AM EDT   SUNSET   835 PM EDT


-  INDICATES NEGATIVE NUMBERS.
R  INDICATES RECORD WAS SET OR TIED.
MM INDICATES DATA IS MISSING.
T  INDICATES TRACE AMOUNT.




$$
