000
CDUS42 KTBW 192215
CLIFMY


CLIMATE REPORT
NATIONAL WEATHER SERVICE TAMPA BAY FL
514 PM EST THU JAN 19 2017


...................................

...THE FORT MYERS CLIMATE SUMMARY FOR JANUARY 19 2017...
VALID TODAY AS OF 0500 PM LOCAL TIME.

CLIMATE NORMAL PERIOD 1981 TO 2010
CLIMATE RECORD PERIOD 1902 TO 2017


WEATHER ITEM   OBSERVED TIME   RECORD YEAR NORMAL DEPARTURE LAST
                VALUE   (LST)  VALUE       VALUE  FROM      YEAR
                                                  NORMAL
..................................................................
TEMPERATURE (F)
 TODAY
  MAXIMUM         81    313 PM  88    1990  75      6       62
  MINIMUM         59    720 AM  30    1981  54      5       47
                                      1977
  AVERAGE         70                        64      6       55

PRECIPITATION (IN)
  TODAY            0.00          1.29 1931   0.06  -0.06     0.00
  MONTH TO DATE    0.76                      1.18  -0.42     6.47
  SINCE DEC 1      1.00                      2.89  -1.89    10.07
  SINCE JAN 1      0.76                      1.18  -0.42     6.47

DEGREE DAYS
 HEATING
  TODAY            0                         4     -4       10
  MONTH TO DATE   27                        76    -49       52
  SINCE DEC 1     36                       151   -115       55
  SINCE JUL 1     41                       169   -128       55

 COOLING
  TODAY            5                         3      2        0
  MONTH TO DATE  108                        56     52       36
  SINCE DEC 1    384                       177    207      314
  SINCE JAN 1    108                        56     52       36
..................................................................


WIND (MPH)
  RESULTANT WIND SPEED   1   RESULTANT WIND DIRECTION   S (180)
  HIGHEST WIND SPEED    14   HIGHEST WIND DIRECTION     W (250)
  HIGHEST GUST SPEED    20   HIGHEST GUST DIRECTION     W (250)
  AVERAGE WIND SPEED     3.0


SKY COVER
  POSSIBLE SUNSHINE  MM
  AVERAGE SKY COVER 0.1


WEATHER CONDITIONS
 THE FOLLOWING WEATHER WAS RECORDED TODAY.
  FOG


RELATIVE HUMIDITY (PERCENT)
 HIGHEST   100           300 AM
 LOWEST     50           500 PM

..........................................................


THE FORT MYERS CLIMATE NORMALS FOR TOMORROW
                         NORMAL    RECORD    YEAR
 MAXIMUM TEMPERATURE (F)   75        87      1990
 MINIMUM TEMPERATURE (F)   54        30      1977


SUNRISE AND SUNSET
JANUARY 19 2017.......SUNRISE   717 AM EST   SUNSET   600 PM EST
JANUARY 20 2017.......SUNRISE   716 AM EST   SUNSET   601 PM EST


-  INDICATES NEGATIVE NUMBERS.
R  INDICATES RECORD WAS SET OR TIED.
MM INDICATES DATA IS MISSING.
T  INDICATES TRACE AMOUNT.




$$


&&
------------------------------------------------------------------
******************** SUPPLEMENTAL DATA ***************************

...GULF WATER TEMPERATURE AT FORT MYERS BEACH 68 DEGREES
