000
CDUS42 KTBW 252228
CLIFMY


CLIMATE REPORT
NATIONAL WEATHER SERVICE TAMPA BAY FL
525 PM EST TUE NOV 25 2014


...................................

...THE FORT MYERS CLIMATE SUMMARY FOR NOVEMBER 25 2014...
VALID TODAY AS OF 0500 PM LOCAL TIME.

CLIMATE NORMAL PERIOD 1981 TO 2010
CLIMATE RECORD PERIOD 1902 TO 2014


WEATHER ITEM   OBSERVED TIME   RECORD YEAR NORMAL DEPARTURE LAST
                VALUE   (LST)  VALUE       VALUE  FROM      YEAR
                                                  NORMAL
..................................................................
TEMPERATURE (F)
 TODAY
  MAXIMUM         86    308 PM  89    1992  80      6       80
                                      1986
  MINIMUM         76    247 AM  34    1970  60     16       64
  AVERAGE         81                        70     11       72

PRECIPITATION (IN)
  TODAY            0.04          1.55 1922   0.04   0.00     0.00
  MONTH TO DATE    1.62                      1.71  -0.09     0.96
  SINCE SEP 1     10.18                     12.90  -2.72    13.22
  SINCE JAN 1     39.42                     53.97 -14.55    52.82

DEGREE DAYS
 HEATING
  TODAY            0                         1     -1        0
  MONTH TO DATE   28                        10     18        0
  SINCE SEP 1     28                        12     16        0
  SINCE JUL 1     28                        12     16        0

 COOLING
  TODAY           16                         6     10        7
  MONTH TO DATE  134                       188    -54      233
  SINCE SEP 1   1014                      1112    -98     1138
  SINCE JAN 1   3925                      3836     89     3856
..................................................................


WIND (MPH)
  RESULTANT WIND SPEED   8   RESULTANT WIND DIRECTION   S (180)
  HIGHEST WIND SPEED    20   HIGHEST WIND DIRECTION     S (180)
  HIGHEST GUST SPEED    26   HIGHEST GUST DIRECTION     S (200)
  AVERAGE WIND SPEED     8.9


SKY COVER
  POSSIBLE SUNSHINE  MM
  AVERAGE SKY COVER 0.7


WEATHER CONDITIONS
 THE FOLLOWING WEATHER WAS RECORDED TODAY.
  LIGHT RAIN
  FOG


RELATIVE HUMIDITY (PERCENT)
 HIGHEST    94           100 AM
 LOWEST     65           300 PM

..........................................................


THE FORT MYERS CLIMATE NORMALS FOR TOMORROW
                         NORMAL    RECORD    YEAR
 MAXIMUM TEMPERATURE (F)   80        89      1973
                                             1948
 MINIMUM TEMPERATURE (F)   60        34      1950


SUNRISE AND SUNSET
NOVEMBER 25 2014......SUNRISE   654 AM EST   SUNSET   535 PM EST
NOVEMBER 26 2014......SUNRISE   655 AM EST   SUNSET   535 PM EST


-  INDICATES NEGATIVE NUMBERS.
R  INDICATES RECORD WAS SET OR TIED.
MM INDICATES DATA IS MISSING.
T  INDICATES TRACE AMOUNT.




$$


&&
------------------------------------------------------------------
******************** SUPPLEMENTAL DATA ***************************

...GULF WATER TEMPERATURE AT FORT MYERS BEACH 73
