000
CDUS42 KTBW 182214
CLIFMY


CLIMATE REPORT
NATIONAL WEATHER SERVICE TAMPA BAY FL
511 PM EST THU JAN 18 2018


...................................

...THE FORT MYERS CLIMATE SUMMARY FOR JANUARY 18 2018...
VALID TODAY AS OF 0500 PM LOCAL TIME.

CLIMATE NORMAL PERIOD 1981 TO 2010
CLIMATE RECORD PERIOD 1902 TO 2018


WEATHER ITEM   OBSERVED TIME   RECORD YEAR NORMAL DEPARTURE LAST
                VALUE   (LST)  VALUE       VALUE  FROM      YEAR
                                                  NORMAL
..................................................................
TEMPERATURE (F)
 TODAY
  MAXIMUM         59    427 PM  86    1947  75    -16       82
                                      1943
  MINIMUM         33    739 AM  31    1977  54    -21       59
  AVERAGE         46                        64    -18       71

PRECIPITATION (IN)
  TODAY            0.00          2.03 2004   0.06  -0.06     0.00
  MONTH TO DATE    0.39                      1.12  -0.73     0.76
  SINCE DEC 1      1.84                      2.83  -0.99     1.00
  SINCE JAN 1      0.39                      1.12  -0.73     0.76

DEGREE DAYS
 HEATING
  TODAY           19                         4     15        0
  MONTH TO DATE  118                        72     46       27
  SINCE DEC 1    161                       147     14       36
  SINCE JUL 1    166                       165      1       41

 COOLING
  TODAY            0                         3     -3        6
  MONTH TO DATE   31                        53    -22      103
  SINCE DEC 1    200                       174     26      379
  SINCE JAN 1     31                        53    -22      103
..................................................................


WIND (MPH)
  RESULTANT WIND SPEED   9   RESULTANT WIND DIRECTION   N (20)
  HIGHEST WIND SPEED    20   HIGHEST WIND DIRECTION     N (340)
  HIGHEST GUST SPEED    26   HIGHEST GUST DIRECTION     N (340)
  AVERAGE WIND SPEED    10.2


SKY COVER
  POSSIBLE SUNSHINE  MM
  AVERAGE SKY COVER 0.0


WEATHER CONDITIONS
 THE FOLLOWING WEATHER WAS RECORDED TODAY.
  HAZE


RELATIVE HUMIDITY (PERCENT)
 HIGHEST    71          1200 AM
 LOWEST     24           300 PM

..........................................................


THE FORT MYERS CLIMATE NORMALS FOR TOMORROW
                         NORMAL    RECORD    YEAR
 MAXIMUM TEMPERATURE (F)   75        88      1990
 MINIMUM TEMPERATURE (F)   54        30      1981
                                             1977


SUNRISE AND SUNSET
JANUARY 18 2018.......SUNRISE   717 AM EST   SUNSET   559 PM EST
JANUARY 19 2018.......SUNRISE   717 AM EST   SUNSET   600 PM EST


-  INDICATES NEGATIVE NUMBERS.
R  INDICATES RECORD WAS SET OR TIED.
MM INDICATES DATA IS MISSING.
T  INDICATES TRACE AMOUNT.




$$


&&
------------------------------------------------------------------
******************** SUPPLEMENTAL DATA ***************************

...GULF WATER TEMPERATURE AT FORT MYERS BEACH 60 DEGREES
