000
CDUS42 KTBW 252126
CLIFMY


CLIMATE REPORT
NATIONAL WEATHER SERVICE TAMPA BAY FL
523 PM EDT SUN SEP 25 2016


...................................

...THE FORT MYERS CLIMATE SUMMARY FOR SEPTEMBER 25 2016...
VALID TODAY AS OF 0500 PM LOCAL TIME.

CLIMATE NORMAL PERIOD 1981 TO 2010
CLIMATE RECORD PERIOD 1902 TO 2016


WEATHER ITEM   OBSERVED TIME   RECORD YEAR NORMAL DEPARTURE LAST
                VALUE   (LST)  VALUE       VALUE  FROM      YEAR
                                                  NORMAL
..................................................................
TEMPERATURE (F)
 TODAY
  MAXIMUM         93    248 PM  95    1988  90      3       90
                                      1986
                                      1972
  MINIMUM         73    640 AM  64    1916  74     -1       73
  AVERAGE         83                        82      1       82

PRECIPITATION (IN)
  TODAY            0.01          2.90 1910   0.22  -0.21     0.00
  MONTH TO DATE    6.15                      7.28  -1.13     7.83
  SINCE SEP 1      6.15                      7.28  -1.13     7.83
  SINCE JAN 1     59.63                     48.35  11.28    49.16

DEGREE DAYS
 HEATING
  TODAY            0                         0      0        0
  MONTH TO DATE    0                         0      0        0
  SINCE SEP 1      0                         0      0        0
  SINCE JUL 1      0                         0      0        0

 COOLING
  TODAY           18                        17      1       17
  MONTH TO DATE  463                       441     22      442
  SINCE SEP 1    463                       441     22      442
  SINCE JAN 1   3308                      3165    143     3459
..................................................................


WIND (MPH)
  RESULTANT WIND SPEED   3   RESULTANT WIND DIRECTION   E (80)
  HIGHEST WIND SPEED     9   HIGHEST WIND DIRECTION    NE (40)
  HIGHEST GUST SPEED    13   HIGHEST GUST DIRECTION    NE (40)
  AVERAGE WIND SPEED     3.3


SKY COVER
  POSSIBLE SUNSHINE  MM
  AVERAGE SKY COVER 0.2


WEATHER CONDITIONS
 THE FOLLOWING WEATHER WAS RECORDED TODAY.
  THUNDERSTORM
  LIGHT RAIN


RELATIVE HUMIDITY (PERCENT)
 HIGHEST   100           300 AM
 LOWEST     52           300 PM

..........................................................


THE FORT MYERS CLIMATE NORMALS FOR TOMORROW
                         NORMAL    RECORD    YEAR
 MAXIMUM TEMPERATURE (F)   90        95      1988
                                             1980
 MINIMUM TEMPERATURE (F)   74        64      1916
                                             1903


SUNRISE AND SUNSET
SEPTEMBER 25 2016.....SUNRISE   717 AM EDT   SUNSET   720 PM EDT
SEPTEMBER 26 2016.....SUNRISE   718 AM EDT   SUNSET   719 PM EDT


-  INDICATES NEGATIVE NUMBERS.
R  INDICATES RECORD WAS SET OR TIED.
MM INDICATES DATA IS MISSING.
T  INDICATES TRACE AMOUNT.




$$


&&
------------------------------------------------------------------
******************** SUPPLEMENTAL DATA ***************************

...GULF WATER TEMPERATURE AT FORT MYERS BEACH 88 DEGREES
