000
CDUS42 KTBW 182127
CLIFMY


CLIMATE REPORT
NATIONAL WEATHER SERVICE TAMPA BAY FL
525 PM EDT FRI AUG 18 2017


...................................

...THE FORT MYERS CLIMATE SUMMARY FOR AUGUST 18 2017...
VALID TODAY AS OF 0500 PM LOCAL TIME.

CLIMATE NORMAL PERIOD 1981 TO 2010
CLIMATE RECORD PERIOD 1902 TO 2017


WEATHER ITEM   OBSERVED TIME   RECORD YEAR NORMAL DEPARTURE LAST
                VALUE   (LST)  VALUE       VALUE  FROM      YEAR
                                                  NORMAL
..................................................................
TEMPERATURE (F)
 TODAY
  MAXIMUM         93    107 PM  98    1987  92      1       93
                                      1985
  MINIMUM         76    618 AM  70    1956  75      1       77
                                      1918
                                      1904
  AVERAGE         85                        83      2       85

PRECIPITATION (IN)
  TODAY            T             2.94 1922   0.33  -0.33     0.04
  MONTH TO DATE    2.61                      5.79  -3.18     7.66
  SINCE JUN 1     26.23                     24.92   1.31    29.26
  SINCE JAN 1     32.41                     36.72  -4.31    50.13

DEGREE DAYS
 HEATING
  TODAY            0                         0      0        0
  MONTH TO DATE    0                         0      0        0
  SINCE JUN 1      0                         0      0        0
  SINCE JUL 1      0                         0      0        0

 COOLING
  TODAY           20                        18      2       20
  MONTH TO DATE  360                       324     36      339
  SINCE JUN 1   1444                      1413     31     1493
  SINCE JAN 1   2726                      2479    247     2591
..................................................................


WIND (MPH)
  RESULTANT WIND SPEED   0   RESULTANT WIND DIRECTION   N (0)
  HIGHEST WIND SPEED    17   HIGHEST WIND DIRECTION     W (270)
  HIGHEST GUST SPEED    23   HIGHEST GUST DIRECTION     W (280)
  AVERAGE WIND SPEED     3.0


SKY COVER
  POSSIBLE SUNSHINE  MM
  AVERAGE SKY COVER 0.1


WEATHER CONDITIONS
 THE FOLLOWING WEATHER WAS RECORDED TODAY.
  THUNDERSTORM
  LIGHT RAIN


RELATIVE HUMIDITY (PERCENT)
 HIGHEST   100           100 AM
 LOWEST     59           400 PM

..........................................................


THE FORT MYERS CLIMATE NORMALS FOR TOMORROW
                         NORMAL    RECORD    YEAR
 MAXIMUM TEMPERATURE (F)   92        96      2014
                                             2010
                                             2005
 MINIMUM TEMPERATURE (F)   75        68      1938


SUNRISE AND SUNSET
AUGUST 18 2017........SUNRISE   701 AM EDT   SUNSET   801 PM EDT
AUGUST 19 2017........SUNRISE   701 AM EDT   SUNSET   800 PM EDT


-  INDICATES NEGATIVE NUMBERS.
R  INDICATES RECORD WAS SET OR TIED.
MM INDICATES DATA IS MISSING.
T  INDICATES TRACE AMOUNT.




$$


&&
------------------------------------------------------------------
******************** SUPPLEMENTAL DATA ***************************

...GULF WATER TEMPERATURE AT FORT MYERS BEACH 89 DEGREES
