000
CDUS43 KDTX 290538
CLIFNT


CLIMATE REPORT
NATIONAL WEATHER SERVICE DETROIT/PONTIAC MI
138 AM EDT THU JUN 29 2017


...................................

...THE FLINT MI CLIMATE SUMMARY FOR JUNE 28 2017...

CLIMATE NORMAL PERIOD 1981 TO 2010
CLIMATE RECORD PERIOD 1921 TO 2017


WEATHER ITEM   OBSERVED TIME   RECORD YEAR NORMAL DEPARTURE LAST
                VALUE   (LST)  VALUE       VALUE  FROM      YEAR
                                                  NORMAL
..................................................................
TEMPERATURE (F)
 YESTERDAY
  MAXIMUM         76    259 PM 100    2012  81     -5       72
                                      1934
  MINIMUM         48    318 AM  46    1992  58    -10       49
                                      1930
  AVERAGE         62                        70     -8       61

PRECIPITATION (IN)
  YESTERDAY        T             1.48 1939   0.10  -0.10      T
  MONTH TO DATE    2.64                      2.88  -0.24     0.67
  SINCE JUN 1      2.64                      2.88  -0.24     0.67
  SINCE JAN 1     19.07                     13.87   5.20    12.90

SNOWFALL (IN)
  YESTERDAY        0.0           0.0    MM   0.0    0.0      0.0
  MONTH TO DATE    0.0                       0.0    0.0      0.0
  SINCE JUN 1      0.0                       0.0    0.0      0.0
  SINCE JUL 1     39.4                      47.4   -8.0     69.0
  SNOW DEPTH       0

DEGREE DAYS
 HEATING
  YESTERDAY        3                         1      2        4
  MONTH TO DATE   39                        64    -25       26
  SINCE JUN 1     39                        64    -25       26
  SINCE JUL 1   5827                      6951  -1124     5382

 COOLING
  YESTERDAY        0                         5     -5        0
  MONTH TO DATE  125                        99     26      175
  SINCE JUN 1    125                        99     26      175
  SINCE JAN 1    150                       131     19      254
..................................................................


WIND (MPH)
  HIGHEST WIND SPEED    18   HIGHEST WIND DIRECTION     S (180)
  HIGHEST GUST SPEED    25   HIGHEST GUST DIRECTION    SW (210)
  AVERAGE WIND SPEED     8.4


SKY COVER
  POSSIBLE SUNSHINE  MM
  AVERAGE SKY COVER 0.3


WEATHER CONDITIONS
 THE FOLLOWING WEATHER WAS RECORDED YESTERDAY.
  LIGHT RAIN


RELATIVE HUMIDITY (PERCENT)
 HIGHEST    93           300 AM
 LOWEST     38           100 PM
 AVERAGE    66

..........................................................


THE FLINT MI CLIMATE NORMALS FOR TODAY
                         NORMAL    RECORD    YEAR
 MAXIMUM TEMPERATURE (F)   81       100      1934
 MINIMUM TEMPERATURE (F)   58        40      1923


SUNRISE AND SUNSET
JUNE 29 2017..........SUNRISE   559 AM EDT   SUNSET   918 PM EDT
JUNE 30 2017..........SUNRISE   559 AM EDT   SUNSET   918 PM EDT


-  INDICATES NEGATIVE NUMBERS.
R  INDICATES RECORD WAS SET OR TIED.
MM INDICATES DATA IS MISSING.
T  INDICATES TRACE AMOUNT.




$$
