032
CDUS43 KFSD 230644
CLIFSD


CLIMATE REPORT
NATIONAL WEATHER SERVICE SIOUX FALLS SD
1242 AM CST MON JAN 23 2017


...................................

...THE SIOUX FALLS SD CLIMATE SUMMARY FOR JANUARY 22 2017...

CLIMATE NORMAL PERIOD 1981 TO 2010
CLIMATE RECORD PERIOD 1893 TO 2017


WEATHER ITEM   OBSERVED TIME   RECORD YEAR NORMAL DEPARTURE LAST
                VALUE   (LST)  VALUE       VALUE  FROM      YEAR
                                                  NORMAL
..................................................................
TEMPERATURE (F)
 YESTERDAY
  MAXIMUM         33    118 PM  58    1900  27      6       17
  MINIMUM         29    525 PM -28    1966   7     22        5
  AVERAGE         31                        17     14       11

PRECIPITATION (IN)
  YESTERDAY        T             0.69 1917   0.02  -0.02      T
  MONTH TO DATE    0.17                      0.40  -0.23     0.43
  SINCE DEC 1      2.09                      1.09   0.00     1.74
  SINCE JAN 1      0.17                      0.40  -0.23     0.43

SNOWFALL (IN)
  YESTERDAY        T             8.2  1982   0.3   -0.3      0.1
  MONTH TO DATE    2.1                       5.4   -3.3      6.1
  SINCE DEC 1     13.0                      13.6   -0.6     25.2
  SINCE JUL 1     19.0                      22.3   -3.3     42.5
  SNOW DEPTH       0

DEGREE DAYS
 HEATING
  YESTERDAY       34                        48    -14       54
  MONTH TO DATE 1029                      1074    -45     1129
  SINCE DEC 1   2418                      2495    -77     2323
  SINCE JUL 1   3553                      4207   -654     3597

 COOLING
  YESTERDAY        0                         0      0        0
  MONTH TO DATE    0                         0      0        0
  SINCE DEC 1      0                         0      0        0
  SINCE JAN 1      0                         0      0        0
..................................................................


WIND (MPH)
  HIGHEST WIND SPEED    20   HIGHEST WIND DIRECTION    NW (320)
  HIGHEST GUST SPEED    25   HIGHEST GUST DIRECTION    NW (320)
  AVERAGE WIND SPEED    10.8


SKY COVER
  POSSIBLE SUNSHINE  MM
  AVERAGE SKY COVER 1.0


WEATHER CONDITIONS
 THE FOLLOWING WEATHER WAS RECORDED YESTERDAY.
  LT FREEZING RAIN
  LIGHT SNOW
  FOG


RELATIVE HUMIDITY (PERCENT)
 HIGHEST   100           300 PM
 LOWEST     85           200 PM
 AVERAGE    93

..........................................................


THE SIOUX FALLS SD CLIMATE NORMALS FOR TODAY
                         NORMAL    RECORD    YEAR
 MAXIMUM TEMPERATURE (F)   27        57      1981
 MINIMUM TEMPERATURE (F)    7       -23      1948
                                             1936


SUNRISE AND SUNSET
JANUARY 23 2017.......SUNRISE   752 AM CST   SUNSET   527 PM CST
JANUARY 24 2017.......SUNRISE   751 AM CST   SUNSET   528 PM CST


-  INDICATES NEGATIVE NUMBERS.
R  INDICATES RECORD WAS SET OR TIED.
MM INDICATES DATA IS MISSING.
T  INDICATES TRACE AMOUNT.




$$
