000
CDUS44 KTSA 232121
CLIFSM

CLIMATE REPORT
NATIONAL WEATHER SERVICE TULSA OK
418 PM CDT FRI JUN 23 2017


...................................

...THE FORT SMITH ARKANSAS CLIMATE SUMMARY FOR JUNE 23 2017...
VALID TODAY AS OF 0400 PM LOCAL TIME.

CLIMATE NORMAL PERIOD 1981 TO 2010
CLIMATE RECORD PERIOD 1882 TO 2017


WEATHER ITEM   OBSERVED TIME   RECORD YEAR NORMAL DEPARTURE LAST
                VALUE   (LST)  VALUE       VALUE  FROM      YEAR
                                                  NORMAL
..................................................................
TEMPERATURE (F)
 TODAY
  MAXIMUM         94    259 PM 102    1988  90      4       98
                                      1934
                                      1933
  MINIMUM         73    449 AM  55    1902  69      4       79
  AVERAGE         84                        80      4       89

PRECIPITATION (IN)
  TODAY            T             1.58 1948   0.14  -0.14     0.00
  MONTH TO DATE    5.57                      3.37   2.20     1.82
  SINCE JUN 1      5.57                      3.37   2.20     1.82
  SINCE JAN 1     27.65                     22.56   5.09    19.03

DEGREE DAYS
 COOLING
  TODAY           19                        15      4       24
  MONTH TO DATE  306                       278     28      370
  SINCE JUN 1    306                       278     28      370
  SINCE JAN 1    624                       522    102      555
..................................................................


WIND (MPH)
  HIGHEST WIND SPEED    16   HIGHEST WIND DIRECTION     W (290)
  HIGHEST GUST SPEED    23   HIGHEST GUST DIRECTION     W (280)
  AVERAGE WIND SPEED     6.2


SKY COVER
  POSSIBLE SUNSHINE  MM
  AVERAGE SKY COVER 0.5


WEATHER CONDITIONS
 THE FOLLOWING WEATHER WAS RECORDED TODAY.
  THUNDERSTORM
  FOG
  FOG W/VISIBILITY <= 1/4 MILE


RELATIVE HUMIDITY (PERCENT)
 HIGHEST   100           200 AM
 LOWEST     56           100 PM
 AVERAGE    78

..........................................................


THE FORT SMITH ARKANSAS CLIMATE NORMALS FOR TOMORROW
                         NORMAL    RECORD    YEAR
 MAXIMUM TEMPERATURE (F)   90       103      1953
 MINIMUM TEMPERATURE (F)   70        53      1974


SUNRISE AND SUNSET
JUNE 23 2017..........SUNRISE   604 AM CDT   SUNSET   836 PM CDT
JUNE 24 2017..........SUNRISE   604 AM CDT   SUNSET   836 PM CDT


-  INDICATES NEGATIVE NUMBERS.
R  INDICATES RECORD WAS SET OR TIED.
MM INDICATES DATA IS MISSING.
T  INDICATES TRACE AMOUNT.




$$

&&
...........................................................

THE ARKANSAS RIVER AT VAN BUREN

                   OBSERVED      24 HOUR     24 HOUR
                    VALUE        CHANGE      FORECAST

 STAGE (FEET)
  THIS AFTERNOON     19.6         -0.0

 MEAN FLOW (CFS)
  TODAY                                        3634
...........................................................
ALL DATA MEASURED AT THE FORT SMITH REGIONAL AIRPORT
