000
CDUS44 KTSA 230939
CLIFSM

CLIMATE REPORT
NATIONAL WEATHER SERVICE TULSA OK
339 AM CST THU NOV 23 2017


...................................

...THE FORT SMITH ARKANSAS CLIMATE SUMMARY FOR NOVEMBER 22 2017...

CLIMATE NORMAL PERIOD 1981 TO 2010
CLIMATE RECORD PERIOD 1882 TO 2017


WEATHER ITEM   OBSERVED TIME   RECORD YEAR NORMAL DEPARTURE LAST
                VALUE   (LST)  VALUE       VALUE  FROM      YEAR
                                                  NORMAL
..................................................................
TEMPERATURE (F)
 YESTERDAY
  MAXIMUM         54    316 PM  82    1900  60     -6       64
  MINIMUM         29    653 AM  17    1964  38     -9       50
  AVERAGE         42                        49     -7       57

PRECIPITATION (IN)
  YESTERDAY        0.00          1.92 1983   0.14  -0.14     0.07
  MONTH TO DATE    0.26                      3.30  -3.04     0.20
  SINCE SEP 1      3.55                     11.67  -8.12     2.37
  SINCE JAN 1     45.66                     41.03   4.63    29.02

SNOWFALL (IN)
  YESTERDAY        0.0                                       0.0
  MONTH TO DATE    0.0                                       0.0
  SINCE SEP 1      0.0                                       0.0
  SINCE JUL 1      0.0                                       0.0

DEGREE DAYS
 HEATING
  YESTERDAY       23                        16      7        8
  MONTH TO DATE  224                       266    -42      137
  SINCE SEP 1    359                       420    -61      161
  SINCE JUL 1    359                       420    -61      161
..................................................................


WIND (MPH)
  HIGHEST WIND SPEED    15   HIGHEST WIND DIRECTION     N (350)
  HIGHEST GUST SPEED    20   HIGHEST GUST DIRECTION     N (340)
  AVERAGE WIND SPEED     5.8


SKY COVER
  POSSIBLE SUNSHINE  MM
  AVERAGE SKY COVER 0.0


WEATHER CONDITIONS
 THE FOLLOWING WEATHER WAS RECORDED YESTERDAY.
  NO SIGNIFICANT WEATHER WAS OBSERVED.


RELATIVE HUMIDITY (PERCENT)
 HIGHEST    75           700 AM
 LOWEST     28           200 PM
 AVERAGE    52

..........................................................


THE FORT SMITH ARKANSAS CLIMATE NORMALS FOR TODAY
                         NORMAL    RECORD    YEAR
 MAXIMUM TEMPERATURE (F)   59        79      1900
 MINIMUM TEMPERATURE (F)   37        19      1975
                                             1948


SUNRISE AND SUNSET
NOVEMBER 23 2017......SUNRISE   701 AM CST   SUNSET   507 PM CST
NOVEMBER 24 2017......SUNRISE   702 AM CST   SUNSET   507 PM CST


-  INDICATES NEGATIVE NUMBERS.
R  INDICATES RECORD WAS SET OR TIED.
MM INDICATES DATA IS MISSING.
T  INDICATES TRACE AMOUNT.




$$

&&
...........................................................

THE ARKANSAS RIVER AT VAN BUREN

                   OBSERVED      24 HOUR     24 HOUR
                    VALUE        CHANGE      FORECAST

 STAGE (FEET)
  THIS MORNING       19.5         +0.0

 MEAN FLOW (CFS)
  TODAY                                        1780
...........................................................
ALL DATA MEASURED AT THE FORT SMITH REGIONAL AIRPORT
