000
CDUS44 KTSA 240807
CLIFSM

CLIMATE REPORT
NATIONAL WEATHER SERVICE TULSA OK
147 AM CDT SUN MAY 24 2015


...................................

...THE FORT SMITH ARKANSAS CLIMATE SUMMARY FOR MAY 23 2015...

CLIMATE NORMAL PERIOD 1981 TO 2010
CLIMATE RECORD PERIOD 1882 TO 2015


WEATHER ITEM   OBSERVED TIME   RECORD YEAR NORMAL DEPARTURE LAST
                VALUE   (LST)  VALUE       VALUE  FROM      YEAR
                                                  NORMAL
..................................................................
TEMPERATURE (F)
 YESTERDAY
  MAXIMUM         78    201 PM  95    2000  82     -4       87
  MINIMUM         58    308 AM  43    1963  61     -3       65
  AVERAGE         68                        72     -4       76

PRECIPITATION (IN)
  YESTERDAY        0.97          2.40 1946   0.18   0.79      T
  MONTH TO DATE   14.91                      4.14  10.77     4.62
  SINCE MAR 1     23.70                     12.29  11.41    11.41
  SINCE JAN 1     28.31                     17.86  10.45    13.18

DEGREE DAYS
 COOLING
  YESTERDAY        3                         7     -4       11
  MONTH TO DATE  115                       112      3      141
  SINCE MAR 1    183                       177      6      192
  SINCE JAN 1    183                       178      5      192
..................................................................


WIND (MPH)
  HIGHEST WIND SPEED    16   HIGHEST WIND DIRECTION     E (80)
  HIGHEST GUST SPEED    21   HIGHEST GUST DIRECTION     E (70)
  AVERAGE WIND SPEED     9.7


SKY COVER
  POSSIBLE SUNSHINE  MM
  AVERAGE SKY COVER 0.8


WEATHER CONDITIONS
 THE FOLLOWING WEATHER WAS RECORDED YESTERDAY.
  THUNDERSTORM
  HEAVY RAIN
  LIGHT RAIN
  FOG


RELATIVE HUMIDITY (PERCENT)
 HIGHEST    90           600 AM
 LOWEST     60           200 PM
 AVERAGE    75

..........................................................


THE FORT SMITH ARKANSAS CLIMATE NORMALS FOR TODAY
                         NORMAL    RECORD    YEAR
 MAXIMUM TEMPERATURE (F)   82        95      1962
 MINIMUM TEMPERATURE (F)   62        45      1983


SUNRISE AND SUNSET
MAY 24 2015...........SUNRISE   607 AM CDT   SUNSET   822 PM CDT
MAY 25 2015...........SUNRISE   607 AM CDT   SUNSET   822 PM CDT


-  INDICATES NEGATIVE NUMBERS.
R  INDICATES RECORD WAS SET OR TIED.
MM INDICATES DATA IS MISSING.
T  INDICATES TRACE AMOUNT.




$$

&&
...........................................................

THE ARKANSAS RIVER AT VAN BUREN

                   OBSERVED      24 HOUR     24 HOUR
                    VALUE        CHANGE      FORECAST

 STAGE (FEET)
  THIS MORNING       21.0         -0.2

MEAN FLOW (CFS)
  TODAY                                        -99
...........................................................
ALL DATA MEASURED AT THE FORT SMITH REGIONAL AIRPORT
