000
CDUS44 KTSA 062118
CLIFSM

ZCZC OKCCLIFSM



CLIMATE REPORT
NATIONAL WEATHER SERVICE TULSA OK
418 PM CDT MON JUL 6 2015


...................................

...THE FORT SMITH ARKANSAS CLIMATE SUMMARY FOR JULY 6 2015...
VALID TODAY AS OF 0400 PM LOCAL TIME.

CLIMATE NORMAL PERIOD 1981 TO 2010
CLIMATE RECORD PERIOD 1882 TO 2015


WEATHER ITEM   OBSERVED TIME   RECORD YEAR NORMAL DEPARTURE LAST
                VALUE   (LST)  VALUE       VALUE  FROM      YEAR
                                                  NORMAL
..................................................................
TEMPERATURE (F)
 TODAY
  MAXIMUM         88    253 PM 106    2012  92     -4       92
  MINIMUM         72    444 AM  50    1972  71      1       69
  AVERAGE         80                        82     -2       81

PRECIPITATION (IN)
  TODAY            0.00          1.50 1888   0.11  -0.11     0.00
  MONTH TO DATE    2.26                      0.72   1.54     0.06
  SINCE JUN 1      5.39                      5.00   0.39     4.51
  SINCE JAN 1     38.64                     24.19  14.45    19.25

DEGREE DAYS
 COOLING
  TODAY           15                        17     -2       16
  MONTH TO DATE   97                        98     -1       85
  SINCE JUN 1    580                       483     97      523
  SINCE JAN 1    820                       727     93      801
..................................................................


WIND (MPH)
  HIGHEST WIND SPEED    20   HIGHEST WIND DIRECTION    SW (210)
  HIGHEST GUST SPEED    25   HIGHEST GUST DIRECTION     S (200)
  AVERAGE WIND SPEED     8.4


SKY COVER
  POSSIBLE SUNSHINE  MM
  AVERAGE SKY COVER 0.4


WEATHER CONDITIONS
 THE FOLLOWING WEATHER WAS RECORDED TODAY.
  THUNDERSTORM


RELATIVE HUMIDITY (PERCENT)
 HIGHEST    93          1200 AM
 LOWEST     59           200 PM
 AVERAGE    76

..........................................................


THE FORT SMITH ARKANSAS CLIMATE NORMALS FOR TOMORROW
                         NORMAL    RECORD    YEAR
 MAXIMUM TEMPERATURE (F)   92       107      2011
 MINIMUM TEMPERATURE (F)   71        57      1972


SUNRISE AND SUNSET
JULY  6 2015..........SUNRISE   609 AM CDT   SUNSET   836 PM CDT
JULY  7 2015..........SUNRISE   609 AM CDT   SUNSET   835 PM CDT


-  INDICATES NEGATIVE NUMBERS.
R  INDICATES RECORD WAS SET OR TIED.
MM INDICATES DATA IS MISSING.
T  INDICATES TRACE AMOUNT.




$$

&&
...........................................................

THE ARKANSAS RIVER AT VAN BUREN

                   OBSERVED      24 HOUR     24 HOUR
                    VALUE        CHANGE      FORECAST

 STAGE (FEET)
  THIS AFTERNOON     21.0         +0.2

MEAN FLOW (CFS)
  TODAY                                        147200
...........................................................
ALL DATA MEASURED AT THE FORT SMITH REGIONAL AIRPORT
