000
CDUS44 KTSA 210916
CLIFSM

CLIMATE REPORT
NATIONAL WEATHER SERVICE TULSA OK
315 AM CST SAT JAN 21 2017


...................................

...THE FORT SMITH ARKANSAS CLIMATE SUMMARY FOR JANUARY 20 2017...

CLIMATE NORMAL PERIOD 1981 TO 2010
CLIMATE RECORD PERIOD 1882 TO 2017


WEATHER ITEM   OBSERVED TIME   RECORD YEAR NORMAL DEPARTURE LAST
                VALUE   (LST)  VALUE       VALUE  FROM      YEAR
                                                  NORMAL
..................................................................
TEMPERATURE (F)
 YESTERDAY
  MAXIMUM         71    349 PM  75    1906  50     21       39
  MINIMUM         43    554 AM  -1    1985  29     14       32
  AVERAGE         57                        39     18       36

PRECIPITATION (IN)
  YESTERDAY        T             1.15 1906   0.09  -0.09     0.01
  MONTH TO DATE    1.30                      1.78  -0.48     0.38
  SINCE DEC 1      2.07                      5.07  -3.00    11.19
  SINCE JAN 1      1.30                      1.78  -0.48     0.38

SNOWFALL (IN)
  YESTERDAY        0.0                                       0.0
  MONTH TO DATE    2.0                                        T
  SINCE DEC 1      2.0                                        T
  SINCE JUL 1      2.0                                        T

DEGREE DAYS
 HEATING
  YESTERDAY        8                        26    -18       29
  MONTH TO DATE  435                       520    -85      538
  SINCE DEC 1   1128                      1254   -126     1015
  SINCE JUL 1   1414                      1819   -405     1372
..................................................................


WIND (MPH)
  HIGHEST WIND SPEED    22   HIGHEST WIND DIRECTION     S (200)
  HIGHEST GUST SPEED    27   HIGHEST GUST DIRECTION    SW (210)
  AVERAGE WIND SPEED     7.4


SKY COVER
  POSSIBLE SUNSHINE  MM
  AVERAGE SKY COVER 0.3


WEATHER CONDITIONS
 THE FOLLOWING WEATHER WAS RECORDED YESTERDAY.
  LIGHT RAIN
  FOG
  FOG W/VISIBILITY <= 1/4 MILE


RELATIVE HUMIDITY (PERCENT)
 HIGHEST    93          1100 AM
 LOWEST     28           400 PM
 AVERAGE    61

..........................................................


THE FORT SMITH ARKANSAS CLIMATE NORMALS FOR TODAY
                         NORMAL    RECORD    YEAR
 MAXIMUM TEMPERATURE (F)   50        76      1999
 MINIMUM TEMPERATURE (F)   29        -1      1930


SUNRISE AND SUNSET
JANUARY 21 2017.......SUNRISE   723 AM CST   SUNSET   535 PM CST
JANUARY 22 2017.......SUNRISE   723 AM CST   SUNSET   536 PM CST


-  INDICATES NEGATIVE NUMBERS.
R  INDICATES RECORD WAS SET OR TIED.
MM INDICATES DATA IS MISSING.
T  INDICATES TRACE AMOUNT.




$$

&&
...........................................................

THE ARKANSAS RIVER AT VAN BUREN

                   OBSERVED      24 HOUR     24 HOUR
                    VALUE        CHANGE      FORECAST

 STAGE (FEET)
  THIS MORNING       19.1         -0.3

MEAN FLOW (CFS)
  TODAY                                        -99
...........................................................
ALL DATA MEASURED AT THE FORT SMITH REGIONAL AIRPORT
