000
CDUS44 KTSA 290815
CLIFSM

CLIMATE REPORT
NATIONAL WEATHER SERVICE TULSA OK
315 AM CDT WED MAR 29 2017


...................................

...THE FORT SMITH ARKANSAS CLIMATE SUMMARY FOR MARCH 28 2017...

CLIMATE NORMAL PERIOD 1981 TO 2010
CLIMATE RECORD PERIOD 1882 TO 2017


WEATHER ITEM   OBSERVED TIME   RECORD YEAR NORMAL DEPARTURE LAST
                VALUE   (LST)  VALUE       VALUE  FROM      YEAR
                                                  NORMAL
..................................................................
TEMPERATURE (F)
 YESTERDAY
  MAXIMUM         79    441 PM  89    1963  69     10       69
  MINIMUM         45    615 AM  25    1931  44      1       33
  AVERAGE         62                        56      6       51

PRECIPITATION (IN)
  YESTERDAY        0.00          2.38 1989   0.13  -0.13     0.00
  MONTH TO DATE    3.49                      3.43   0.06     4.65
  SINCE MAR 1      3.49                      3.43   0.06     4.65
  SINCE JAN 1      8.31                      9.00  -0.69     6.80

SNOWFALL (IN)
  YESTERDAY        0.0                                       0.0
  MONTH TO DATE    0.0                                       0.0
  SINCE MAR 1      0.0                                       0.0
  SINCE JUL 1      2.0                                        T

DEGREE DAYS
 HEATING
  YESTERDAY        3                         9     -6       14
  MONTH TO DATE  241                       360   -119      255
  SINCE MAR 1    241                       360   -119      255
  SINCE JUL 1   2150                      3033   -883     2324

 COOLING
  YESTERDAY        0                         1     -1        0
  MONTH TO DATE   31                         6     25        6
  SINCE MAR 1     31                         6     25        6
  SINCE JAN 1     47                         7     40        7
..................................................................


WIND (MPH)
  HIGHEST WIND SPEED    20   HIGHEST WIND DIRECTION     E (110)
  HIGHEST GUST SPEED    26   HIGHEST GUST DIRECTION     E (110)
  AVERAGE WIND SPEED     9.5


SKY COVER
  POSSIBLE SUNSHINE  MM
  AVERAGE SKY COVER 0.4


WEATHER CONDITIONS
 THE FOLLOWING WEATHER WAS RECORDED YESTERDAY.
  FOG
  FOG W/VISIBILITY <= 1/4 MILE


RELATIVE HUMIDITY (PERCENT)
 HIGHEST    93           300 AM
 LOWEST     45           300 PM
 AVERAGE    69

..........................................................


THE FORT SMITH ARKANSAS CLIMATE NORMALS FOR TODAY
                         NORMAL    RECORD    YEAR
 MAXIMUM TEMPERATURE (F)   69        91      1967
 MINIMUM TEMPERATURE (F)   44        26      1894


SUNRISE AND SUNSET
MARCH 29 2017.........SUNRISE   708 AM CDT   SUNSET   737 PM CDT
MARCH 30 2017.........SUNRISE   707 AM CDT   SUNSET   738 PM CDT


-  INDICATES NEGATIVE NUMBERS.
R  INDICATES RECORD WAS SET OR TIED.
MM INDICATES DATA IS MISSING.
T  INDICATES TRACE AMOUNT.




$$

&&
...........................................................

THE ARKANSAS RIVER AT VAN BUREN

                   OBSERVED      24 HOUR     24 HOUR
                    VALUE        CHANGE      FORECAST

 STAGE (FEET)
  THIS MORNING       19.5         +0.2

MEAN FLOW (CFS)
  TODAY                                        -99
...........................................................
ALL DATA MEASURED AT THE FORT SMITH REGIONAL AIRPORT
