000
CDUS44 KTSA 010851
CLIFSM

CLIMATE REPORT
NATIONAL WEATHER SERVICE TULSA OK
147 AM CDT TUE SEP 1 2015


...................................

...THE FORT SMITH ARKANSAS CLIMATE SUMMARY FOR AUGUST 31 2015...

CLIMATE NORMAL PERIOD 1981 TO 2010
CLIMATE RECORD PERIOD 1882 TO 2015


WEATHER ITEM   OBSERVED TIME   RECORD YEAR NORMAL DEPARTURE LAST
                VALUE   (LST)  VALUE       VALUE  FROM      YEAR
                                                  NORMAL
..................................................................
TEMPERATURE (F)
 YESTERDAY
  MAXIMUM         92    215 PM 108    2000  91      1       94
  MINIMUM         71    357 AM  51    1915  68      3       72
  AVERAGE         82                        80      2       83

PRECIPITATION (IN)
  YESTERDAY        0.00          2.18 1962   0.10  -0.10     0.00
  MONTH TO DATE    4.43                      2.59   1.84     1.58
  SINCE JUN 1     16.35                     10.17   6.18     8.71
  SINCE JAN 1     49.60                     29.36  20.24    23.45

DEGREE DAYS
 COOLING
  YESTERDAY       17                        15      2       18
  MONTH TO DATE  478                       530    -52      528
  SINCE JUN 1   1575                      1451    124     1385
  SINCE JAN 1   1815                      1695    120     1663
..................................................................


WIND (MPH)
  HIGHEST WIND SPEED    14   HIGHEST WIND DIRECTION     E (110)
  HIGHEST GUST SPEED    18   HIGHEST GUST DIRECTION     E (110)
  AVERAGE WIND SPEED     4.4


SKY COVER
  POSSIBLE SUNSHINE  MM
  AVERAGE SKY COVER 0.1


WEATHER CONDITIONS
 THE FOLLOWING WEATHER WAS RECORDED YESTERDAY.
  FOG
  HAZE


RELATIVE HUMIDITY (PERCENT)
 HIGHEST    93           300 AM
 LOWEST     38           200 PM
 AVERAGE    66

..........................................................


THE FORT SMITH ARKANSAS CLIMATE NORMALS FOR TODAY
                         NORMAL    RECORD    YEAR
 MAXIMUM TEMPERATURE (F)   91       108      2000
 MINIMUM TEMPERATURE (F)   68        49      1967


SUNRISE AND SUNSET
SEPTEMBER  1 2015.....SUNRISE   650 AM CDT   SUNSET   745 PM CDT
SEPTEMBER  2 2015.....SUNRISE   650 AM CDT   SUNSET   743 PM CDT


-  INDICATES NEGATIVE NUMBERS.
R  INDICATES RECORD WAS SET OR TIED.
MM INDICATES DATA IS MISSING.
T  INDICATES TRACE AMOUNT.




$$

&&
...........................................................

THE ARKANSAS RIVER AT VAN BUREN

                   OBSERVED      24 HOUR     24 HOUR
                    VALUE        CHANGE      FORECAST

 STAGE (FEET)
  THIS MORNING       19.9         +0.2

MEAN FLOW (CFS)
  TODAY                                        13900
...........................................................
ALL DATA MEASURED AT THE FORT SMITH REGIONAL AIRPORT
