000
CDUS44 KTSA 192231
CLIFSM

CLIMATE REPORT
NATIONAL WEATHER SERVICE TULSA OK
417 PM CST MON FEB 19 2018


...................................

...THE FORT SMITH ARKANSAS CLIMATE SUMMARY FOR FEBRUARY 19 2018...
VALID TODAY AS OF 0400 PM LOCAL TIME.

CLIMATE NORMAL PERIOD 1981 TO 2010
CLIMATE RECORD PERIOD 1882 TO 2018


WEATHER ITEM   OBSERVED TIME   RECORD YEAR NORMAL DEPARTURE LAST
                VALUE   (LST)  VALUE       VALUE  FROM      YEAR
                                                  NORMAL
..................................................................
TEMPERATURE (F)
 TODAY
  MAXIMUM         71    107 PM  80    1986  57     14       78
  MINIMUM         50   1210 AM   4    1978  34     16       49
  AVERAGE         61                        45     16       64

PRECIPITATION (IN)
  TODAY            0.02          1.57 1939   0.10  -0.08     0.00
  MONTH TO DATE    0.77                      1.83  -1.06     2.18
  SINCE DEC 1      5.28                      7.93  -2.65     5.29
  SINCE JAN 1      3.00                      4.64  -1.64     4.52

SNOWFALL (IN)
  TODAY            0.0                                       0.0
  MONTH TO DATE    T                                         0.0
  SINCE DEC 1      T                                         2.0
  SINCE JUL 1      T                                         2.0

DEGREE DAYS
 HEATING
  TODAY            4                        20    -16        1
  MONTH TO DATE  400                       420    -20      240
  SINCE DEC 1   1904                      1946    -42     1554
  SINCE JUL 1   2340                      2511   -171     1840
..................................................................


WIND (MPH)
  HIGHEST WIND SPEED    18   HIGHEST WIND DIRECTION     S (200)
  HIGHEST GUST SPEED    24   HIGHEST GUST DIRECTION     S (200)
  AVERAGE WIND SPEED     8.3


SKY COVER
  POSSIBLE SUNSHINE  MM
  AVERAGE SKY COVER 0.9


WEATHER CONDITIONS
 THE FOLLOWING WEATHER WAS RECORDED TODAY.
  THUNDERSTORM
  LIGHT RAIN


RELATIVE HUMIDITY (PERCENT)
 HIGHEST   100           300 AM
 LOWEST     68          1200 PM
 AVERAGE    84

..........................................................


THE FORT SMITH ARKANSAS CLIMATE NORMALS FOR TOMORROW
                         NORMAL    RECORD    YEAR
 MAXIMUM TEMPERATURE (F)   57        81      1981
 MINIMUM TEMPERATURE (F)   35        12      1921


SUNRISE AND SUNSET
FEBRUARY 19 2018......SUNRISE   659 AM CST   SUNSET   604 PM CST
FEBRUARY 20 2018......SUNRISE   658 AM CST   SUNSET   605 PM CST


-  INDICATES NEGATIVE NUMBERS.
R  INDICATES RECORD WAS SET OR TIED.
MM INDICATES DATA IS MISSING.
T  INDICATES TRACE AMOUNT.




$$

&&
...........................................................

...........................................................
ALL DATA MEASURED AT THE FORT SMITH REGIONAL AIRPORT
