000
CDUS44 KTSA 240830
CLIFSM

CLIMATE REPORT
NATIONAL WEATHER SERVICE TULSA OK
330 AM CDT WED AUG 24 2016

...................................

...THE FORT SMITH ARKANSAS CLIMATE SUMMARY FOR AUGUST 23 2016...

CLIMATE NORMAL PERIOD 1981 TO 2010
CLIMATE RECORD PERIOD 1882 TO 2016


WEATHER ITEM   OBSERVED TIME   RECORD YEAR NORMAL DEPARTURE LAST
                VALUE   (LST)  VALUE       VALUE  FROM      YEAR
                                                  NORMAL
..................................................................
TEMPERATURE (F)
 YESTERDAY
  MAXIMUM         91    415 PM 103    1963  93     -2       84
                                      1910
  MINIMUM         72    603 AM  53    1891  70      2       69
  AVERAGE         82                        82      0       77

PRECIPITATION (IN)
  YESTERDAY        0.00          0.99 1990   0.07  -0.07     0.94
  MONTH TO DATE    3.68                      1.93   1.75     4.40
  SINCE JUN 1      9.24                      9.51  -0.27    16.32
  SINCE JAN 1     26.45                     28.70  -2.25    49.57

DEGREE DAYS
 COOLING
  YESTERDAY       17                        17      0       12
  MONTH TO DATE  414                       407      7      383
  SINCE JUN 1   1524                      1328    196     1480
  SINCE JAN 1   1709                      1572    137     1720
..................................................................


WIND (MPH)
  HIGHEST WIND SPEED    16   HIGHEST WIND DIRECTION     S (160)
  HIGHEST GUST SPEED    20   HIGHEST GUST DIRECTION     S (170)
  AVERAGE WIND SPEED     7.1


SKY COVER
  POSSIBLE SUNSHINE  MM
  AVERAGE SKY COVER 0.2


WEATHER CONDITIONS
 THE FOLLOWING WEATHER WAS RECORDED YESTERDAY.
  NO SIGNIFICANT WEATHER WAS OBSERVED.


RELATIVE HUMIDITY (PERCENT)
 HIGHEST    93           400 AM
 LOWEST     47           400 PM
 AVERAGE    70

..........................................................


THE FORT SMITH ARKANSAS CLIMATE NORMALS FOR TODAY
                         NORMAL    RECORD    YEAR
 MAXIMUM TEMPERATURE (F)   93       103      1922
 MINIMUM TEMPERATURE (F)   70        45      1891


SUNRISE AND SUNSET
AUGUST 24 2016........SUNRISE   644 AM CDT   SUNSET   754 PM CDT
AUGUST 25 2016........SUNRISE   645 AM CDT   SUNSET   753 PM CDT


-  INDICATES NEGATIVE NUMBERS.
R  INDICATES RECORD WAS SET OR TIED.
MM INDICATES DATA IS MISSING.
T  INDICATES TRACE AMOUNT.




$$

&&
...........................................................

THE ARKANSAS RIVER AT VAN BUREN

                   OBSERVED      24 HOUR     24 HOUR
                    VALUE        CHANGE      FORECAST

 STAGE (FEET)
  THIS MORNING       19.5         +0.0

MEAN FLOW (CFS)
  TODAY                                        -99
...........................................................
ALL DATA MEASURED AT THE FORT SMITH REGIONAL AIRPORT
