000
CDUS42 KFFC 252035
CLIFTY


CLIMATE REPORT
NATIONAL WEATHER SERVICE PEACHTREE CITY GA
435 PM EDT THU MAY 25 2017


...................................

...THE FULTON COUNTY AIRPORT CLIMATE SUMMARY FOR MAY 25 2017...
VALID TODAY AS OF 0400 PM LOCAL TIME.

CLIMATE NORMAL PERIOD 1981 TO 2010
CLIMATE RECORD PERIOD 9999 TO 9999


WEATHER ITEM   OBSERVED TIME   RECORD YEAR NORMAL DEPARTURE LAST
                VALUE   (LST)  VALUE       VALUE  FROM      YEAR
                                                  NORMAL
..................................................................
TEMPERATURE (F)
 TODAY
  MAXIMUM         73    331 PM  MM      MM  83    -10       87
  MINIMUM         57    727 AM  MM      MM  61     -4       57
  AVERAGE         65                        72     -7       72

PRECIPITATION (IN)
  TODAY            0.04         MM      MM   0.12  -0.08     0.00
  MONTH TO DATE    3.53                      3.06   0.47     1.54
  SINCE MAR 1     11.74                     11.61   0.13     6.69
  SINCE JAN 1     19.79                     20.78  -0.99    16.80

DEGREE DAYS
 COOLING
  TODAY            0                         7     -7        7
  MONTH TO DATE  139                       113     26       98
  SINCE MAR 1    278                       152    126      166
  SINCE JAN 1    278                       152    126      166
..................................................................


WIND (MPH)
  RESULTANT WIND SPEED  10   RESULTANT WIND DIRECTION   W (280)
  HIGHEST WIND SPEED    21   HIGHEST WIND DIRECTION     W (280)
  HIGHEST GUST SPEED    26   HIGHEST GUST DIRECTION     W (290)
  AVERAGE WIND SPEED    11.4


SKY COVER
  AVERAGE SKY COVER 0.8


WEATHER CONDITIONS
 THE FOLLOWING WEATHER WAS RECORDED TODAY.
  LIGHT RAIN
  FOG


RELATIVE HUMIDITY (PERCENT)
 HIGHEST    93           300 AM
 LOWEST     47           100 PM
 AVERAGE    70

..........................................................


THE FULTON COUNTY AIRPORT CLIMATE NORMALS FOR TOMORROW
                         NORMAL    RECORD    YEAR
 MAXIMUM TEMPERATURE (F)   83        MM        MM
 MINIMUM TEMPERATURE (F)   61        MM        MM


SUNRISE AND SUNSET
MAY 25 2017...........SUNRISE   631 AM EDT   SUNSET   839 PM EDT
MAY 26 2017...........SUNRISE   631 AM EDT   SUNSET   840 PM EDT


-  INDICATES NEGATIVE NUMBERS.
R  INDICATES RECORD WAS SET OR TIED.
MM INDICATES DATA IS MISSING.
T  INDICATES TRACE AMOUNT.




$$
