000
CDUS42 KFFC 280816
CLIFTY


CLIMATE REPORT
NATIONAL WEATHER SERVICE PEACHTREE CITY GA
416 AM EDT TUE MAR 28 2017


...................................

...THE FULTON COUNTY AIRPORT CLIMATE SUMMARY FOR MARCH 27 2017...

CLIMATE NORMAL PERIOD 1981 TO 2010
CLIMATE RECORD PERIOD 9999 TO 9999


WEATHER ITEM   OBSERVED TIME   RECORD YEAR NORMAL DEPARTURE LAST
                VALUE   (LST)  VALUE       VALUE  FROM      YEAR
                                                  NORMAL
..................................................................
TEMPERATURE (F)
 YESTERDAY
  MAXIMUM         78    308 PM  MM      MM  68     10       66
  MINIMUM         54    623 AM  MM      MM  45      9       60
  AVERAGE         66                        57      9       63

PRECIPITATION (IN)
  YESTERDAY        0.03         MM      MM   0.14  -0.11     0.16
  MONTH TO DATE    2.26                      4.27  -2.01     1.67
  SINCE MAR 1      2.26                      4.27  -2.01     1.67
  SINCE JAN 1     10.31                     13.44  -3.13    11.78

SNOWFALL (IN)
  YESTERDAY        0.0          MM      MM  MM     MM        0.0
  MONTH TO DATE    0.0                      MM     MM        0.0
  SINCE MAR 1      0.0                      MM     MM        0.0
  SINCE JUL 1      0.0                      MM     MM        0.1
  SNOW DEPTH      MM

DEGREE DAYS
 HEATING
  YESTERDAY        0                         9     -9        2
  MONTH TO DATE  298                       326    -28      204
  SINCE MAR 1    298                       326    -28      204
  SINCE JUL 1   1714                      2666   -952     2113

 COOLING
  YESTERDAY        1                         0      1        0
  MONTH TO DATE   14                         0     14       19
  SINCE MAR 1     14                         0     14       19
  SINCE JAN 1     14                         0     14       19
..................................................................


WIND (MPH)
  RESULTANT WIND SPEED   5   RESULTANT WIND DIRECTION   S (200)
  HIGHEST WIND SPEED    17   HIGHEST WIND DIRECTION     W (280)
  HIGHEST GUST SPEED    24   HIGHEST GUST DIRECTION     W (290)
  AVERAGE WIND SPEED     5.2


SKY COVER
  AVERAGE SKY COVER 0.3


WEATHER CONDITIONS
 THE FOLLOWING WEATHER WAS RECORDED YESTERDAY.
  THUNDERSTORM
  LIGHT RAIN
  FOG


RELATIVE HUMIDITY (PERCENT)
 HIGHEST    93           200 AM
 LOWEST     43           500 PM
 AVERAGE    68

..........................................................


THE FULTON COUNTY AIRPORT CLIMATE NORMALS FOR TODAY
                         NORMAL    RECORD    YEAR
 MAXIMUM TEMPERATURE (F)   69        MM        MM
 MINIMUM TEMPERATURE (F)   45        MM        MM


SUNRISE AND SUNSET
MARCH 28 2017.........SUNRISE   731 AM EDT   SUNSET   756 PM EDT
MARCH 29 2017.........SUNRISE   729 AM EDT   SUNSET   757 PM EDT


-  INDICATES NEGATIVE NUMBERS.
R  INDICATES RECORD WAS SET OR TIED.
MM INDICATES DATA IS MISSING.
T  INDICATES TRACE AMOUNT.




$$
