000
CDUS42 KFFC 020822
CLIFTY


CLIMATE REPORT
NATIONAL WEATHER SERVICE PEACHTREE CITY GA
422 AM EDT THU JUL 2 2015


...................................

...THE FULTON COUNTY AIRPORT CLIMATE SUMMARY FOR JULY 1 2015...

CLIMATE NORMAL PERIOD 1981 TO 2010
CLIMATE RECORD PERIOD 9999 TO 9999


WEATHER ITEM   OBSERVED TIME   RECORD YEAR NORMAL DEPARTURE LAST
                VALUE   (LST)  VALUE       VALUE  FROM      YEAR
                                                  NORMAL
..................................................................
TEMPERATURE (F)
 YESTERDAY
  MAXIMUM         86    300 PM  MM      MM  89     -3       91
  MINIMUM         67    339 AM  MM      MM  69     -2       70
  AVERAGE         77                        79     -2       81

PRECIPITATION (IN)
  YESTERDAY        0.25         MM      MM   0.20   0.05     0.00
  MONTH TO DATE    0.25                      0.20   0.05     0.00
  SINCE JUN 1      1.25                      4.33  -3.08     2.72
  SINCE JAN 1     20.63                     25.82  -5.19    21.52

DEGREE DAYS
 COOLING
  YESTERDAY       12                        14     -2       16
  MONTH TO DATE   12                        14     -2       16
  SINCE JUN 1    438                       364     74      394
  SINCE JAN 1    713                       564    149      610
..................................................................


WIND (MPH)
  RESULTANT WIND SPEED   4   RESULTANT WIND DIRECTION  SW (230)
  HIGHEST WIND SPEED    18   HIGHEST WIND DIRECTION    NW (320)
  HIGHEST GUST SPEED    23   HIGHEST GUST DIRECTION     W (290)
  AVERAGE WIND SPEED     5.4


SKY COVER
  AVERAGE SKY COVER 0.5


WEATHER CONDITIONS
 THE FOLLOWING WEATHER WAS RECORDED YESTERDAY.
  THUNDERSTORM
  RAIN
  LIGHT RAIN
  FOG
  HAZE


RELATIVE HUMIDITY (PERCENT)
 HIGHEST    97          1000 PM
 LOWEST     51           300 PM
 AVERAGE    74

..........................................................


THE FULTON COUNTY AIRPORT CLIMATE NORMALS FOR TODAY
                         NORMAL    RECORD    YEAR
 MAXIMUM TEMPERATURE (F)   89        MM        MM
 MINIMUM TEMPERATURE (F)   69        MM        MM


SUNRISE AND SUNSET
JULY  2 2015..........SUNRISE   631 AM EDT   SUNSET   853 PM EDT
JULY  3 2015..........SUNRISE   632 AM EDT   SUNSET   853 PM EDT


-  INDICATES NEGATIVE NUMBERS.
R  INDICATES RECORD WAS SET OR TIED.
MM INDICATES DATA IS MISSING.
T  INDICATES TRACE AMOUNT.




$$
