000
CDUS46 KSGX 251417
CLIFUL


CLIMATE REPORT
NATIONAL WEATHER SERVICE SAN DIEGO, CA
617 AM PST SUN JAN 25 2015


...................................

...THE FULLERTON AIRPORT CA CLIMATE SUMMARY FOR JANUARY 24 2015...

CLIMATE NORMAL PERIOD 1981 TO 2010
CLIMATE RECORD PERIOD 1998 TO 2015


WEATHER ITEM   OBSERVED TIME   RECORD YEAR NORMAL DEPARTURE LAST
                VALUE   (LST)  VALUE       VALUE  FROM      YEAR
                                                  NORMAL
..................................................................
TEMPERATURE (F)
 YESTERDAY
  MAXIMUM         85R   301 PM  78    2006  68     17       73
  MINIMUM         48    346 AM  37    2002  45      3       53
  AVERAGE         67                        56     11       63

PRECIPITATION (IN)
  YESTERDAY        0.00          0.72 2013   0.09  -0.09     0.00
  MONTH TO DATE    0.69                      2.51  -1.82     0.00
  SINCE OCT 1      4.51                      6.41  -1.90     1.31
  SINCE JAN 1      0.69                      2.51  -1.82     0.00

SNOWFALL (IN)
  YESTERDAY        0.0
  MONTH TO DATE    0.0
  SINCE JAN 1      0.0
  SINCE JUL 1      0.0
  SNOW DEPTH       0

DEGREE DAYS
 HEATING
  YESTERDAY        0                         9     -9        2
  MONTH TO DATE  116                       216   -100       80
  SINCE DEC 1    289                       492   -203      285
  SINCE JUL 1    313                       656   -343      361

 COOLING
  YESTERDAY        2                         0      2        0
  MONTH TO DATE    7                         0      7       13
  SINCE DEC 1     11                         1     10       19
  SINCE JAN 1      7                         0      7       13
..................................................................


WIND (MPH)
  RESULTANT WIND SPEED   2   RESULTANT WIND DIRECTION  NE (60)
  HIGHEST WIND SPEED    21   HIGHEST WIND DIRECTION     E (70)
  HIGHEST GUST SPEED    25   HIGHEST GUST DIRECTION     E (80)
  AVERAGE WIND SPEED     4.9


SKY COVER
  POSSIBLE SUNSHINE  MM
  AVERAGE SKY COVER 0.0


WEATHER CONDITIONS
 THE FOLLOWING WEATHER WAS RECORDED YESTERDAY.
  NO SIGNIFICANT WEATHER WAS OBSERVED.


RELATIVE HUMIDITY (PERCENT)
 HIGHEST    44           200 AM
 LOWEST     10           300 PM
 AVERAGE    27

..........................................................


THE FULLERTON AIRPORT CA CLIMATE NORMALS FOR TODAY
                         NORMAL    RECORD    YEAR
 MAXIMUM TEMPERATURE (F)   68        86      2003
 MINIMUM TEMPERATURE (F)   45        38      2002


SUNRISE AND SUNSET
JANUARY 25 2015.......SUNRISE   653 AM PST   SUNSET   516 PM PST
JANUARY 26 2015.......SUNRISE   653 AM PST   SUNSET   517 PM PST


-  INDICATES NEGATIVE NUMBERS.
R  INDICATES RECORD WAS SET OR TIED.
MM INDICATES DATA IS MISSING.
T  INDICATES TRACE AMOUNT.




$$
