000
CDUS46 KSGX 270017
CLIFUL


CLIMATE REPORT
NATIONAL WEATHER SERVICE SAN DIEGO, CA
517 PM PDT THU MAR 26 2015


...................................

...THE FULLERTON AIRPORT CA CLIMATE SUMMARY FOR MARCH 26 2015...
VALID TODAY AS OF 0500 PM LOCAL TIME.

CLIMATE NORMAL PERIOD 1981 TO 2010
CLIMATE RECORD PERIOD 1998 TO 2015


WEATHER ITEM   OBSERVED TIME   RECORD YEAR NORMAL DEPARTURE LAST
                VALUE   (LST)  VALUE       VALUE  FROM      YEAR
                                                  NORMAL
..................................................................
TEMPERATURE (F)
 TODAY
  MAXIMUM         96R   149 PM  80    2003  70     26       69
  MINIMUM         56    609 AM  45    1999  50      6       55
  AVERAGE         76                        60     16       62

PRECIPITATION (IN)
  TODAY            0.00          T    2012   0.03  -0.03     0.03
  MONTH TO DATE    0.39                      1.98  -1.59     0.71
  SINCE OCT 1      5.33                     12.16  -6.83     4.35
  SINCE JAN 1      1.51                      8.26  -6.75     3.04

SNOWFALL (IN)
  TODAY            0.0
  MONTH TO DATE    0.0
  SINCE MAR 1      0.0
  SINCE JUL 1      0.0
  SNOW DEPTH       0

DEGREE DAYS
 HEATING
  TODAY            0                         5     -5        3
  MONTH TO DATE   33                       145   -112       43
  SINCE MAR 1     33                       145   -112       43
  SINCE JUL 1    396                      1067   -671      541

 COOLING
  TODAY           11                         0     11        0
  MONTH TO DATE  118                         8    110       34
  SINCE MAR 1    118                         8    110       34
  SINCE JAN 1    169                        17    152       54
..................................................................


WIND (MPH)
  RESULTANT WIND SPEED   1   RESULTANT WIND DIRECTION   E (90)
  HIGHEST WIND SPEED    15   HIGHEST WIND DIRECTION     S (160)
  HIGHEST GUST SPEED    19   HIGHEST GUST DIRECTION     S (160)
  AVERAGE WIND SPEED     3.0


SKY COVER
  POSSIBLE SUNSHINE  MM
  AVERAGE SKY COVER 0.0


WEATHER CONDITIONS
 THE FOLLOWING WEATHER WAS RECORDED TODAY.
  NO SIGNIFICANT WEATHER WAS OBSERVED.


RELATIVE HUMIDITY (PERCENT)
 HIGHEST    83           600 AM
 LOWEST      7           100 PM
 AVERAGE    45

..........................................................


THE FULLERTON AIRPORT CA CLIMATE NORMALS FOR TOMORROW
                         NORMAL    RECORD    YEAR
 MAXIMUM TEMPERATURE (F)   71        82      2010
 MINIMUM TEMPERATURE (F)   50        47      2012


SUNRISE AND SUNSET
MARCH 26 2015.........SUNRISE   648 AM PDT   SUNSET   708 PM PDT
MARCH 27 2015.........SUNRISE   646 AM PDT   SUNSET   709 PM PDT


-  INDICATES NEGATIVE NUMBERS.
R  INDICATES RECORD WAS SET OR TIED.
MM INDICATES DATA IS MISSING.
T  INDICATES TRACE AMOUNT.




$$
