000
CDUS46 KSGX 281423
CLIFUL


CLIMATE REPORT
NATIONAL WEATHER SERVICE SAN DIEGO, CA
722 AM PDT WED SEP 28 2016


...................................

...THE FULLERTON AIRPORT CA CLIMATE SUMMARY FOR SEPTEMBER 27 2016...

CLIMATE NORMAL PERIOD 1981 TO 2010
CLIMATE RECORD PERIOD 1998 TO 2016


WEATHER ITEM   OBSERVED TIME   RECORD YEAR NORMAL DEPARTURE LAST
                VALUE   (LST)  VALUE       VALUE  FROM      YEAR
                                                  NORMAL
..................................................................
TEMPERATURE (F)
 YESTERDAY
  MAXIMUM         96   1047 AM 112    2010  82     14       91
  MINIMUM         69    526 AM  56    2013  61      8       68
  AVERAGE         83                        72     11       80

PRECIPITATION (IN)
  YESTERDAY        0.00          0.00   MM   0.02  -0.02     0.00
  MONTH TO DATE    T                         0.20  -0.20     1.31
  SINCE OCT 1      5.26                     13.84  -8.58     8.14
  SINCE JAN 1      4.21                      9.94  -5.73     4.32

DEGREE DAYS
 HEATING
  YESTERDAY        0                         0      0        0
  MONTH TO DATE    0                         0      0        0
  SINCE SEP 1      0                         0      0        0
  SINCE JUL 1      0                         0      0        0

 COOLING
  YESTERDAY       18                         7     11       15
  MONTH TO DATE  272                       237     35      408
  SINCE SEP 1    272                       237     35      408
  SINCE JAN 1   1547                      1100    447     1787
..................................................................


WIND (MPH)
  RESULTANT WIND SPEED   3   RESULTANT WIND DIRECTION   S (170)
  HIGHEST WIND SPEED    13   HIGHEST WIND DIRECTION     S (200)
  HIGHEST GUST SPEED    18   HIGHEST GUST DIRECTION     S (180)
  AVERAGE WIND SPEED     4.3


SKY COVER
  POSSIBLE SUNSHINE  MM
  AVERAGE SKY COVER 0.1


WEATHER CONDITIONS
 THE FOLLOWING WEATHER WAS RECORDED YESTERDAY.
  NO SIGNIFICANT WEATHER WAS OBSERVED.


RELATIVE HUMIDITY (PERCENT)
 HIGHEST    50          1100 PM
 LOWEST     14          1000 AM
 AVERAGE    32

..........................................................


THE FULLERTON AIRPORT CA CLIMATE NORMALS FOR TODAY
                         NORMAL    RECORD    YEAR
 MAXIMUM TEMPERATURE (F)   81        99      2005
 MINIMUM TEMPERATURE (F)   61        54      2013


SUNRISE AND SUNSET
SEPTEMBER 28 2016.....SUNRISE   645 AM PDT   SUNSET   639 PM PDT
SEPTEMBER 29 2016.....SUNRISE   645 AM PDT   SUNSET   638 PM PDT


-  INDICATES NEGATIVE NUMBERS.
R  INDICATES RECORD WAS SET OR TIED.
MM INDICATES DATA IS MISSING.
T  INDICATES TRACE AMOUNT.




$$
