000
CDUS41 KCAR 060532
CLIFVE


CLIMATE REPORT
NATIONAL WEATHER SERVICE CARIBOU, ME
131 AM EDT MON JUL 6 2015


...................................

...THE FRENCHVILLE ME CLIMATE SUMMARY FOR JULY 5 2015...

CLIMATE NORMAL PERIOD 1981 TO 2010
CLIMATE RECORD PERIOD 9999 TO 9999


WEATHER ITEM   OBSERVED TIME   RECORD YEAR NORMAL DEPARTURE LAST
                VALUE   (LST)  VALUE       VALUE  FROM      YEAR
                                                  NORMAL
..................................................................
TEMPERATURE (F)
 YESTERDAY
  MAXIMUM         73    430 PM              73      0
  MINIMUM         53    511 AM              54     -1
  AVERAGE         63                        64     -1

PRECIPITATION (IN)
  YESTERDAY        0.00         MM      MM   0.16  -0.16     0.85
  MONTH TO DATE    0.49                      0.80  -0.31     1.63
  SINCE JUN 1      5.24                      4.65   0.59     5.74
  SINCE JAN 1     10.78                     14.55  -3.77    16.11

SNOWFALL (IN)
  YESTERDAY       MM            MM      MM  MM     MM       MM
  MONTH TO DATE   MM                        MM     MM       MM
  SINCE JUN 1     MM                        MM     MM       MM
  SINCE JUL 1     MM                        MM     MM       MM
  SNOW DEPTH      MM

DEGREE DAYS
 HEATING
  YESTERDAY        2                               -1
  MONTH TO DATE   19                                4
  SINCE JUL 1     19                                4

 COOLING
  YESTERDAY        0                               -2
  MONTH TO DATE    0                               -9
  SINCE JAN 1     11                              -26
..................................................................


WIND (MPH)
  HIGHEST WIND SPEED    16   HIGHEST WIND DIRECTION    NW (330)
  HIGHEST GUST SPEED    21   HIGHEST GUST DIRECTION    NW (320)
  AVERAGE WIND SPEED     6.8




..........................................................


THE FRENCHVILLE ME CLIMATE NORMALS FOR TODAY
                         NORMAL
 MAXIMUM TEMPERATURE (F)   73
 MINIMUM TEMPERATURE (F)   54


SUNRISE AND SUNSET
JULY  6 2015..........SUNRISE   444 AM EDT   SUNSET   831 PM EDT
JULY  7 2015..........SUNRISE   445 AM EDT   SUNSET   831 PM EDT


-  INDICATES NEGATIVE NUMBERS.
R  INDICATES RECORD WAS SET OR TIED.
MM INDICATES DATA IS MISSING.
T  INDICATES TRACE AMOUNT.




$$
