000
CDUS41 KCAR 280527
CLIFVE


CLIMATE REPORT
NATIONAL WEATHER SERVICE CARIBOU, ME
127 AM EDT THU MAY 28 2015


...................................

...THE FRENCHVILLE ME CLIMATE SUMMARY FOR MAY 27 2015...

CLIMATE NORMAL PERIOD 1981 TO 2010
CLIMATE RECORD PERIOD 9999 TO 9999


WEATHER ITEM   OBSERVED TIME   RECORD YEAR NORMAL DEPARTURE LAST
                VALUE   (LST)  VALUE       VALUE  FROM      YEAR
                                                  NORMAL
..................................................................
TEMPERATURE (F)
 YESTERDAY
  MAXIMUM         84    238 PM              64     20
  MINIMUM         59    455 AM              44     15
  AVERAGE         72                        54     18

PRECIPITATION (IN)
  YESTERDAY        0.39         MM      MM   0.11   0.28     0.02
  MONTH TO DATE    2.28                      2.58  -0.30     3.72
  SINCE MAR 1      4.51                      6.87  -2.36     7.40
  SINCE JAN 1      5.32                      9.44  -4.12    10.32

SNOWFALL (IN)
  YESTERDAY       MM            MM      MM  MM     MM       MM
  MONTH TO DATE   MM                        MM     MM       MM
  SINCE MAR 1     MM                        MM     MM       MM
  SINCE JUL 1     MM                        MM     MM       MM
  SNOW DEPTH      MM

DEGREE DAYS
 HEATING
  YESTERDAY        0                              -11
  MONTH TO DATE  307                             -105
  SINCE JUL 1   9771                              227

 COOLING
  YESTERDAY        7                                7
  MONTH TO DATE    8                                8
  SINCE JAN 1      8                                8
..................................................................


WIND (MPH)
  HIGHEST WIND SPEED    29   HIGHEST WIND DIRECTION    SW (240)
  HIGHEST GUST SPEED    38   HIGHEST GUST DIRECTION    SW (230)
  AVERAGE WIND SPEED     8.0




..........................................................


THE FRENCHVILLE ME CLIMATE NORMALS FOR TODAY
                         NORMAL
 MAXIMUM TEMPERATURE (F)   65
 MINIMUM TEMPERATURE (F)   44


SUNRISE AND SUNSET
MAY 28 2015...........SUNRISE   444 AM EDT   SUNSET   818 PM EDT
MAY 29 2015...........SUNRISE   443 AM EDT   SUNSET   819 PM EDT


-  INDICATES NEGATIVE NUMBERS.
R  INDICATES RECORD WAS SET OR TIED.
MM INDICATES DATA IS MISSING.
T  INDICATES TRACE AMOUNT.




$$
