000
CDUS41 KCAR 282030
CLIFVE


CLIMATE REPORT
NATIONAL WEATHER SERVICE CARIBOU, ME
430 PM EDT TUE JUL 28 2015


...................................

...THE FRENCHVILLE ME CLIMATE SUMMARY FOR JULY 28 2015...
VALID TODAY AS OF 0400 PM LOCAL TIME.

CLIMATE NORMAL PERIOD 1981 TO 2010
CLIMATE RECORD PERIOD 9999 TO 9999


WEATHER ITEM   OBSERVED TIME   RECORD YEAR NORMAL DEPARTURE LAST
                VALUE   (LST)  VALUE       VALUE  FROM      YEAR
                                                  NORMAL
..................................................................
TEMPERATURE (F)
 TODAY
  MAXIMUM         79    254 PM              74      5
  MINIMUM         59    521 AM              55      4
  AVERAGE         69                        65      4

PRECIPITATION (IN)
  TODAY            0.00         MM      MM   0.12  -0.12     1.36
  MONTH TO DATE    2.86                      3.99  -1.13     5.82
  SINCE JUN 1      7.61                      7.84  -0.23     9.93
  SINCE JAN 1     13.15                     17.74  -4.59    20.30

SNOWFALL (IN)
  TODAY           MM            MM      MM  MM     MM       MM
  MONTH TO DATE   MM                        MM     MM       MM
  SINCE JUN 1     MM                        MM     MM       MM
  SINCE JUL 1     MM                        MM     MM       MM
  SNOW DEPTH      MM

DEGREE DAYS
 HEATING
  TODAY            0                               -2
  MONTH TO DATE  109                               46
  SINCE JUL 1    109                               46

 COOLING
  TODAY            4                                2
  MONTH TO DATE   21                              -34
  SINCE JAN 1     32                              -51
..................................................................


WIND (MPH)
  HIGHEST WIND SPEED    18   HIGHEST WIND DIRECTION    NW (300)
  HIGHEST GUST SPEED    23   HIGHEST GUST DIRECTION    NW (300)
  AVERAGE WIND SPEED     6.0




..........................................................


THE FRENCHVILLE ME CLIMATE NORMALS FOR TOMORROW
                         NORMAL
 MAXIMUM TEMPERATURE (F)   74
 MINIMUM TEMPERATURE (F)   55


SUNRISE AND SUNSET
JULY 28 2015..........SUNRISE   506 AM EDT   SUNSET   812 PM EDT
JULY 29 2015..........SUNRISE   508 AM EDT   SUNSET   811 PM EDT


-  INDICATES NEGATIVE NUMBERS.
R  INDICATES RECORD WAS SET OR TIED.
MM INDICATES DATA IS MISSING.
T  INDICATES TRACE AMOUNT.




$$
