000
CDUS41 KCAR 260543
CLIFVE


CLIMATE REPORT
NATIONAL WEATHER SERVICE CARIBOU, ME
1239 AM EST SUN FEB 26 2017


...................................

...THE FRENCHVILLE ME CLIMATE SUMMARY FOR FEBRUARY 25 2017...

CLIMATE NORMAL PERIOD 1981 TO 2010
CLIMATE RECORD PERIOD 9999 TO 9999


WEATHER ITEM   OBSERVED TIME   RECORD YEAR NORMAL DEPARTURE LAST
                VALUE   (LST)  VALUE       VALUE  FROM      YEAR
                                                  NORMAL
..................................................................
TEMPERATURE (F)
 YESTERDAY
  MAXIMUM         43   1156 PM              25     18
  MINIMUM         27    757 AM               8     19
  AVERAGE         35                        16     19

PRECIPITATION (IN)
  YESTERDAY        0.11         MM      MM   0.05   0.06     0.72
  MONTH TO DATE    0.49                      0.69  -0.20     2.60
  SINCE DEC 1      3.78                      4.99  -1.21     6.21
  SINCE JAN 1      2.21                      2.45  -0.24     3.22

SNOWFALL (IN)
  YESTERDAY       MM            MM      MM  MM     MM       MM
  MONTH TO DATE   MM                        MM     MM       MM
  SINCE DEC 1     MM                        MM     MM       MM
  SINCE JUL 1     MM                        MM     MM       MM
  SNOW DEPTH      MM

DEGREE DAYS
 HEATING
  YESTERDAY       30                              -18
  MONTH TO DATE 1257                              -55
  SINCE JUL 1   6070                             -786

 COOLING
  YESTERDAY        0                                0
  MONTH TO DATE    0                                0
  SINCE JAN 1      0                                0
..................................................................


WIND (MPH)
  HIGHEST WIND SPEED    24   HIGHEST WIND DIRECTION    SE (150)
  HIGHEST GUST SPEED    30   HIGHEST GUST DIRECTION    SE (150)
  AVERAGE WIND SPEED    10.8




..........................................................


THE FRENCHVILLE ME CLIMATE NORMALS FOR TODAY
                         NORMAL
 MAXIMUM TEMPERATURE (F)   25
 MINIMUM TEMPERATURE (F)    8


SUNRISE AND SUNSET
FEBRUARY 26 2017......SUNRISE   619 AM EST   SUNSET   514 PM EST
FEBRUARY 27 2017......SUNRISE   617 AM EST   SUNSET   516 PM EST


-  INDICATES NEGATIVE NUMBERS.
R  INDICATES RECORD WAS SET OR TIED.
MM INDICATES DATA IS MISSING.
T  INDICATES TRACE AMOUNT.




$$
