000
CDUS41 KCAR 250536
CLIFVE


CLIMATE REPORT
NATIONAL WEATHER SERVICE CARIBOU, ME
132 AM EDT SUN JUN 25 2017


...................................

...THE FRENCHVILLE ME CLIMATE SUMMARY FOR JUNE 24 2017...

CLIMATE NORMAL PERIOD 1981 TO 2010
CLIMATE RECORD PERIOD 9999 TO 9999


WEATHER ITEM   OBSERVED TIME   RECORD YEAR NORMAL DEPARTURE LAST
                VALUE   (LST)  VALUE       VALUE  FROM      YEAR
                                                  NORMAL
..................................................................
TEMPERATURE (F)
 YESTERDAY
  MAXIMUM         73    500 PM              71      2
  MINIMUM         57   1159 PM              52      5
  AVERAGE         65                        62      3

PRECIPITATION (IN)
  YESTERDAY        0.81         MM      MM   0.14   0.67     0.00
  MONTH TO DATE    5.09                      2.91   2.18     3.59
  SINCE JUN 1      5.09                      2.91   2.18     3.59
  SINCE JAN 1     16.78                     12.81   3.97    13.68

SNOWFALL (IN)
  YESTERDAY       MM            MM      MM  MM     MM       MM
  MONTH TO DATE   MM                        MM     MM       MM
  SINCE JUN 1     MM                        MM     MM       MM
  SINCE JUL 1     MM                        MM     MM       MM
  SNOW DEPTH      MM

DEGREE DAYS
 HEATING
  YESTERDAY        0                               -5
  MONTH TO DATE  165                               -9
  SINCE JUL 1   8993                             -768

 COOLING
  YESTERDAY        0                               -1
  MONTH TO DATE   23                                4
  SINCE JAN 1     28                                5
..................................................................


WIND (MPH)
  HIGHEST WIND SPEED    24   HIGHEST WIND DIRECTION    NW (330)
  HIGHEST GUST SPEED    29   HIGHEST GUST DIRECTION     N (340)
  AVERAGE WIND SPEED     9.7




..........................................................


THE FRENCHVILLE ME CLIMATE NORMALS FOR TODAY
                         NORMAL
 MAXIMUM TEMPERATURE (F)   71
 MINIMUM TEMPERATURE (F)   52


SUNRISE AND SUNSET
JUNE 25 2017..........SUNRISE   438 AM EDT   SUNSET   834 PM EDT
JUNE 26 2017..........SUNRISE   439 AM EDT   SUNSET   834 PM EDT


-  INDICATES NEGATIVE NUMBERS.
R  INDICATES RECORD WAS SET OR TIED.
MM INDICATES DATA IS MISSING.
T  INDICATES TRACE AMOUNT.




$$
