000
CDUS41 KCAR 192131
CLIFVE


CLIMATE REPORT
NATIONAL WEATHER SERVICE CARIBOU, ME
430 PM EST MON FEB 19 2018


...................................

...THE FRENCHVILLE ME CLIMATE SUMMARY FOR FEBRUARY 19 2018...
VALID TODAY AS OF 0400 PM LOCAL TIME.

CLIMATE NORMAL PERIOD 1981 TO 2010
CLIMATE RECORD PERIOD 9999 TO 9999


WEATHER ITEM   OBSERVED TIME   RECORD YEAR NORMAL DEPARTURE LAST
                VALUE   (LST)  VALUE       VALUE  FROM      YEAR
                                                  NORMAL
..................................................................
TEMPERATURE (F)
 TODAY
  MAXIMUM         37    342 PM              23     14
  MINIMUM         13    659 AM               6      7
  AVERAGE         25                        14     11

PRECIPITATION (IN)
  TODAY            0.00         MM      MM   0.03  -0.03     0.01
  MONTH TO DATE    0.53                      0.44   0.09     0.11
  SINCE DEC 1      4.05                      4.74  -0.69     3.40
  SINCE JAN 1      2.16                      2.20  -0.04     1.83

SNOWFALL (IN)
  TODAY           MM            MM      MM  MM     MM       MM
  MONTH TO DATE   MM                        MM     MM       MM
  SINCE DEC 1     MM                        MM     MM       MM
  SINCE JUL 1     MM                        MM     MM       MM
  SNOW DEPTH      MM

DEGREE DAYS
 HEATING
  TODAY           40                              -11
  MONTH TO DATE  965                              -51
  SINCE JUL 1   6427                             -133

 COOLING
  TODAY            0                                0
  MONTH TO DATE    0                                0
  SINCE JAN 1      0                                0
..................................................................


WIND (MPH)
  HIGHEST WIND SPEED    21   HIGHEST WIND DIRECTION     S (170)
  HIGHEST GUST SPEED    29   HIGHEST GUST DIRECTION     S (180)
  AVERAGE WIND SPEED     9.0




..........................................................


THE FRENCHVILLE ME CLIMATE NORMALS FOR TOMORROW
                         NORMAL
 MAXIMUM TEMPERATURE (F)   23
 MINIMUM TEMPERATURE (F)    6


SUNRISE AND SUNSET
FEBRUARY 19 2018......SUNRISE   632 AM EST   SUNSET   503 PM EST
FEBRUARY 20 2018......SUNRISE   630 AM EST   SUNSET   505 PM EST


-  INDICATES NEGATIVE NUMBERS.
R  INDICATES RECORD WAS SET OR TIED.
MM INDICATES DATA IS MISSING.
T  INDICATES TRACE AMOUNT.




$$
