000
CDUS43 KIWX 310530
CLIFWA


CLIMATE REPORT
NATIONAL WEATHER SERVICE NORTHERN INDIANA
1229 AM EST SAT JAN 31 2015


...................................

...THE FORT WAYNE CLIMATE SUMMARY FOR JANUARY 30 2015...

CLIMATE NORMAL PERIOD 1981 TO 2010
CLIMATE RECORD PERIOD 1897 TO 2015


WEATHER ITEM   OBSERVED TIME   RECORD YEAR NORMAL DEPARTURE LAST
                VALUE   (LST)  VALUE       VALUE  FROM      YEAR
                                                  NORMAL
..................................................................
TEMPERATURE (F)
 YESTERDAY
  MAXIMUM         33   1247 AM  64    2013  33      0       30
  MINIMUM         17   1159 PM  -8    1966  18     -1        9
  AVERAGE         25                        25      0       20

PRECIPITATION (IN)
  YESTERDAY        T             1.72 1916   0.07  -0.07     0.01
  MONTH TO DATE    2.19                      2.19   0.00     2.71
  SINCE DEC 1      3.91                      4.96  -1.05     5.57
  SINCE JAN 1      2.19                      2.19   0.00     2.71

SNOWFALL (IN)
  YESTERDAY        T             6.0  1984   0.4   -0.4      0.3
  MONTH TO DATE   12.5                       9.8    2.7     31.1
  SINCE DEC 1     13.1                      18.3   -5.2     41.0
  SINCE JUL 1     17.3                      20.4   -3.1     42.0
  SNOW DEPTH       T

DEGREE DAYS
 HEATING
  YESTERDAY       40                        40      0       45
  MONTH TO DATE 1297                      1199     98     1442
  SINCE DEC 1   2290                      2310    -20     2597
  SINCE JUL 1   3736                      3527    209     3898

 COOLING
  YESTERDAY        0                         0      0        0
  MONTH TO DATE    0                         0      0        0
  SINCE DEC 1      0                         0      0        0
  SINCE JAN 1      0                         0      0        0
..................................................................


WIND (MPH)
  HIGHEST WIND SPEED    25   HIGHEST WIND DIRECTION     N (340)
  HIGHEST GUST SPEED    33   HIGHEST GUST DIRECTION     N (350)
  AVERAGE WIND SPEED    10.4


SKY COVER
  AVERAGE SKY COVER 0.7


WEATHER CONDITIONS
 THE FOLLOWING WEATHER WAS RECORDED YESTERDAY.
  LIGHT SNOW


RELATIVE HUMIDITY (PERCENT)
 HIGHEST    85           100 AM
 LOWEST     55          1200 PM
 AVERAGE    70

..........................................................


THE FORT WAYNE CLIMATE NORMALS FOR TODAY
                         NORMAL    RECORD    YEAR
 MAXIMUM TEMPERATURE (F)   33        61      1989
 MINIMUM TEMPERATURE (F)   18       -18      1963


SUNRISE AND SUNSET
JANUARY 31 2015.......SUNRISE   753 AM EST   SUNSET   556 PM EST
FEBRUARY  1 2015......SUNRISE   752 AM EST   SUNSET   558 PM EST


-  INDICATES NEGATIVE NUMBERS.
R  INDICATES RECORD WAS SET OR TIED.
MM INDICATES DATA IS MISSING.
T  INDICATES TRACE AMOUNT.




$$
