215
CDUS43 KIWX 190525
CLIFWA


CLIMATE REPORT
NATIONAL WEATHER SERVICE NORTHERN INDIANA
125 AM EDT TUE SEP 19 2017


...................................

...THE FORT WAYNE CLIMATE SUMMARY FOR SEPTEMBER 18 2017...

CLIMATE NORMAL PERIOD 1981 TO 2010
CLIMATE RECORD PERIOD 1897 TO 2017


WEATHER ITEM   OBSERVED TIME   RECORD YEAR NORMAL DEPARTURE LAST
                VALUE   (LST)  VALUE       VALUE  FROM      YEAR
                                                  NORMAL
..................................................................
TEMPERATURE (F)
 YESTERDAY
  MAXIMUM         82    449 PM  93    1955  75      7       81
  MINIMUM         65   1159 PM  33    1900  52     13       59
  AVERAGE         74                        64     10       70

PRECIPITATION (IN)
  YESTERDAY        0.20          1.25 1899   0.09   0.11     0.00
  MONTH TO DATE    0.60                      1.69  -1.09     4.08
  SINCE SEP 1      0.60                      1.69  -1.09     4.08
  SINCE JAN 1     38.88                     28.53  10.35    27.89

DEGREE DAYS
 HEATING
  YESTERDAY        0                         4     -4        0
  MONTH TO DATE   60                        35     25        0
  SINCE SEP 1     60                        35     25        0
  SINCE JUL 1     75                        47     28        3

 COOLING
  YESTERDAY        9                         2      7        5
  MONTH TO DATE   29                        65    -36       93
  SINCE SEP 1     29                        65    -36       93
  SINCE JAN 1    717                       782    -65     1019
..................................................................


WIND (MPH)
  HIGHEST WIND SPEED     9   HIGHEST WIND DIRECTION     N (10)
  HIGHEST GUST SPEED    10   HIGHEST GUST DIRECTION     N (10)
  AVERAGE WIND SPEED     2.6


SKY COVER
  AVERAGE SKY COVER 0.8


WEATHER CONDITIONS
 THE FOLLOWING WEATHER WAS RECORDED YESTERDAY.
  HEAVY RAIN
  LIGHT RAIN
  FOG
  HAZE


RELATIVE HUMIDITY (PERCENT)
 HIGHEST    93           200 AM
 LOWEST     55           400 PM
 AVERAGE    74

..........................................................


THE FORT WAYNE CLIMATE NORMALS FOR TODAY
                         NORMAL    RECORD    YEAR
 MAXIMUM TEMPERATURE (F)   75        94      1955
 MINIMUM TEMPERATURE (F)   51        36      1916


SUNRISE AND SUNSET
SEPTEMBER 19 2017.....SUNRISE   726 AM EDT   SUNSET   743 PM EDT
SEPTEMBER 20 2017.....SUNRISE   727 AM EDT   SUNSET   741 PM EDT


-  INDICATES NEGATIVE NUMBERS.
R  INDICATES RECORD WAS SET OR TIED.
MM INDICATES DATA IS MISSING.
T  INDICATES TRACE AMOUNT.




$$
