000
CDUS43 KIWX 110530
CLIFWA


CLIMATE REPORT
NATIONAL WEATHER SERVICE NORTHERN INDIANA
1229 AM EST THU FEB 11 2016


...................................

...THE FORT WAYNE CLIMATE SUMMARY FOR FEBRUARY 10 2016...

CLIMATE NORMAL PERIOD 1981 TO 2010
CLIMATE RECORD PERIOD 1897 TO 2016


WEATHER ITEM   OBSERVED TIME   RECORD YEAR NORMAL DEPARTURE LAST
                VALUE   (LST)  VALUE       VALUE  FROM      YEAR
                                                  NORMAL
..................................................................
TEMPERATURE (F)
 YESTERDAY
  MAXIMUM         24    248 PM  65    1932  35    -11       24
                                      1898
  MINIMUM         14   1156 PM -18    1982  19     -5       13
  AVERAGE         19                        27     -8       19

PRECIPITATION (IN)
  YESTERDAY        0.02          1.14 1981   0.07  -0.05      T
  MONTH TO DATE    0.27                      0.70  -0.43     1.11
  SINCE DEC 1      6.04                      5.73   0.31     5.06
  SINCE JAN 1      1.89                      2.96  -1.07     3.34

SNOWFALL (IN)
  YESTERDAY        0.4           6.3  1981   0.3    0.1       T
  MONTH TO DATE    1.0                       3.1   -2.1     12.3
  SINCE DEC 1      8.1                      21.7  -13.6     25.6
  SINCE JUL 1     12.3                      23.8  -11.5     29.8
  SNOW DEPTH       T

DEGREE DAYS
 HEATING
  YESTERDAY       46                        38      8       46
  MONTH TO DATE  325                       388    -63      427
  SINCE DEC 1   2232                      2742   -510     2756
  SINCE JUL 1   3201                      3959   -758     4202

 COOLING
  YESTERDAY        0                         0      0        0
  MONTH TO DATE    0                         0      0        0
  SINCE DEC 1      0                         0      0        0
  SINCE JAN 1      0                         0      0        0
..................................................................


WIND (MPH)
  HIGHEST WIND SPEED    25   HIGHEST WIND DIRECTION     W (260)
  HIGHEST GUST SPEED    29   HIGHEST GUST DIRECTION     W (250)
  AVERAGE WIND SPEED    17.6


SKY COVER
  AVERAGE SKY COVER 0.9


WEATHER CONDITIONS
 THE FOLLOWING WEATHER WAS RECORDED YESTERDAY.
  LIGHT SNOW


RELATIVE HUMIDITY (PERCENT)
 HIGHEST    80           300 AM
 LOWEST     55           200 PM
 AVERAGE    68

..........................................................


THE FORT WAYNE CLIMATE NORMALS FOR TODAY
                         NORMAL    RECORD    YEAR
 MAXIMUM TEMPERATURE (F)   35        71      1999
 MINIMUM TEMPERATURE (F)   19       -16      2014


SUNRISE AND SUNSET
FEBRUARY 11 2016......SUNRISE   741 AM EST   SUNSET   610 PM EST
FEBRUARY 12 2016......SUNRISE   740 AM EST   SUNSET   611 PM EST


-  INDICATES NEGATIVE NUMBERS.
R  INDICATES RECORD WAS SET OR TIED.
MM INDICATES DATA IS MISSING.
T  INDICATES TRACE AMOUNT.




$$
