038
CDUS43 KIWX 082123
CLIFWA


CLIMATE REPORT
NATIONAL WEATHER SERVICE NORTHERN INDIANA
422 PM EST THU DEC 8 2016


...................................

...THE FORT WAYNE CLIMATE SUMMARY FOR DECEMBER 8 2016...
VALID TODAY AS OF 0400 PM LOCAL TIME.

CLIMATE NORMAL PERIOD 1981 TO 2010
CLIMATE RECORD PERIOD 1897 TO 2016


WEATHER ITEM   OBSERVED TIME   RECORD YEAR NORMAL DEPARTURE LAST
                VALUE   (LST)  VALUE       VALUE  FROM      YEAR
                                                  NORMAL
..................................................................
TEMPERATURE (F)
 TODAY
  MAXIMUM         27   1231 AM  65    1946  38    -11       50
  MINIMUM         21    359 PM  -2    2005  24     -3       38
                                      1977
                                      1917
  AVERAGE         24                        31     -7       44

PRECIPITATION (IN)
  TODAY            T             0.72 1924   0.09  -0.09      T
  MONTH TO DATE    0.37                      0.75  -0.38     0.07
  SINCE DEC 1      0.37                      0.75  -0.38     0.07
  SINCE JAN 1     35.43                     36.32  -0.89    42.31

SNOWFALL (IN)
  TODAY            T             8.3  2005   0.2   -0.2      0.0
  MONTH TO DATE    2.7                       1.6    1.1      0.2
  SINCE DEC 1      2.7                       1.6    1.1      0.2
  SINCE JUL 1      3.1                       3.7   -0.6      4.4

DEGREE DAYS
 HEATING
  TODAY           41                        34      7       21
  MONTH TO DATE  255                       258     -3      218
  SINCE DEC 1    255                       258     -3      218
  SINCE JUL 1   1100                      1475   -375     1187

 COOLING
  TODAY            0                         0      0        0
  MONTH TO DATE    0                         0      0        0
  SINCE DEC 1      0                         0      0        0
  SINCE JAN 1   1104                       809    295      811
..................................................................


WIND (MPH)
  HIGHEST WIND SPEED    29   HIGHEST WIND DIRECTION     W (270)
  HIGHEST GUST SPEED    35   HIGHEST GUST DIRECTION     W (270)
  AVERAGE WIND SPEED    19.2


SKY COVER
  POSSIBLE SUNSHINE  MM
  AVERAGE SKY COVER 0.9


WEATHER CONDITIONS
 THE FOLLOWING WEATHER WAS RECORDED TODAY.
  LIGHT SNOW


RELATIVE HUMIDITY (PERCENT)
 HIGHEST    77          1000 AM
 LOWEST     62           700 AM
 AVERAGE    70

..........................................................


THE FORT WAYNE CLIMATE NORMALS FOR TOMORROW
                         NORMAL    RECORD    YEAR
 MAXIMUM TEMPERATURE (F)   38        64      1952
 MINIMUM TEMPERATURE (F)   24        -9      1958


SUNRISE AND SUNSET
DECEMBER  8 2016......SUNRISE   753 AM EST   SUNSET   512 PM EST
DECEMBER  9 2016......SUNRISE   754 AM EST   SUNSET   512 PM EST


-  INDICATES NEGATIVE NUMBERS.
R  INDICATES RECORD WAS SET OR TIED.
MM INDICATES DATA IS MISSING.
T  INDICATES TRACE AMOUNT.




$$
