000
CDUS43 KIWX 160029
CLIFWA


CLIMATE REPORT
NATIONAL WEATHER SERVICE NORTHERN INDIANA
729 PM EST FRI DEC 15 2017


...................................

...THE FORT WAYNE CLIMATE SUMMARY FOR DECEMBER 15 2017...
VALID AS OF 0700 PM LOCAL TIME.

CLIMATE NORMAL PERIOD 1981 TO 2010
CLIMATE RECORD PERIOD 1897 TO 2017


WEATHER ITEM   OBSERVED TIME   RECORD YEAR NORMAL DEPARTURE LAST
                VALUE   (LST)  VALUE       VALUE  FROM      YEAR
                                                  NORMAL
..................................................................
TEMPERATURE (F)
 TODAY
  MAXIMUM         29    702 PM  64    1933  36     -7        9
  MINIMUM         19   1206 AM -10    1914  22     -3        0
                                      1901
  AVERAGE         24                        29     -5        5

PRECIPITATION (IN)
  TODAY            T             1.30 1975   0.08  -0.08     0.00
  MONTH TO DATE    0.29                      1.36  -1.07     1.12
  SINCE DEC 1      0.29                      1.36  -1.07     1.12
  SINCE JAN 1     47.97                     36.93  11.04    36.18

SNOWFALL (IN)
  TODAY            T             4.0  1947   0.3   -0.3      0.0
  MONTH TO DATE    3.7                       3.5    0.2     10.4
  SINCE DEC 1      3.7                       3.5    0.2     10.4
  SINCE JUL 1      3.7                       5.6   -1.9     10.8
  SNOW DEPTH       1

DEGREE DAYS
 HEATING
  TODAY           41                        36      5       60
  MONTH TO DATE  503                       503      0      578
  SINCE DEC 1    503                       503      0      578
  SINCE JUL 1   1556                      1720   -164     1423

 COOLING
  TODAY            0                         0      0        0
  MONTH TO DATE    0                         0      0        0
  SINCE DEC 1      0                         0      0        0
  SINCE JAN 1    836                       809     27     1104
..................................................................


WIND (MPH)
  RESULTANT WIND SPEED  12   RESULTANT WIND DIRECTION  SW (240)
  HIGHEST WIND SPEED    24   HIGHEST WIND DIRECTION     W (270)
  HIGHEST GUST SPEED    31   HIGHEST GUST DIRECTION     W (250)
  AVERAGE WIND SPEED    12.4


SKY COVER
  POSSIBLE SUNSHINE  MM
  AVERAGE SKY COVER 1.0


WEATHER CONDITIONS
 THE FOLLOWING WEATHER WAS RECORDED TODAY.
  LIGHT SNOW
  HAZE


RELATIVE HUMIDITY (PERCENT)
 HIGHEST    81           400 AM
 LOWEST     63           600 PM
 AVERAGE    72

..........................................................


THE FORT WAYNE CLIMATE NORMALS FOR TOMORROW
                         NORMAL    RECORD    YEAR
 MAXIMUM TEMPERATURE (F)   36        63      1984
 MINIMUM TEMPERATURE (F)   22       -14      1951


SUNRISE AND SUNSET
DECEMBER 15 2017......SUNRISE   759 AM EST   SUNSET   513 PM EST
DECEMBER 16 2017......SUNRISE   759 AM EST   SUNSET   514 PM EST


-  INDICATES NEGATIVE NUMBERS.
R  INDICATES RECORD WAS SET OR TIED.
MM INDICATES DATA IS MISSING.
T  INDICATES TRACE AMOUNT.




$$
