000
CDUS43 KIWX 280526
CLIFWA


CLIMATE REPORT
NATIONAL WEATHER SERVICE NORTHERN INDIANA
1225 AM EST SUN DEC 28 2014


...................................

...THE FORT WAYNE CLIMATE SUMMARY FOR DECEMBER 27 2014...

CLIMATE NORMAL PERIOD 1981 TO 2010
CLIMATE RECORD PERIOD 1897 TO 2014


WEATHER ITEM   OBSERVED TIME   RECORD YEAR NORMAL DEPARTURE LAST
                VALUE   (LST)  VALUE       VALUE  FROM      YEAR
                                                  NORMAL
..................................................................
TEMPERATURE (F)
 YESTERDAY
  MAXIMUM         47    620 PM  65    2008  33     14       43
  MINIMUM         32   1024 PM  -8    2004  19     13       24
                                      1950
  AVERAGE         40                        26     14       34

PRECIPITATION (IN)
  YESTERDAY        0.19          1.47 1968   0.08   0.11     0.00
  MONTH TO DATE    1.72                      2.43  -0.71     2.81
  SINCE DEC 1      1.72                      2.43  -0.71     2.81
  SINCE JAN 1     42.84                     38.00   4.84    42.16

SNOWFALL (IN)
  YESTERDAY        0.2           4.2  1915   0.4   -0.2      0.0
  MONTH TO DATE    0.4                       7.2   -6.8      8.8
  SINCE DEC 1      0.4                       7.2   -6.8      8.8
  SINCE JUL 1      4.6                       9.3   -4.7      9.8
  SNOW DEPTH       0

DEGREE DAYS
 HEATING
  YESTERDAY       25                        39    -14       31
  MONTH TO DATE  827                       955   -128     1008
  SINCE DEC 1    827                       955   -128     1008
  SINCE JUL 1   2273                      2172    101     2309

 COOLING
  YESTERDAY        0                         0      0        0
  MONTH TO DATE    0                         0      0        0
  SINCE DEC 1      0                         0      0        0
  SINCE JAN 1    731                       809    -78      855
..................................................................


WIND (MPH)
  HIGHEST WIND SPEED    23   HIGHEST WIND DIRECTION    SW (210)
  HIGHEST GUST SPEED    27   HIGHEST GUST DIRECTION    SW (220)
  AVERAGE WIND SPEED    13.7


SKY COVER
  AVERAGE SKY COVER 1.0


WEATHER CONDITIONS
 THE FOLLOWING WEATHER WAS RECORDED YESTERDAY.
  LIGHT RAIN
  LIGHT SNOW
  SLEET
  FOG


RELATIVE HUMIDITY (PERCENT)
 HIGHEST    96           900 AM
 LOWEST     76           300 AM
 AVERAGE    86

..........................................................


THE FORT WAYNE CLIMATE NORMALS FOR TODAY
                         NORMAL    RECORD    YEAR
 MAXIMUM TEMPERATURE (F)   33        65      1984
 MINIMUM TEMPERATURE (F)   19       -17      1924


SUNRISE AND SUNSET
DECEMBER 28 2014......SUNRISE   805 AM EST   SUNSET   520 PM EST
DECEMBER 29 2014......SUNRISE   805 AM EST   SUNSET   521 PM EST


-  INDICATES NEGATIVE NUMBERS.
R  INDICATES RECORD WAS SET OR TIED.
MM INDICATES DATA IS MISSING.
T  INDICATES TRACE AMOUNT.




$$
