917
CDUS43 KIWX 260523
CLIFWA


CLIMATE REPORT
NATIONAL WEATHER SERVICE NORTHERN INDIANA
123 AM EDT FRI AUG 26 2016


...................................

...THE FORT WAYNE CLIMATE SUMMARY FOR AUGUST 25 2016...

CLIMATE NORMAL PERIOD 1981 TO 2010
CLIMATE RECORD PERIOD 1897 TO 2016


WEATHER ITEM   OBSERVED TIME   RECORD YEAR NORMAL DEPARTURE LAST
                VALUE   (LST)  VALUE       VALUE  FROM      YEAR
                                                  NORMAL
..................................................................
TEMPERATURE (F)
 YESTERDAY
  MAXIMUM         86    237 PM  95    1948  82      4       67
  MINIMUM         68    400 AM  44    1944  60      8       54
  AVERAGE         77                        71      6       61

PRECIPITATION (IN)
  YESTERDAY        0.02          1.10 1962   0.11  -0.09     0.00
  MONTH TO DATE    2.29                      2.96  -0.67     3.55
  SINCE JUN 1      8.85                     11.36  -2.51    21.50
  SINCE JAN 1     23.04                     26.16  -3.12    35.63

SNOWFALL (IN)
  YESTERDAY        0.0           0.0  2002   0.0    0.0      0.0
                                      2001
  MONTH TO DATE    0.0                       0.0    0.0      0.0
  SINCE JUN 1      T                         0.0    0.0      0.0
  SINCE JUL 1      0.0                       0.0    0.0      0.0
  SNOW DEPTH       0

DEGREE DAYS
 HEATING
  YESTERDAY        0                         0      0        4
  MONTH TO DATE    0                         0      0        4
  SINCE JUN 1     14                        32    -18       32
  SINCE JUL 1      3                         3      0        4

 COOLING
  YESTERDAY       12                         6      6        0
  MONTH TO DATE  266                       176     90      157
  SINCE JUN 1    782                       625    157      550
  SINCE JAN 1    856                       682    174      646
..................................................................


WIND (MPH)
  HIGHEST WIND SPEED    18   HIGHEST WIND DIRECTION    SW (240)
  HIGHEST GUST SPEED    25   HIGHEST GUST DIRECTION    SW (230)
  AVERAGE WIND SPEED     8.1


SKY COVER
  AVERAGE SKY COVER 0.5


WEATHER CONDITIONS
 THE FOLLOWING WEATHER WAS RECORDED YESTERDAY.
  THUNDERSTORM
  LIGHT RAIN


RELATIVE HUMIDITY (PERCENT)
 HIGHEST    97           100 AM
 LOWEST     59           100 PM
 AVERAGE    78

..........................................................


THE FORT WAYNE CLIMATE NORMALS FOR TODAY
                         NORMAL    RECORD    YEAR
 MAXIMUM TEMPERATURE (F)   82        96      1953
                                             1948
 MINIMUM TEMPERATURE (F)   60        45      1907


SUNRISE AND SUNSET
AUGUST 26 2016........SUNRISE   702 AM EDT   SUNSET   822 PM EDT
AUGUST 27 2016........SUNRISE   703 AM EDT   SUNSET   820 PM EDT


-  INDICATES NEGATIVE NUMBERS.
R  INDICATES RECORD WAS SET OR TIED.
MM INDICATES DATA IS MISSING.
T  INDICATES TRACE AMOUNT.




$$
