000
CDUS43 KIWX 050532
CLIFWA


CLIMATE REPORT
NATIONAL WEATHER SERVICE NORTHERN INDIANA
129 AM EDT THU MAY 5 2016


...................................

...THE FORT WAYNE CLIMATE SUMMARY FOR MAY 4 2016...

CLIMATE NORMAL PERIOD 1981 TO 2010
CLIMATE RECORD PERIOD 1897 TO 2016


WEATHER ITEM   OBSERVED TIME   RECORD YEAR NORMAL DEPARTURE LAST
                VALUE   (LST)  VALUE       VALUE  FROM      YEAR
                                                  NORMAL
..................................................................
TEMPERATURE (F)
 YESTERDAY
  MAXIMUM         53    215 AM  87    1949  68    -15       68
                                      1902
  MINIMUM         39   1152 PM  27    2005  45     -6       59
  AVERAGE         46                        57    -11       64

PRECIPITATION (IN)
  YESTERDAY        0.11          1.44 1990   0.11   0.00     0.08
  MONTH TO DATE    0.38                      0.44  -0.06     0.08
  SINCE MAR 1      7.39                      6.67   0.72     5.43
  SINCE JAN 1     10.44                     10.97  -0.53     9.20

SNOWFALL (IN)
  YESTERDAY        0.0           T    1954   0.0    0.0      0.0
  MONTH TO DATE    0.0                       0.0    0.0      0.0
  SINCE MAR 1      3.9                       5.1   -1.2      8.6
  SINCE JUL 1     20.1                      33.5  -13.4     45.1
  SNOW DEPTH       0

DEGREE DAYS
 HEATING
  YESTERDAY       19                         9     10        1
  MONTH TO DATE   51                        38     13       16
  SINCE MAR 1   1142                      1322   -180     1405
  SINCE JUL 1   4969                      5920   -951     6554

 COOLING
  YESTERDAY        0                         0      0        0
  MONTH TO DATE    0                         0      0        0
  SINCE MAR 1      0                         8     -8        0
  SINCE JAN 1      0                         8     -8        0
..................................................................


WIND (MPH)
  HIGHEST WIND SPEED    28   HIGHEST WIND DIRECTION     W (280)
  HIGHEST GUST SPEED    35   HIGHEST GUST DIRECTION     W (290)
  AVERAGE WIND SPEED    12.7


SKY COVER
  AVERAGE SKY COVER 1.0


WEATHER CONDITIONS
 THE FOLLOWING WEATHER WAS RECORDED YESTERDAY.
  LIGHT RAIN
  FOG


RELATIVE HUMIDITY (PERCENT)
 HIGHEST    93           900 AM
 LOWEST     66           200 AM
 AVERAGE    80

..........................................................


THE FORT WAYNE CLIMATE NORMALS FOR TODAY
                         NORMAL    RECORD    YEAR
 MAXIMUM TEMPERATURE (F)   68        89      1952
 MINIMUM TEMPERATURE (F)   45        29      1973


SUNRISE AND SUNSET
MAY  5 2016...........SUNRISE   633 AM EDT   SUNSET   842 PM EDT
MAY  6 2016...........SUNRISE   632 AM EDT   SUNSET   843 PM EDT


-  INDICATES NEGATIVE NUMBERS.
R  INDICATES RECORD WAS SET OR TIED.
MM INDICATES DATA IS MISSING.
T  INDICATES TRACE AMOUNT.




$$
