000
CDUS43 KIWX 300528
CLIFWA


CLIMATE REPORT
NATIONAL WEATHER SERVICE NORTHERN INDIANA
128 AM EDT SAT AUG 30 2014


...................................

...THE FORT WAYNE CLIMATE SUMMARY FOR AUGUST 29 2014...

CLIMATE NORMAL PERIOD 1981 TO 2010
CLIMATE RECORD PERIOD 1897 TO 2014


WEATHER ITEM   OBSERVED TIME   RECORD YEAR NORMAL DEPARTURE LAST
                VALUE   (LST)  VALUE       VALUE  FROM      YEAR
                                                  NORMAL
..................................................................
TEMPERATURE (F)
 YESTERDAY
  MAXIMUM         82    514 PM  95    1983  81      1       86
                                      1953
                                      1948
  MINIMUM         61    632 AM  38    1965  59      2       67
  AVERAGE         72                        70      2       77

PRECIPITATION (IN)
  YESTERDAY        0.00          1.16 1977   0.12  -0.12     0.00
  MONTH TO DATE    6.00                      3.42   2.58     5.07
  SINCE JUN 1     13.81                     11.82   1.99    14.66
  SINCE JAN 1     30.35                     26.62   3.73    32.33

SNOWFALL (IN)
  YESTERDAY        0.0           0.0  2002   0.0    0.0      0.0
                                      2001
  MONTH TO DATE    0.0                       0.0    0.0      0.0
  SINCE JUN 1      T                         0.0    0.0      0.0
  SINCE JUL 1      T                         0.0    0.0      0.0
  SNOW DEPTH       0

DEGREE DAYS
 HEATING
  YESTERDAY        0                         1     -1        0
  MONTH TO DATE   10                         2      8       10
  SINCE JUN 1     38                        34      4       39
  SINCE JUL 1     24                         5     19       20

 COOLING
  YESTERDAY        7                         6      1       12
  MONTH TO DATE  192                       200     -8      174
  SINCE JUN 1    572                       649    -77      602
  SINCE JAN 1    653                       706    -53      707
..................................................................


WIND (MPH)
  HIGHEST WIND SPEED    13   HIGHEST WIND DIRECTION    SE (150)
  HIGHEST GUST SPEED    17   HIGHEST GUST DIRECTION    SE (140)
  AVERAGE WIND SPEED     7.7


SKY COVER
  AVERAGE SKY COVER 0.6


WEATHER CONDITIONS
 THE FOLLOWING WEATHER WAS RECORDED YESTERDAY.
  NO SIGNIFICANT WEATHER WAS OBSERVED.


RELATIVE HUMIDITY (PERCENT)
 HIGHEST    90           100 AM
 LOWEST     65           300 PM
 AVERAGE    78

..........................................................


THE FORT WAYNE CLIMATE NORMALS FOR TODAY
                         NORMAL    RECORD    YEAR
 MAXIMUM TEMPERATURE (F)   81        94      1993
                                             1953
                                             1932
 MINIMUM TEMPERATURE (F)   59        41      1946


SUNRISE AND SUNSET
AUGUST 30 2014........SUNRISE   705 AM EDT   SUNSET   817 PM EDT
AUGUST 31 2014........SUNRISE   706 AM EDT   SUNSET   815 PM EDT


-  INDICATES NEGATIVE NUMBERS.
R  INDICATES RECORD WAS SET OR TIED.
MM INDICATES DATA IS MISSING.
T  INDICATES TRACE AMOUNT.




$$
