000
CDUS43 KIWX 020522
CLIFWA


CLIMATE REPORT
NATIONAL WEATHER SERVICE NORTHERN INDIANA
122 AM EDT SUN AUG 2 2015


...................................

...THE FORT WAYNE CLIMATE SUMMARY FOR AUGUST 1 2015...

CLIMATE NORMAL PERIOD 1981 TO 2010
CLIMATE RECORD PERIOD 1897 TO 2015


WEATHER ITEM   OBSERVED TIME   RECORD YEAR NORMAL DEPARTURE LAST
                VALUE   (LST)  VALUE       VALUE  FROM      YEAR
                                                  NORMAL
..................................................................
TEMPERATURE (F)
 YESTERDAY
  MAXIMUM         84    253 PM  96    1955  83      1       82
                                      1953
  MINIMUM         60    603 AM  49    1992  62     -2       60
                                      1952
  AVERAGE         72                        73     -1       71

PRECIPITATION (IN)
  YESTERDAY        0.00          4.93 1926   0.13  -0.13      T
  MONTH TO DATE    0.00                      0.13  -0.13      T
  SINCE JUN 1     17.95                      8.53   9.42     7.81
  SINCE JAN 1     32.08                     23.33   8.75    24.51

SNOWFALL (IN)
  YESTERDAY        0.0           0.0  2002   0.0    0.0      0.0
                                      2001
  MONTH TO DATE    0.0                       0.0    0.0      0.0
  SINCE JUN 1      0.0                       0.0    0.0       T
  SINCE JUL 1      0.0                       0.0    0.0       T
  SNOW DEPTH       0

DEGREE DAYS
 HEATING
  YESTERDAY        0                         0      0        0
  MONTH TO DATE    0                         0      0        0
  SINCE JUN 1     28                        32     -4       28
  SINCE JUL 1      0                         3     -3       14

 COOLING
  YESTERDAY        7                         8     -1        6
  MONTH TO DATE    7                         8     -1        6
  SINCE JUN 1    400                       457    -57      386
  SINCE JAN 1    496                       514    -18      467
..................................................................


WIND (MPH)
  HIGHEST WIND SPEED    17   HIGHEST WIND DIRECTION     W (270)
  HIGHEST GUST SPEED    23   HIGHEST GUST DIRECTION    NW (300)
  AVERAGE WIND SPEED     8.1


SKY COVER
  AVERAGE SKY COVER 0.4


WEATHER CONDITIONS
 THE FOLLOWING WEATHER WAS RECORDED YESTERDAY.
  NO SIGNIFICANT WEATHER WAS OBSERVED.


RELATIVE HUMIDITY (PERCENT)
 HIGHEST    84          1200 AM
 LOWEST     37           200 PM
 AVERAGE    61

..........................................................


THE FORT WAYNE CLIMATE NORMALS FOR TODAY
                         NORMAL    RECORD    YEAR
 MAXIMUM TEMPERATURE (F)   83        98      1964
 MINIMUM TEMPERATURE (F)   62        47      1965
                                             1927


SUNRISE AND SUNSET
AUGUST  2 2015........SUNRISE   637 AM EDT   SUNSET   856 PM EDT
AUGUST  3 2015........SUNRISE   638 AM EDT   SUNSET   855 PM EDT


-  INDICATES NEGATIVE NUMBERS.
R  INDICATES RECORD WAS SET OR TIED.
MM INDICATES DATA IS MISSING.
T  INDICATES TRACE AMOUNT.




$$
