211
CDUS43 KIWX 010522
CLIFWA


CLIMATE REPORT
NATIONAL WEATHER SERVICE NORTHERN INDIANA
122 AM EDT WED JUN 1 2016


...................................

...THE FORT WAYNE CLIMATE SUMMARY FOR MAY 31 2016...

CLIMATE NORMAL PERIOD 1981 TO 2010
CLIMATE RECORD PERIOD 1897 TO 2016


WEATHER ITEM   OBSERVED TIME   RECORD YEAR NORMAL DEPARTURE LAST
                VALUE   (LST)  VALUE       VALUE  FROM      YEAR
                                                  NORMAL
..................................................................
TEMPERATURE (F)
 YESTERDAY
  MAXIMUM         86    447 PM  94    1988  76     10       60
  MINIMUM         59    521 AM  37    1966  55      4       50
  AVERAGE         73                        65      8       55

PRECIPITATION (IN)
  YESTERDAY        0.00          1.85 1954   0.17  -0.17     0.75
  MONTH TO DATE    4.13                      4.27  -0.14     5.01
  SINCE MAR 1     11.14                     10.50   0.64    10.36
  SINCE JAN 1     14.19                     14.80  -0.61    14.13

SNOWFALL (IN)
  YESTERDAY        0.0           0.0  2002   0.0    0.0      0.0
                                      2001
  MONTH TO DATE    0.0                       0.0    0.0      0.0
  SINCE MAR 1      3.9                       5.1   -1.2      8.6
  SINCE JUL 1     20.1                      33.5  -13.4     45.1
  SNOW DEPTH       0

DEGREE DAYS
 HEATING
  YESTERDAY        0                         3     -3       10
  MONTH TO DATE  198                       191      7      113
  SINCE MAR 1   1289                      1474   -185     1502
  SINCE JUL 1   5116                      6072   -956     6651

 COOLING
  YESTERDAY        8                         3      5        0
  MONTH TO DATE   74                        49     25       96
  SINCE MAR 1     74                        57     17       96
  SINCE JAN 1     74                        57     17       96
..................................................................


WIND (MPH)
  HIGHEST WIND SPEED    20   HIGHEST WIND DIRECTION     E (90)
  HIGHEST GUST SPEED    27   HIGHEST GUST DIRECTION     E (90)
  AVERAGE WIND SPEED     7.7


SKY COVER
  AVERAGE SKY COVER 0.6


WEATHER CONDITIONS
 THE FOLLOWING WEATHER WAS RECORDED YESTERDAY.
  NO SIGNIFICANT WEATHER WAS OBSERVED.


RELATIVE HUMIDITY (PERCENT)
 HIGHEST    72           600 AM
 LOWEST     32           500 PM
 AVERAGE    52

..........................................................


THE FORT WAYNE CLIMATE NORMALS FOR TODAY
                         NORMAL    RECORD    YEAR
 MAXIMUM TEMPERATURE (F)   77       101      1934
 MINIMUM TEMPERATURE (F)   55        38      1993


SUNRISE AND SUNSET
JUNE  1 2016..........SUNRISE   611 AM EDT   SUNSET   907 PM EDT
JUNE  2 2016..........SUNRISE   610 AM EDT   SUNSET   908 PM EDT


-  INDICATES NEGATIVE NUMBERS.
R  INDICATES RECORD WAS SET OR TIED.
MM INDICATES DATA IS MISSING.
T  INDICATES TRACE AMOUNT.




$$
