000
CDUS43 KIWX 230032
CLIFWA


CLIMATE REPORT
NATIONAL WEATHER SERVICE NORTHERN INDIANA
831 PM EDT FRI MAY 22 2015


...................................

...THE FORT WAYNE CLIMATE SUMMARY FOR MAY 22 2015...
VALID AS OF 0800 PM LOCAL TIME.

CLIMATE NORMAL PERIOD 1981 TO 2010
CLIMATE RECORD PERIOD 1897 TO 2015


WEATHER ITEM   OBSERVED TIME   RECORD YEAR NORMAL DEPARTURE LAST
                VALUE   (LST)  VALUE       VALUE  FROM      YEAR
                                                  NORMAL
..................................................................
TEMPERATURE (F)
 TODAY
  MAXIMUM         72    418 PM  92    1902  74     -2       73
  MINIMUM         45    131 AM  35    1924  51     -6       54
  AVERAGE         59                        62     -3       64

PRECIPITATION (IN)
  TODAY            0.00          1.45 1917   0.16  -0.16     0.00
  MONTH TO DATE    2.62                      2.81  -0.19     4.28
  SINCE MAR 1      7.97                      9.04  -1.07    10.17
  SINCE JAN 1     11.74                     13.34  -1.60    16.41

SNOWFALL (IN)
  TODAY            0.0           T    1963   0.0    0.0      0.0
  MONTH TO DATE    0.0                       0.0    0.0      0.0
  SINCE MAR 1      8.6                       5.1    3.5     14.3
  SINCE JUL 1     45.1                      33.5   11.6     76.1
  SNOW DEPTH       0

DEGREE DAYS
 HEATING
  TODAY            6                         5      1        1
  MONTH TO DATE  100                       158    -58      175
  SINCE MAR 1   1489                      1442     47     1691
  SINCE JUL 1   6638                      6040    598     6944

 COOLING
  TODAY            0                         2     -2        0
  MONTH TO DATE   55                        25     30       37
  SINCE MAR 1     55                        33     22       38
  SINCE JAN 1     55                        33     22       38
..................................................................


WIND (MPH)
  RESULTANT WIND SPEED   3   RESULTANT WIND DIRECTION  NW (310)
  HIGHEST WIND SPEED    15   HIGHEST WIND DIRECTION     N (340)
  HIGHEST GUST SPEED    19   HIGHEST GUST DIRECTION     N (340)
  AVERAGE WIND SPEED     7.3


SKY COVER
  POSSIBLE SUNSHINE  MM
  AVERAGE SKY COVER 0.2


WEATHER CONDITIONS
 THE FOLLOWING WEATHER WAS RECORDED TODAY.
  NO SIGNIFICANT WEATHER WAS OBSERVED.


RELATIVE HUMIDITY (PERCENT)
 HIGHEST    77          1200 AM
 LOWEST     27           300 PM
 AVERAGE    52

..........................................................


THE FORT WAYNE CLIMATE NORMALS FOR TOMORROW
                         NORMAL    RECORD    YEAR
 MAXIMUM TEMPERATURE (F)   74        91      2007
 MINIMUM TEMPERATURE (F)   52        31      1963


SUNRISE AND SUNSET
MAY 22 2015...........SUNRISE   617 AM EDT   SUNSET   858 PM EDT
MAY 23 2015...........SUNRISE   616 AM EDT   SUNSET   859 PM EDT


-  INDICATES NEGATIVE NUMBERS.
R  INDICATES RECORD WAS SET OR TIED.
MM INDICATES DATA IS MISSING.
T  INDICATES TRACE AMOUNT.




$$
