000
CDUS44 KTSA 301429
CLIFYV

CLIMATE REPORT
NATIONAL WEATHER SERVICE TULSA OK
912 AM CDT THU MAR 30 2017


...................................

...THE FAYETTEVILLE ARKANSAS CLIMATE SUMMARY FOR MARCH 30 2017...
VALID AS OF 0900 AM LOCAL TIME.

CLIMATE NORMAL PERIOD 1981 TO 2010
CLIMATE RECORD PERIOD 1905 TO 2017


WEATHER ITEM   OBSERVED RECORD YEAR NORMAL DEPARTURE LAST
                VALUE   VALUE       VALUE  FROM      YEAR
                                           NORMAL
...........................................................
TEMPERATURE (F)
 TODAY
  MAXIMUM         54     80    1967  65
  MINIMUM         45     17    1964  40
  AVERAGE         50

PRECIPITATION (IN)
  TODAY            0.00   1.47 1998   0.15  -0.15     0.05
  MONTH TO DATE    5.94               3.80   2.14     3.71
  SINCE MAR 1      5.94               3.80   2.14     3.71
  SINCE JAN 1      9.44               9.45  -0.01     4.86

SNOWFALL (IN)
  TODAY            0.0                                0.0
  MONTH TO DATE    0.2                                0.0
  SINCE MAR 1      0.2                                0.0
  SINCE JUL 1      1.0                                 T

DEGREE DAYS
 HEATING
  TODAY           15

 COOLING
  TODAY            0
...........................................................


WIND (MPH)
  RESULTANT WIND SPEED  10   RESULTANT WIND DIRECTION  SW (230)
  HIGHEST WIND SPEED    17   HIGHEST WIND DIRECTION    SW (220)
  HIGHEST GUST SPEED    25   HIGHEST GUST DIRECTION    SW (220)


SKY COVER
  POSSIBLE SUNSHINE  MM
  AVERAGE SKY COVER 0.7


WEATHER CONDITIONS
 THE FOLLOWING WEATHER WAS RECORDED TODAY.
  NO SIGNIFICANT WEATHER WAS OBSERVED.


RELATIVE HUMIDITY (PERCENT)
 HIGHEST    86
 LOWEST     76
 AVERAGE    81

..........................................................


THE FAYETTEVILLE ARKANSAS CLIMATE NORMALS FOR TOMORROW
                         NORMAL    RECORD    YEAR
 MAXIMUM TEMPERATURE (F)   65        89      1974
 MINIMUM TEMPERATURE (F)   40        20      1987


SUNRISE AND SUNSET
MARCH 30 2017.........SUNRISE   705 AM CDT   SUNSET   737 PM CDT
MARCH 31 2017.........SUNRISE   704 AM CDT   SUNSET   738 PM CDT


-  INDICATES NEGATIVE NUMBERS.
R  INDICATES RECORD WAS SET OR TIED.
MM INDICATES DATA IS MISSING.
T  INDICATES TRACE AMOUNT.




$$
