000
CDUS44 KTSA 231623
CLIFYV

CLIMATE REPORT
NATIONAL WEATHER SERVICE TULSA OK
912 AM CST THU FEB 23 2017


...................................

...THE FAYETTEVILLE ARKANSAS CLIMATE SUMMARY FOR FEBRUARY 23 2017...
VALID AS OF 0900 AM LOCAL TIME.

CLIMATE NORMAL PERIOD 1981 TO 2010
CLIMATE RECORD PERIOD 1905 TO 2017


WEATHER ITEM   OBSERVED RECORD YEAR NORMAL DEPARTURE LAST
                VALUE   VALUE       VALUE  FROM      YEAR
                                           NORMAL
...........................................................
TEMPERATURE (F)
 TODAY
  MAXIMUM         60     77    1982  53
  MINIMUM         46      9    1989  30
  AVERAGE         53

PRECIPITATION (IN)
  TODAY            0.00   2.78 1985   0.12  -0.12     0.55
  MONTH TO DATE    1.10               2.26  -1.16     0.57
  SINCE DEC 1      5.32               8.34  -3.02    12.03
  SINCE JAN 1      3.49               5.10  -1.61     1.08

SNOWFALL (IN)
  TODAY            0.0                                 T
  MONTH TO DATE    0.0                                 T
  SINCE DEC 1      0.8                                 T
  SINCE JUL 1      0.8                                 T

DEGREE DAYS
 HEATING
  TODAY           12
...........................................................


WIND (MPH)
  RESULTANT WIND SPEED   2   RESULTANT WIND DIRECTION   S (160)
  HIGHEST WIND SPEED    13   HIGHEST WIND DIRECTION     S (170)
  HIGHEST GUST SPEED    17   HIGHEST GUST DIRECTION     S (170)


SKY COVER
  POSSIBLE SUNSHINE  MM
  AVERAGE SKY COVER 0.0


WEATHER CONDITIONS
 THE FOLLOWING WEATHER WAS RECORDED TODAY.
  FOG


RELATIVE HUMIDITY (PERCENT)
 HIGHEST   100
 LOWEST     73
 AVERAGE    87

..........................................................


THE FAYETTEVILLE ARKANSAS CLIMATE NORMALS FOR TOMORROW
                         NORMAL    RECORD    YEAR
 MAXIMUM TEMPERATURE (F)   54        80      1956
 MINIMUM TEMPERATURE (F)   31         8      1967


SUNRISE AND SUNSET
FEBRUARY 23 2017......SUNRISE   654 AM CST   SUNSET   606 PM CST
FEBRUARY 24 2017......SUNRISE   653 AM CST   SUNSET   607 PM CST


-  INDICATES NEGATIVE NUMBERS.
R  INDICATES RECORD WAS SET OR TIED.
MM INDICATES DATA IS MISSING.
T  INDICATES TRACE AMOUNT.




$$
