000
CDUS44 KTSA 290802
CLIFYV

CLIMATE REPORT
NATIONAL WEATHER SERVICE TULSA OK
300 AM CDT WED JUL 29 2015


...................................

...THE FAYETTEVILLE ARKANSAS CLIMATE SUMMARY FOR JULY 28 2015...

CLIMATE NORMAL PERIOD 1981 TO 2010
CLIMATE RECORD PERIOD 1905 TO 2015


WEATHER ITEM   OBSERVED TIME   RECORD YEAR NORMAL DEPARTURE LAST
                VALUE   (LST)  VALUE       VALUE  FROM      YEAR
                                                  NORMAL
..................................................................
TEMPERATURE (F)
 YESTERDAY
  MAXIMUM         91    428 PM 104    1986  90      1       85
  MINIMUM         73    610 AM  55    2004  67      6       60
  AVERAGE         82                        78      4       73

PRECIPITATION (IN)
  YESTERDAY        0.00                      0.09  -0.09     0.00
  MONTH TO DATE    8.04                      3.19   4.85     0.94
  SINCE JUN 1     14.81                      8.17   6.64     5.04
  SINCE JAN 1     38.27                     28.38   9.89    19.56

DEGREE DAYS
 COOLING
  YESTERDAY       17                        13      4        8
  MONTH TO DATE  388                       351     37      241
  SINCE JUN 1    706                       596    110      503
  SINCE JAN 1    803                       709     94      651
..................................................................


WIND (MPH)
  HIGHEST WIND SPEED    14   HIGHEST WIND DIRECTION     S (190)
  HIGHEST GUST SPEED    18   HIGHEST GUST DIRECTION     S (180)
  AVERAGE WIND SPEED     4.8


SKY COVER
  POSSIBLE SUNSHINE  MM
  AVERAGE SKY COVER 0.0


WEATHER CONDITIONS
 THE FOLLOWING WEATHER WAS RECORDED YESTERDAY.
  FOG


RELATIVE HUMIDITY (PERCENT)
 HIGHEST    97           900 PM
 LOWEST     56           100 PM
 AVERAGE    77

..........................................................


THE FAYETTEVILLE ARKANSAS CLIMATE NORMALS FOR TODAY
                         NORMAL    RECORD    YEAR
 MAXIMUM TEMPERATURE (F)   90       106      1986
 MINIMUM TEMPERATURE (F)   67        55      1969


SUNRISE AND SUNSET
JULY 29 2015..........SUNRISE   622 AM CDT   SUNSET   824 PM CDT
JULY 30 2015..........SUNRISE   622 AM CDT   SUNSET   823 PM CDT


-  INDICATES NEGATIVE NUMBERS.
R  INDICATES RECORD WAS SET OR TIED.
MM INDICATES DATA IS MISSING.
T  INDICATES TRACE AMOUNT.




$$
