000
CDUS44 KTSA 272228
CLIFYV

CLIMATE REPORT
NATIONAL WEATHER SERVICE TULSA OK
418 PM CST FRI FEB 27 2015


...................................

...THE FAYETTEVILLE ARKANSAS CLIMATE SUMMARY FOR FEBRUARY 27 2015...
VALID TODAY AS OF 0400 PM LOCAL TIME.

CLIMATE NORMAL PERIOD 1981 TO 2010
CLIMATE RECORD PERIOD 1905 TO 2015


WEATHER ITEM   OBSERVED TIME   RECORD YEAR NORMAL DEPARTURE LAST
                VALUE   (LST)  VALUE       VALUE  FROM      YEAR
                                                  NORMAL
..................................................................
TEMPERATURE (F)
 TODAY
  MAXIMUM         20    247 PM  75    1976  55    -35       52
  MINIMUM         11    731 AM  10    2002  32    -21       12
  AVERAGE         16                        43    -27       32

PRECIPITATION (IN)
  TODAY            T                         0.11  -0.11     0.00
  MONTH TO DATE    1.59                      2.70  -1.11     0.79
  SINCE DEC 1      5.34                      8.78  -3.44     6.53
  SINCE JAN 1      2.70                      5.54  -2.84     2.43

SNOWFALL (IN)
  TODAY            T                                         0.0
  MONTH TO DATE    2.7                                       5.2
  SINCE DEC 1      2.7                                      14.1
  SINCE JUL 1      2.7                                      14.1

DEGREE DAYS
 HEATING
  TODAY           49                        22     27       33
  MONTH TO DATE  849                       687    162      833
  SINCE DEC 1   2521                      2452     69     2800
  SINCE JUL 1   3446                      3281    165     3689
..................................................................


WIND (MPH)
  HIGHEST WIND SPEED    15   HIGHEST WIND DIRECTION     E (70)
  HIGHEST GUST SPEED    19   HIGHEST GUST DIRECTION     E (70)
  AVERAGE WIND SPEED     6.5


SKY COVER
  POSSIBLE SUNSHINE  MM
  AVERAGE SKY COVER 0.4


WEATHER CONDITIONS
 THE FOLLOWING WEATHER WAS RECORDED TODAY.
  LIGHT SNOW
  FOG


RELATIVE HUMIDITY (PERCENT)
 HIGHEST    84           400 PM
 LOWEST     45           200 PM
 AVERAGE    65

..........................................................


THE FAYETTEVILLE ARKANSAS CLIMATE NORMALS FOR TOMORROW
                         NORMAL    RECORD    YEAR
 MAXIMUM TEMPERATURE (F)   55        76      1980
                                             1955
 MINIMUM TEMPERATURE (F)   32         8      1962


SUNRISE AND SUNSET
FEBRUARY 27 2015......SUNRISE   650 AM CST   SUNSET   610 PM CST
FEBRUARY 28 2015......SUNRISE   648 AM CST   SUNSET   610 PM CST


-  INDICATES NEGATIVE NUMBERS.
R  INDICATES RECORD WAS SET OR TIED.
MM INDICATES DATA IS MISSING.
T  INDICATES TRACE AMOUNT.




$$
