000
CDUS44 KTSA 122120
CLIFYV

CLIMATE REPORT
NATIONAL WEATHER SERVICE TULSA OK
420 PM CDT SAT JUL 12 2014


...................................

...THE FAYETTEVILLE ARKANSAS CLIMATE SUMMARY FOR JULY 12 2014...
VALID TODAY AS OF 0400 PM LOCAL TIME.

CLIMATE NORMAL PERIOD 1981 TO 2010
CLIMATE RECORD PERIOD 1905 TO 2014


WEATHER ITEM   OBSERVED TIME   RECORD YEAR NORMAL DEPARTURE LAST
                VALUE   (LST)  VALUE       VALUE  FROM      YEAR
                                                  NORMAL
..................................................................
TEMPERATURE (F)
 TODAY
  MAXIMUM         90    250 PM 107    1954  88      2       94
  MINIMUM         66    359 AM  53    1975  67     -1       65
  AVERAGE         78                        78      0       80

PRECIPITATION (IN)
  TODAY            0.00                      0.12  -0.12     0.00
  MONTH TO DATE    0.59                      1.54  -0.95     0.05
  SINCE JUN 1      4.69                      6.52  -1.83     1.42
  SINCE JAN 1     19.21                     26.73  -7.52    25.52

DEGREE DAYS
 COOLING
  TODAY           13                        13      0       15
  MONTH TO DATE  114                       143    -29      123
  SINCE JUN 1    376                       388    -12      413
  SINCE JAN 1    524                       501     23      549
..................................................................


WIND (MPH)
  HIGHEST WIND SPEED    17   HIGHEST WIND DIRECTION    SW (220)
  HIGHEST GUST SPEED    28   HIGHEST GUST DIRECTION     S (170)
  AVERAGE WIND SPEED     5.8


SKY COVER
  POSSIBLE SUNSHINE  MM
  AVERAGE SKY COVER 0.1


WEATHER CONDITIONS
 THE FOLLOWING WEATHER WAS RECORDED TODAY.
  NO SIGNIFICANT WEATHER WAS OBSERVED.


RELATIVE HUMIDITY (PERCENT)
 HIGHEST   100          1200 AM
 LOWEST     52           300 PM
 AVERAGE    76

..........................................................


THE FAYETTEVILLE ARKANSAS CLIMATE NORMALS FOR TOMORROW
                         NORMAL    RECORD    YEAR
 MAXIMUM TEMPERATURE (F)   88       110      1954
 MINIMUM TEMPERATURE (F)   67        49      1975


SUNRISE AND SUNSET
JULY 12 2014..........SUNRISE   610 AM CDT   SUNSET   835 PM CDT
JULY 13 2014..........SUNRISE   610 AM CDT   SUNSET   834 PM CDT


-  INDICATES NEGATIVE NUMBERS.
R  INDICATES RECORD WAS SET OR TIED.
MM INDICATES DATA IS MISSING.
T  INDICATES TRACE AMOUNT.




$$
