000
CDUS43 KUNR 030836
CLIGCC


CLIMATE REPORT
NATIONAL WEATHER SERVICE RAPID CITY SD
236 AM MDT WED JUN 3 2015


...................................

...THE GILLETTE AIRPORT WY CLIMATE SUMMARY FOR JUNE 2 2015...

CLIMATE NORMAL PERIOD 1981 TO 2010
CLIMATE RECORD PERIOD 9999 TO 9999


WEATHER ITEM   OBSERVED TIME   NORMAL DEPARTURE LAST
                VALUE   (LST)  VALUE  FROM      YEAR
                                      NORMAL
......................................................
TEMPERATURE (F)
 YESTERDAY
  MAXIMUM         78    324 PM  71      7       74
  MINIMUM         49   1049 PM  44      5       42
  AVERAGE         64            58      6       58

PRECIPITATION (IN)
  YESTERDAY        0.14          0.10   0.04     0.00
  MONTH TO DATE    0.14          0.20  -0.06     0.02
  SINCE JUN 1      0.14          0.20  -0.06     0.02
  SINCE JAN 1      7.26          5.86   1.40     9.62

DEGREE DAYS
 HEATING
  YESTERDAY        1             8     -7        7
  MONTH TO DATE    1            16    -15       19
  SINCE JUN 1      1            16    -15       19
  SINCE JUL 1   6877          7418   -541     7651

 COOLING
  YESTERDAY        0             1     -1        0
  MONTH TO DATE    3             2      1        0
  SINCE JUN 1      3             2      1        0
  SINCE JAN 1      3            10     -7        8
......................................................


WIND (MPH)
  HIGHEST WIND SPEED    48   HIGHEST WIND DIRECTION     N (350)
  HIGHEST GUST SPEED    64   HIGHEST GUST DIRECTION     N (350)
  AVERAGE WIND SPEED     6.7


SKY COVER
  AVERAGE SKY COVER 0.1


WEATHER CONDITIONS
 THE FOLLOWING WEATHER WAS RECORDED YESTERDAY.
  THUNDERSTORM
  HEAVY RAIN
  LIGHT RAIN
  FOG
  HAZE


RELATIVE HUMIDITY (PERCENT)
 HIGHEST    96           400 AM
 LOWEST     36           300 PM
 AVERAGE    66

..........................................................




SUNRISE AND SUNSET
JUNE  3 2015..........SUNRISE   520 AM MDT   SUNSET   841 PM MDT
JUNE  4 2015..........SUNRISE   520 AM MDT   SUNSET   842 PM MDT


-  INDICATES NEGATIVE NUMBERS.
R  INDICATES RECORD WAS SET OR TIED.
MM INDICATES DATA IS MISSING.
T  INDICATES TRACE AMOUNT.




$$
