000
CDUS43 KUNR 300831
CLIGCC


CLIMATE REPORT
NATIONAL WEATHER SERVICE RAPID CITY SD
231 AM MDT TUE SEP 30 2014


...................................

...THE GILLETTE AIRPORT WY CLIMATE SUMMARY FOR SEPTEMBER 29 2014...

CLIMATE NORMAL PERIOD 1981 TO 2010
CLIMATE RECORD PERIOD 9999 TO 9999


WEATHER ITEM   OBSERVED TIME   NORMAL DEPARTURE LAST
                VALUE   (LST)  VALUE  FROM      YEAR
                                      NORMAL
......................................................
TEMPERATURE (F)
 YESTERDAY
  MAXIMUM         66    147 PM  66      0       68
  MINIMUM         48    205 AM  38     10       49
  AVERAGE         57            52      5       59

PRECIPITATION (IN)
  YESTERDAY        0.09          0.04   0.05     0.00
  MONTH TO DATE    0.80          1.14  -0.34     2.38
  SINCE SEP 1      0.80          1.14  -0.34     2.38
  SINCE JAN 1     16.06         11.62   4.44    15.81

DEGREE DAYS
 HEATING
  YESTERDAY        8            13     -5        6
  MONTH TO DATE  215           224     -9      134
  SINCE SEP 1    215           224     -9      134
  SINCE JUL 1    264           281    -17      134

 COOLING
  YESTERDAY        0             0      0        0
  MONTH TO DATE   57            40     17       93
  SINCE SEP 1     57            40     17       93
  SINCE JAN 1    412           500    -88      615
......................................................


WIND (MPH)
  HIGHEST WIND SPEED    22   HIGHEST WIND DIRECTION     S (170)
  HIGHEST GUST SPEED    28   HIGHEST GUST DIRECTION    SE (150)
  AVERAGE WIND SPEED    10.4


SKY COVER
  AVERAGE SKY COVER 0.5


WEATHER CONDITIONS
 THE FOLLOWING WEATHER WAS RECORDED YESTERDAY.
  RAIN
  LIGHT RAIN
  FOG


RELATIVE HUMIDITY (PERCENT)
 HIGHEST   100           400 AM
 LOWEST     56           200 PM
 AVERAGE    78

..........................................................




SUNRISE AND SUNSET
SEPTEMBER 30 2014.....SUNRISE   659 AM MDT   SUNSET   645 PM MDT
OCTOBER  1 2014.......SUNRISE   700 AM MDT   SUNSET   643 PM MDT


-  INDICATES NEGATIVE NUMBERS.
R  INDICATES RECORD WAS SET OR TIED.
MM INDICATES DATA IS MISSING.
T  INDICATES TRACE AMOUNT.




$$
