000
CDUS43 KUNR 010835
CLIGCC


CLIMATE REPORT
NATIONAL WEATHER SERVICE RAPID CITY SD
235 AM MDT SUN MAY 1 2016


...................................

...THE GILLETTE AIRPORT WY CLIMATE SUMMARY FOR APRIL 30 2016...

CLIMATE NORMAL PERIOD 1981 TO 2010
CLIMATE RECORD PERIOD 9999 TO 9999


WEATHER ITEM   OBSERVED TIME   NORMAL DEPARTURE LAST
                VALUE   (LST)  VALUE  FROM      YEAR
                                      NORMAL
......................................................
TEMPERATURE (F)
 YESTERDAY
  MAXIMUM         49    514 PM  61    -12       59
  MINIMUM         29   1159 PM  35     -6       35
  AVERAGE         39            48     -9       47

PRECIPITATION (IN)
  YESTERDAY        0.02          0.08  -0.06     0.00
  MONTH TO DATE    2.55          1.47   1.08     1.20
  SINCE MAR 1      3.66          2.43   1.23     1.65
  SINCE JAN 1      5.17          3.21   1.96     2.50

DEGREE DAYS
 HEATING
  YESTERDAY       26            17      9       18
  MONTH TO DATE  607           668    -61      612
  SINCE MAR 1   1395          1608   -213     1309
  SINCE JUL 1   6126          7016   -890     6399

 COOLING
  YESTERDAY        0             0      0        0
  MONTH TO DATE    0             0      0        0
  SINCE MAR 1      0             0      0        0
  SINCE JAN 1      0             0      0        0
......................................................


WIND (MPH)
  HIGHEST WIND SPEED    23   HIGHEST WIND DIRECTION    NE (60)
  HIGHEST GUST SPEED    29   HIGHEST GUST DIRECTION    NE (60)
  AVERAGE WIND SPEED    11.3


SKY COVER
  AVERAGE SKY COVER 0.9


WEATHER CONDITIONS
 THE FOLLOWING WEATHER WAS RECORDED YESTERDAY.
  LIGHT RAIN


RELATIVE HUMIDITY (PERCENT)
 HIGHEST   100          1200 AM
 LOWEST     53           500 PM
 AVERAGE    77

..........................................................




SUNRISE AND SUNSET
MAY  1 2016...........SUNRISE   552 AM MDT   SUNSET   807 PM MDT
MAY  2 2016...........SUNRISE   551 AM MDT   SUNSET   808 PM MDT


-  INDICATES NEGATIVE NUMBERS.
R  INDICATES RECORD WAS SET OR TIED.
MM INDICATES DATA IS MISSING.
T  INDICATES TRACE AMOUNT.




$$
