000
CDUS43 KUNR 270833
CLIGCC


CLIMATE REPORT
NATIONAL WEATHER SERVICE RAPID CITY SD
133 AM MST FRI FEB 27 2015


...................................

...THE GILLETTE AIRPORT WY CLIMATE SUMMARY FOR FEBRUARY 26 2015...

CLIMATE NORMAL PERIOD 1981 TO 2010
CLIMATE RECORD PERIOD 9999 TO 9999


WEATHER ITEM   OBSERVED TIME   NORMAL DEPARTURE LAST
                VALUE   (LST)  VALUE  FROM      YEAR
                                      NORMAL
......................................................
TEMPERATURE (F)
 YESTERDAY
  MAXIMUM         10    439 PM  41    -31       30
  MINIMUM         -9    843 PM  19    -28       -1
  AVERAGE          1            30    -29       15

PRECIPITATION (IN)
  YESTERDAY        T             0.01  -0.01     0.00
  MONTH TO DATE    0.57          0.36   0.21     0.83
  SINCE DEC 1      1.25          1.15   0.10     1.89
  SINCE JAN 1      0.85          0.75   0.10     1.22

DEGREE DAYS
 HEATING
  YESTERDAY       64            35     29       50
  MONTH TO DATE  906           984    -78     1253
  SINCE DEC 1   3201          3464   -263     3844
  SINCE JUL 1   4984          5339   -355     5556

 COOLING
  YESTERDAY        0             0      0        0
  MONTH TO DATE    0             0      0        0
  SINCE DEC 1      0             0      0        0
  SINCE JAN 1      0             0      0        0
......................................................


WIND (MPH)
  HIGHEST WIND SPEED    18   HIGHEST WIND DIRECTION     S (160)
  HIGHEST GUST SPEED    21   HIGHEST GUST DIRECTION     S (160)
  AVERAGE WIND SPEED     5.6


SKY COVER
  AVERAGE SKY COVER 0.6


WEATHER CONDITIONS
 THE FOLLOWING WEATHER WAS RECORDED YESTERDAY.
  LIGHT SNOW
  FOG
  HAZE


RELATIVE HUMIDITY (PERCENT)
 HIGHEST    86           300 AM
 LOWEST     55           400 PM
 AVERAGE    71

..........................................................




SUNRISE AND SUNSET
FEBRUARY 27 2015......SUNRISE   643 AM MST   SUNSET   547 PM MST
FEBRUARY 28 2015......SUNRISE   641 AM MST   SUNSET   549 PM MST


-  INDICATES NEGATIVE NUMBERS.
R  INDICATES RECORD WAS SET OR TIED.
MM INDICATES DATA IS MISSING.
T  INDICATES TRACE AMOUNT.




$$
