000
CDUS43 KUNR 240843
CLIGCC


CLIMATE REPORT
NATIONAL WEATHER SERVICE RAPID CITY SD
242 AM MDT SUN SEP 24 2017


...................................

...THE GILLETTE AIRPORT WY CLIMATE SUMMARY FOR SEPTEMBER 23 2017...

CLIMATE NORMAL PERIOD 1981 TO 2010
CLIMATE RECORD PERIOD 9999 TO 9999


WEATHER ITEM   OBSERVED TIME   NORMAL DEPARTURE LAST
                VALUE   (LST)  VALUE  FROM      YEAR
                                      NORMAL
......................................................
TEMPERATURE (F)
 YESTERDAY
  MAXIMUM         43   1203 PM  69    -26       71
  MINIMUM         38    110 AM  41     -3       49
  AVERAGE         41            55    -14       60

PRECIPITATION (IN)
  YESTERDAY        0.25          0.05   0.20     0.56
  MONTH TO DATE    1.45          0.87   0.58     1.47
  SINCE SEP 1      1.45          0.87   0.58     1.47
  SINCE JAN 1     11.60         11.35   0.25    10.63

DEGREE DAYS
 HEATING
  YESTERDAY       24            11     13        5
  MONTH TO DATE  184           151     33      134
  SINCE SEP 1    184           151     33      134
  SINCE JUL 1    219           208     11      188

 COOLING
  YESTERDAY        0             0      0        0
  MONTH TO DATE   65            40     25       25
  SINCE SEP 1     65            40     25       25
  SINCE JAN 1    617           500    117      569
......................................................


WIND (MPH)
  HIGHEST WIND SPEED    16   HIGHEST WIND DIRECTION     N (340)
  HIGHEST GUST SPEED    19   HIGHEST GUST DIRECTION     N (340)
  AVERAGE WIND SPEED     8.8


SKY COVER
  AVERAGE SKY COVER 1.0


WEATHER CONDITIONS
 THE FOLLOWING WEATHER WAS RECORDED YESTERDAY.
  LIGHT RAIN
  FOG
  HAZE


RELATIVE HUMIDITY (PERCENT)
 HIGHEST   100           600 PM
 LOWEST     79          1200 AM
 AVERAGE    90

..........................................................




SUNRISE AND SUNSET
SEPTEMBER 24 2017.....SUNRISE   652 AM MDT   SUNSET   655 PM MDT
SEPTEMBER 25 2017.....SUNRISE   653 AM MDT   SUNSET   653 PM MDT


-  INDICATES NEGATIVE NUMBERS.
R  INDICATES RECORD WAS SET OR TIED.
MM INDICATES DATA IS MISSING.
T  INDICATES TRACE AMOUNT.




$$
