000
CDUS43 KUNR 260838
CLIGCC


CLIMATE REPORT
NATIONAL WEATHER SERVICE RAPID CITY SD
138 AM MST MON JAN 26 2015


...................................

...THE GILLETTE AIRPORT WY CLIMATE SUMMARY FOR JANUARY 25 2015...

CLIMATE NORMAL PERIOD 1981 TO 2010
CLIMATE RECORD PERIOD 9999 TO 9999


WEATHER ITEM   OBSERVED TIME   NORMAL DEPARTURE LAST
                VALUE   (LST)  VALUE  FROM      YEAR
                                      NORMAL
......................................................
TEMPERATURE (F)
 YESTERDAY
  MAXIMUM         53    307 PM  37     16       55
  MINIMUM         28    108 AM  15     13       31
  AVERAGE         41            26     15       43

PRECIPITATION (IN)
  YESTERDAY        T             0.02  -0.02     0.00
  MONTH TO DATE    0.27          0.29  -0.02     0.28
  SINCE DEC 1      0.67          0.69  -0.02     0.95
  SINCE JAN 1      0.27          0.29  -0.02     0.28

DEGREE DAYS
 HEATING
  YESTERDAY       24            39    -15       22
  MONTH TO DATE  997           980     17      907
  SINCE DEC 1   2140          2246   -106     2307
  SINCE JUL 1   3923          4121   -198     4019

 COOLING
  YESTERDAY        0             0      0        0
  MONTH TO DATE    0             0      0        0
  SINCE DEC 1      0             0      0        0
  SINCE JAN 1      0             0      0        0
......................................................


WIND (MPH)
  HIGHEST WIND SPEED    15   HIGHEST WIND DIRECTION     W (290)
  HIGHEST GUST SPEED    20   HIGHEST GUST DIRECTION     W (270)
  AVERAGE WIND SPEED    10.1


SKY COVER
  AVERAGE SKY COVER 0.3


WEATHER CONDITIONS
 THE FOLLOWING WEATHER WAS RECORDED YESTERDAY.
  LIGHT RAIN
  LIGHT SNOW


RELATIVE HUMIDITY (PERCENT)
 HIGHEST    89           600 AM
 LOWEST     46           300 PM
 AVERAGE    68

..........................................................




SUNRISE AND SUNSET
JANUARY 26 2015.......SUNRISE   727 AM MST   SUNSET   503 PM MST
JANUARY 27 2015.......SUNRISE   726 AM MST   SUNSET   504 PM MST


-  INDICATES NEGATIVE NUMBERS.
R  INDICATES RECORD WAS SET OR TIED.
MM INDICATES DATA IS MISSING.
T  INDICATES TRACE AMOUNT.




$$
