000
CDUS43 KUNR 300832
CLIGCC


CLIMATE REPORT
NATIONAL WEATHER SERVICE RAPID CITY SD
231 AM MDT TUE MAY 30 2017


...................................

...THE GILLETTE AIRPORT WY CLIMATE SUMMARY FOR MAY 29 2017...

CLIMATE NORMAL PERIOD 1981 TO 2010
CLIMATE RECORD PERIOD 9999 TO 9999


WEATHER ITEM   OBSERVED TIME   NORMAL DEPARTURE LAST
                VALUE   (LST)  VALUE  FROM      YEAR
                                      NORMAL
......................................................
TEMPERATURE (F)
 YESTERDAY
  MAXIMUM         68    312 PM  70     -2       75
  MINIMUM         36   1153 PM  43     -7       47
  AVERAGE         52            56     -4       61

PRECIPITATION (IN)
  YESTERDAY        0.00          0.09  -0.09     0.15
  MONTH TO DATE    1.25          2.27  -1.02     0.60
  SINCE MAR 1      6.35          4.70   1.65     4.26
  SINCE JAN 1      7.19          5.48   1.71     5.77

DEGREE DAYS
 HEATING
  YESTERDAY       13             9      4        4
  MONTH TO DATE  363           368     -5      386
  SINCE MAR 1   1716          1976   -260     1781
  SINCE JUL 1   6473          7384   -911     6512

 COOLING
  YESTERDAY        0             0      0        0
  MONTH TO DATE    4             0      4        0
  SINCE MAR 1      4             0      4        0
  SINCE JAN 1      4             0      4        0
......................................................


WIND (MPH)
  HIGHEST WIND SPEED    24   HIGHEST WIND DIRECTION     N (350)
  HIGHEST GUST SPEED    32   HIGHEST GUST DIRECTION     N (350)
  AVERAGE WIND SPEED    12.0


SKY COVER
  AVERAGE SKY COVER 0.1


WEATHER CONDITIONS
 THE FOLLOWING WEATHER WAS RECORDED YESTERDAY.
  NO SIGNIFICANT WEATHER WAS OBSERVED.


RELATIVE HUMIDITY (PERCENT)
 HIGHEST    89           400 AM
 LOWEST     22           400 PM
 AVERAGE    56

..........................................................




SUNRISE AND SUNSET
MAY 30 2017...........SUNRISE   522 AM MDT   SUNSET   838 PM MDT
MAY 31 2017...........SUNRISE   521 AM MDT   SUNSET   839 PM MDT


-  INDICATES NEGATIVE NUMBERS.
R  INDICATES RECORD WAS SET OR TIED.
MM INDICATES DATA IS MISSING.
T  INDICATES TRACE AMOUNT.




$$
