000
CDUS43 KUNR 170847
CLIGCC


CLIMATE REPORT
NATIONAL WEATHER SERVICE RAPID CITY SD
244 AM MDT WED SEP 17 2014


...................................

...THE GILLETTE AIRPORT WY CLIMATE SUMMARY FOR SEPTEMBER 16 2014...

CLIMATE NORMAL PERIOD 1981 TO 2010
CLIMATE RECORD PERIOD 9999 TO 9999


WEATHER ITEM   OBSERVED TIME   NORMAL DEPARTURE LAST
                VALUE   (LST)  VALUE  FROM      YEAR
                                      NORMAL
......................................................
TEMPERATURE (F)
 YESTERDAY
  MAXIMUM         85    246 PM  73     12       82
  MINIMUM         43    503 AM  43      0       51
  AVERAGE         64            58      6       67

PRECIPITATION (IN)
  YESTERDAY        0.00          0.03  -0.03     0.00
  MONTH TO DATE    0.62          0.56   0.06     0.87
  SINCE SEP 1      0.62          0.56   0.06     0.87
  SINCE JAN 1     15.88         11.04   4.84    14.30

DEGREE DAYS
 HEATING
  YESTERDAY        1             8     -7        0
  MONTH TO DATE  176            86     90        8
  SINCE SEP 1    176            86     90        8
  SINCE JUL 1    225           143     82        8

 COOLING
  YESTERDAY        0             1     -1        2
  MONTH TO DATE   12            34    -22       83
  SINCE SEP 1     12            34    -22       83
  SINCE JAN 1    367           494   -127      605
......................................................


WIND (MPH)
  HIGHEST WIND SPEED    15   HIGHEST WIND DIRECTION     N (360)
  HIGHEST GUST SPEED    21   HIGHEST GUST DIRECTION    NW (320)
  AVERAGE WIND SPEED     5.0


SKY COVER
  AVERAGE SKY COVER 0.0


WEATHER CONDITIONS
 THE FOLLOWING WEATHER WAS RECORDED YESTERDAY.
  NO SIGNIFICANT WEATHER WAS OBSERVED.


RELATIVE HUMIDITY (PERCENT)
 HIGHEST    83           500 AM
 LOWEST     17           200 PM
 AVERAGE    50

..........................................................




SUNRISE AND SUNSET
SEPTEMBER 17 2014.....SUNRISE   643 AM MDT   SUNSET   709 PM MDT
SEPTEMBER 18 2014.....SUNRISE   645 AM MDT   SUNSET   707 PM MDT


-  INDICATES NEGATIVE NUMBERS.
R  INDICATES RECORD WAS SET OR TIED.
MM INDICATES DATA IS MISSING.
T  INDICATES TRACE AMOUNT.




$$
