000
CDUS43 KUNR 260832
CLIGCC


CLIMATE REPORT
NATIONAL WEATHER SERVICE RAPID CITY SD
232 AM MDT WED JUL 26 2017


...................................

...THE GILLETTE AIRPORT WY CLIMATE SUMMARY FOR JULY 25 2017...

CLIMATE NORMAL PERIOD 1981 TO 2010
CLIMATE RECORD PERIOD 9999 TO 9999


WEATHER ITEM   OBSERVED TIME   NORMAL DEPARTURE LAST
                VALUE   (LST)  VALUE  FROM      YEAR
                                      NORMAL
......................................................
TEMPERATURE (F)
 YESTERDAY
  MAXIMUM         81    927 AM  88     -7       96
  MINIMUM         58    514 AM  57      1       62
  AVERAGE         70            73     -3       79

PRECIPITATION (IN)
  YESTERDAY        0.06          0.05   0.01     0.00
  MONTH TO DATE    0.57          1.36  -0.79     0.19
  SINCE JUN 1      2.47          3.57  -1.10     0.63
  SINCE JAN 1      9.66          9.23   0.43     6.47

DEGREE DAYS
 HEATING
  YESTERDAY        0             0      0        0
  MONTH TO DATE    0            14    -14        7
  SINCE JUN 1     90           156    -66       41
  SINCE JUL 1      0            14    -14        7

 COOLING
  YESTERDAY        5             8     -3       14
  MONTH TO DATE  295           168    127      178
  SINCE JUN 1    348           228    120      342
  SINCE JAN 1    352           236    116      342
......................................................


WIND (MPH)
  HIGHEST WIND SPEED    20   HIGHEST WIND DIRECTION     N (20)
  HIGHEST GUST SPEED    23   HIGHEST GUST DIRECTION     N (10)
  AVERAGE WIND SPEED     7.6


SKY COVER
  AVERAGE SKY COVER 0.4


WEATHER CONDITIONS
 THE FOLLOWING WEATHER WAS RECORDED YESTERDAY.
  LIGHT RAIN
  FOG


RELATIVE HUMIDITY (PERCENT)
 HIGHEST    87           500 PM
 LOWEST     33          1000 AM
 AVERAGE    60

..........................................................




SUNRISE AND SUNSET
JULY 26 2017..........SUNRISE   543 AM MDT   SUNSET   833 PM MDT
JULY 27 2017..........SUNRISE   544 AM MDT   SUNSET   832 PM MDT


-  INDICATES NEGATIVE NUMBERS.
R  INDICATES RECORD WAS SET OR TIED.
MM INDICATES DATA IS MISSING.
T  INDICATES TRACE AMOUNT.




$$
