000
CDUS43 KDDC 210707
CLIGCK


CLIMATE REPORT
NATIONAL WEATHER SERVICE DODGE CITY KS
206 AM CDT MON AUG 21 2017


...................................

...THE GARDEN CITY REGIONAL ARPT KS CLIMATE SUMMARY FOR AUGUST 20 2017...

CLIMATE NORMAL PERIOD 1981 TO 2010
CLIMATE RECORD PERIOD 1948 TO 2017


WEATHER ITEM   OBSERVED TIME   RECORD YEAR NORMAL DEPARTURE LAST
                VALUE   (LST)  VALUE       VALUE  FROM      YEAR
                                                  NORMAL
..................................................................
TEMPERATURE (F)
 YESTERDAY
  MAXIMUM         94    235 PM 104    2007  89      5       78
                                      1987
  MINIMUM         67    642 AM  46    1950  64      3       57
  AVERAGE         81                        76      5       68

PRECIPITATION (IN)
  YESTERDAY        0.00          1.13 1960   0.07  -0.07     0.00
  MONTH TO DATE    2.44                      1.74   0.70     1.50
  SINCE JUN 1      6.46                      8.00  -1.54    14.15
  SINCE JAN 1     14.77                     14.94  -0.17    19.61

DEGREE DAYS
 HEATING
  YESTERDAY        0                         0      0
  MONTH TO DATE    0                         0      0
  SINCE JUN 1      0                        17    -17
  SINCE JUL 1      0                         1     -1

 COOLING
  YESTERDAY       16                        12      4
  MONTH TO DATE  178                       251    -73
  SINCE JUN 1    972                       913     59
  SINCE JAN 1   1062                      1002     60
..................................................................


WIND (MPH)
  HIGHEST WIND SPEED    21   HIGHEST WIND DIRECTION     S (180)
  HIGHEST GUST SPEED    27   HIGHEST GUST DIRECTION     S (170)
  AVERAGE WIND SPEED    11.5



WEATHER CONDITIONS
 THE FOLLOWING WEATHER WAS RECORDED YESTERDAY.
  NO SIGNIFICANT WEATHER WAS OBSERVED.


RELATIVE HUMIDITY (PERCENT)
 HIGHEST    93           500 AM
 LOWEST     36           400 PM
 AVERAGE    65

..........................................................


THE GARDEN CITY REGIONAL ARPT KS CLIMATE NORMALS FOR TODAY
                         NORMAL    RECORD    YEAR
 MAXIMUM TEMPERATURE (F)   89       106      1983
 MINIMUM TEMPERATURE (F)   63        53      2016
                                             1950


SUNRISE AND SUNSET
AUGUST 21 2017........SUNRISE   704 AM CDT   SUNSET   828 PM CDT
AUGUST 22 2017........SUNRISE   704 AM CDT   SUNSET   826 PM CDT


-  INDICATES NEGATIVE NUMBERS.
R  INDICATES RECORD WAS SET OR TIED.
MM INDICATES DATA IS MISSING.
T  INDICATES TRACE AMOUNT.




$$
