000
CDUS43 KDDC 011013
CLIGCK


CLIMATE REPORT
NATIONAL WEATHER SERVICE DODGE CITY KS
412 AM CST SUN FEB 1 2015


...................................

...THE GARDEN CITY REGIONAL ARPT KS CLIMATE SUMMARY FOR JANUARY 31 2015...

CLIMATE NORMAL PERIOD 1981 TO 2010
CLIMATE RECORD PERIOD 1948 TO 2015


WEATHER ITEM   OBSERVED TIME   RECORD YEAR NORMAL DEPARTURE LAST
                VALUE   (LST)  VALUE       VALUE  FROM      YEAR
                                                  NORMAL
..................................................................
TEMPERATURE (F)
 YESTERDAY
  MAXIMUM         40    809 PM  79    1989  45     -5       26
  MINIMUM         32   1114 PM -16    1979  19     13       19
  AVERAGE         36                        32      4       23

PRECIPITATION (IN)
  YESTERDAY        0.13          0.29 1983   0.01   0.12     0.01
  MONTH TO DATE    0.38                      0.34   0.04     0.03
  SINCE DEC 1      0.43                      0.86  -0.43     0.04
  SINCE JAN 1      0.38                      0.34   0.04     0.03

DEGREE DAYS
 HEATING
  YESTERDAY       29                        33     -4
  MONTH TO DATE  991                      1051    -60
  SINCE DEC 1   1973                      2091   -118
  SINCE JUL 1   3012                      3180   -168

 COOLING
  YESTERDAY        0                         0      0
  MONTH TO DATE    0                         0      0
  SINCE DEC 1      0                         0      0
  SINCE JAN 1      0                         0      0
..................................................................


WIND (MPH)
  HIGHEST WIND SPEED    26   HIGHEST WIND DIRECTION     S (180)
  HIGHEST GUST SPEED    32   HIGHEST GUST DIRECTION     S (190)
  AVERAGE WIND SPEED    15.1



WEATHER CONDITIONS
 THE FOLLOWING WEATHER WAS RECORDED YESTERDAY.
  RAIN
  LIGHT RAIN
  LIGHT SNOW
  FOG


RELATIVE HUMIDITY (PERCENT)
 HIGHEST   100           800 AM
 LOWEST     89           200 AM
 AVERAGE    95

..........................................................


THE GARDEN CITY REGIONAL ARPT KS CLIMATE NORMALS FOR TODAY
                         NORMAL    RECORD    YEAR
 MAXIMUM TEMPERATURE (F)   45        84      1963
 MINIMUM TEMPERATURE (F)   19       -14      1951


SUNRISE AND SUNSET
FEBRUARY  1 2015......SUNRISE   747 AM CST   SUNSET   606 PM CST
FEBRUARY  2 2015......SUNRISE   746 AM CST   SUNSET   607 PM CST


-  INDICATES NEGATIVE NUMBERS.
R  INDICATES RECORD WAS SET OR TIED.
MM INDICATES DATA IS MISSING.
T  INDICATES TRACE AMOUNT.




$$
