000
CDUS43 KDDC 161505
CLIGCK


CLIMATE REPORT
NATIONAL WEATHER SERVICE DODGE CITY KS
1005 AM CDT MON OCT 16 2017


...................................

...THE GARDEN CITY REGIONAL ARPT KS CLIMATE SUMMARY FOR OCTOBER 16 2017...
VALID AS OF 0800 AM LOCAL TIME.

CLIMATE NORMAL PERIOD 1981 TO 2010
CLIMATE RECORD PERIOD 1948 TO 2017


WEATHER ITEM   OBSERVED TIME   RECORD YEAR NORMAL DEPARTURE LAST
                VALUE   (LST)  VALUE       VALUE  FROM      YEAR
                                                  NORMAL
..................................................................
TEMPERATURE (F)
 TODAY
  MAXIMUM         42    207 AM  98    2016  70    -28       98
  MINIMUM         33    604 AM  25    1992  41     -8       38
  AVERAGE         38                        55    -17       68

PRECIPITATION (IN)
  TODAY            0.00          1.24 1968   0.04  -0.04     0.00
  MONTH TO DATE    0.97                      0.75   0.22      T
  SINCE SEP 1      5.68                      2.22   3.46     0.19
  SINCE JAN 1     20.50                     17.87   2.63    20.02

..................................................................


WIND (MPH)
  HIGHEST WIND SPEED     9   HIGHEST WIND DIRECTION     S (170)
  HIGHEST GUST SPEED    13   HIGHEST GUST DIRECTION    SW (220)



WEATHER CONDITIONS
 THE FOLLOWING WEATHER WAS RECORDED TODAY.
  NO SIGNIFICANT WEATHER WAS OBSERVED.


RELATIVE HUMIDITY (PERCENT)
 HIGHEST    82           500 AM
 LOWEST     57          1200 AM

..........................................................


THE GARDEN CITY REGIONAL ARPT KS CLIMATE NORMALS FOR TOMORROW
                         NORMAL    RECORD    YEAR
 MAXIMUM TEMPERATURE (F)   69       100      2016
 MINIMUM TEMPERATURE (F)   41        26      1980


SUNRISE AND SUNSET
OCTOBER 16 2017.......SUNRISE   753 AM CDT   SUNSET   703 PM CDT
OCTOBER 17 2017.......SUNRISE   754 AM CDT   SUNSET   702 PM CDT


-  INDICATES NEGATIVE NUMBERS.
R  INDICATES RECORD WAS SET OR TIED.
MM INDICATES DATA IS MISSING.
T  INDICATES TRACE AMOUNT.




$$
