000
CDUS41 KPHI 012139
CLIGED


CLIMATE REPORT
NATIONAL WEATHER SERVICE MOUNT HOLLY NJ
538 PM EDT SUN MAY 1 2016


...................................

...THE GEORGETOWN DE CLIMATE SUMMARY FOR MAY 1 2016...
VALID TODAY AS OF 0500 PM LOCAL TIME.

CLIMATE NORMAL PERIOD 1981 TO 2010
CLIMATE RECORD PERIOD 1948 TO 2016


WEATHER ITEM   OBSERVED TIME   RECORD YEAR NORMAL DEPARTURE LAST
                VALUE   (LST)  VALUE       VALUE  FROM      YEAR
                                                  NORMAL
..................................................................
TEMPERATURE (F)
 TODAY
  MAXIMUM         53    359 PM  89    2010  69    -16       54
  MINIMUM         49    430 AM  34    1987  48      1       43
  AVERAGE         51                        58     -7       49

PRECIPITATION (IN)
  TODAY            0.44          0.99 1963   0.08   0.36     0.24
  MONTH TO DATE    0.44                      0.08   0.36     0.24
  SINCE MAR 1      5.80                      7.76  -1.96     6.96
  SINCE JAN 1     12.27                     13.47  -1.20    13.79

SNOWFALL (IN)
  TODAY           MM            MM      MM  MM     MM       MM
  MONTH TO DATE   MM                        MM     MM       MM
  SINCE MAR 1     MM                        MM     MM       MM
  SINCE JUL 1     MM                        MM     MM       MM
  SNOW DEPTH      MM

DEGREE DAYS
 HEATING
  TODAY           14                         8      6       16
  MONTH TO DATE   14                         8      6       16
  SINCE MAR 1    836                       988   -152     1081
  SINCE JUL 1   3514                      4268   -754     4569

 COOLING
  TODAY            0                         1     -1        0
  MONTH TO DATE    0                         1     -1        0
  SINCE MAR 1     21                        21      0        5
  SINCE JAN 1     21                        21      0        5
..................................................................


WIND (MPH)
  HIGHEST WIND SPEED    12   HIGHEST WIND DIRECTION     E (110)
  HIGHEST GUST SPEED    15   HIGHEST GUST DIRECTION     E (110)
  AVERAGE WIND SPEED     3.7


SKY COVER
  POSSIBLE SUNSHINE  MM
  AVERAGE SKY COVER 1.0


WEATHER CONDITIONS
 THE FOLLOWING WEATHER WAS RECORDED TODAY.
  RAIN
  LIGHT RAIN
  FOG


RELATIVE HUMIDITY (PERCENT)
 HIGHEST   100           200 PM
 LOWEST     80          1200 AM
 AVERAGE    90

..........................................................


THE GEORGETOWN DE CLIMATE NORMALS FOR TOMORROW
                         NORMAL    RECORD    YEAR
 MAXIMUM TEMPERATURE (F)   69        87      1986
 MINIMUM TEMPERATURE (F)   48        34      1956


SUNRISE AND SUNSET
MAY  1 2016...........SUNRISE   603 AM EDT   SUNSET   754 PM EDT
MAY  2 2016...........SUNRISE   602 AM EDT   SUNSET   755 PM EDT


-  INDICATES NEGATIVE NUMBERS.
R  INDICATES RECORD WAS SET OR TIED.
MM INDICATES DATA IS MISSING.
T  INDICATES TRACE AMOUNT.




$$
