000
CDUS41 KPHI 160601
CLIGED


CLIMATE REPORT
NATIONAL WEATHER SERVICE MOUNT HOLLY NJ
100 AM EST SAT DEC 16 2017


...................................

...THE GEORGETOWN DE CLIMATE SUMMARY FOR DECEMBER 15 2017...

CLIMATE NORMAL PERIOD 1981 TO 2010
CLIMATE RECORD PERIOD 1948 TO 2017


WEATHER ITEM   OBSERVED TIME   RECORD YEAR NORMAL DEPARTURE LAST
                VALUE   (LST)  VALUE       VALUE  FROM      YEAR
                                                  NORMAL
..................................................................
TEMPERATURE (F)
 YESTERDAY
  MAXIMUM         35    122 PM  70    2015  48    -13       43
                                      2008
  MINIMUM         22   1145 PM   7    1962  30     -8       18
  AVERAGE         29                        39    -10       31

PRECIPITATION (IN)
  YESTERDAY        0.05          1.38 1956   0.12  -0.07      T
  MONTH TO DATE    0.88                      1.73  -0.85     1.86
  SINCE DEC 1      0.88                      1.73  -0.85     1.86
  SINCE JAN 1     42.61                     42.21   0.40    47.13

DEGREE DAYS
 HEATING
  YESTERDAY       36                        26     10       34
  MONTH TO DATE  380                       354     26      364
  SINCE DEC 1    380                       354     26      364
  SINCE JUL 1    997                      1138   -141      998

 COOLING
  YESTERDAY        0                         0      0        0
  MONTH TO DATE    0                         0      0        0
  SINCE DEC 1      0                         0      0        0
  SINCE JAN 1   1517                      1196    321     1506
..................................................................


WIND (MPH)
  HIGHEST WIND SPEED    14   HIGHEST WIND DIRECTION     N (360)
  HIGHEST GUST SPEED    20   HIGHEST GUST DIRECTION     N (350)
  AVERAGE WIND SPEED     5.8


SKY COVER
  POSSIBLE SUNSHINE  MM
  AVERAGE SKY COVER 0.7


WEATHER CONDITIONS
 THE FOLLOWING WEATHER WAS RECORDED YESTERDAY.
  LIGHT SNOW
  FOG


RELATIVE HUMIDITY (PERCENT)
 HIGHEST    92          1000 PM
 LOWEST     43           100 AM
 AVERAGE    68

..........................................................


THE GEORGETOWN DE CLIMATE NORMALS FOR TODAY
                         NORMAL    RECORD    YEAR
 MAXIMUM TEMPERATURE (F)   48        70      1971
 MINIMUM TEMPERATURE (F)   30        -7      1958


SUNRISE AND SUNSET
DECEMBER 16 2017......SUNRISE   713 AM EST   SUNSET   441 PM EST
DECEMBER 17 2017......SUNRISE   714 AM EST   SUNSET   442 PM EST


-  INDICATES NEGATIVE NUMBERS.
R  INDICATES RECORD WAS SET OR TIED.
MM INDICATES DATA IS MISSING.
T  INDICATES TRACE AMOUNT.




$$
