000
CDUS41 KPHI 230630
CLIGED


CLIMATE REPORT
NATIONAL WEATHER SERVICE MOUNT HOLLY NJ
128 AM EST SUN NOV 23 2014


...................................

...THE GEORGETOWN DE CLIMATE SUMMARY FOR NOVEMBER 22 2014...

CLIMATE NORMAL PERIOD 1981 TO 2010
CLIMATE RECORD PERIOD 1948 TO 2014


WEATHER ITEM   OBSERVED TIME   RECORD YEAR NORMAL DEPARTURE LAST
                VALUE   (LST)  VALUE       VALUE  FROM      YEAR
                                                  NORMAL
..................................................................
TEMPERATURE (F)
 YESTERDAY
  MAXIMUM         48    237 PM  75    1953  56     -8       60
  MINIMUM         19    711 AM  16    1987  37    -18       40
  AVERAGE         34                        46    -12       50

PRECIPITATION (IN)
  YESTERDAY        0.00          1.93 2006   0.11  -0.11     0.19
  MONTH TO DATE    1.86                      2.47  -0.61     1.15
  SINCE SEP 1      8.27                     10.32  -2.05     6.57
  SINCE JAN 1     38.57                     39.59  -1.02    48.56

SNOWFALL (IN)
  YESTERDAY       MM            MM      MM  MM     MM       MM
  MONTH TO DATE   MM                        MM     MM       MM
  SINCE SEP 1     MM                        MM     MM       MM
  SINCE JUL 1     MM                        MM     MM       MM
  SNOW DEPTH      MM

DEGREE DAYS
 HEATING
  YESTERDAY       31                        19     12       15
  MONTH TO DATE  433                       338     95      349
  SINCE SEP 1    614                       623     -9      592
  SINCE JUL 1    614                       624    -10      592

 COOLING
  YESTERDAY        0                         0      0        0
  MONTH TO DATE    0                         0      0        5
  SINCE SEP 1    198                       165     33      209
  SINCE JAN 1   1149                      1194    -45     1396
..................................................................


WIND (MPH)
  HIGHEST WIND SPEED    21   HIGHEST WIND DIRECTION    SW (220)
  HIGHEST GUST SPEED    25   HIGHEST GUST DIRECTION    SW (220)
  AVERAGE WIND SPEED     6.2


SKY COVER
  POSSIBLE SUNSHINE  MM
  AVERAGE SKY COVER 0.0


WEATHER CONDITIONS
 THE FOLLOWING WEATHER WAS RECORDED YESTERDAY.
  NO SIGNIFICANT WEATHER WAS OBSERVED.


RELATIVE HUMIDITY (PERCENT)
 HIGHEST    81           800 AM
 LOWEST     29           200 PM
 AVERAGE    55

..........................................................


THE GEORGETOWN DE CLIMATE NORMALS FOR TODAY
                         NORMAL    RECORD    YEAR
 MAXIMUM TEMPERATURE (F)   56        72      1992
 MINIMUM TEMPERATURE (F)   37        16      1984


SUNRISE AND SUNSET
NOVEMBER 23 2014......SUNRISE   652 AM EST   SUNSET   443 PM EST
NOVEMBER 24 2014......SUNRISE   653 AM EST   SUNSET   443 PM EST


-  INDICATES NEGATIVE NUMBERS.
R  INDICATES RECORD WAS SET OR TIED.
MM INDICATES DATA IS MISSING.
T  INDICATES TRACE AMOUNT.




$$
