000
CDUS41 KPHI 110632
CLIGED


CLIMATE REPORT
NATIONAL WEATHER SERVICE MOUNT HOLLY NJ
131 AM EST SUN DEC 11 2016


...................................

...THE GEORGETOWN DE CLIMATE SUMMARY FOR DECEMBER 10 2016...

CLIMATE NORMAL PERIOD 1981 TO 2010
CLIMATE RECORD PERIOD 1948 TO 2016


WEATHER ITEM   OBSERVED TIME   RECORD YEAR NORMAL DEPARTURE LAST
                VALUE   (LST)  VALUE       VALUE  FROM      YEAR
                                                  NORMAL
..................................................................
TEMPERATURE (F)
 YESTERDAY
  MAXIMUM         39    247 PM  75    1966  50    -11       65
  MINIMUM         24   1159 PM  13    1968  32     -8       40
  AVERAGE         32                        41     -9       53

PRECIPITATION (IN)
  YESTERDAY        0.00          1.18 1978   0.11  -0.11     0.00
  MONTH TO DATE    1.54                      1.16   0.38     0.59
  SINCE DEC 1      1.54                      1.16   0.38     0.59
  SINCE JAN 1     46.81                     41.64   5.17    35.80

SNOWFALL (IN)
  YESTERDAY       MM            MM      MM  MM     MM       MM
  MONTH TO DATE   MM                        MM     MM       MM
  SINCE DEC 1     MM                        MM     MM       MM
  SINCE JUL 1     MM                        MM     MM       MM
  SNOW DEPTH      MM

DEGREE DAYS
 HEATING
  YESTERDAY       33                        24      9       12
  MONTH TO DATE  227                       228     -1      185
  SINCE DEC 1    227                       228     -1      185
  SINCE JUL 1    861                      1012   -151      825

 COOLING
  YESTERDAY        0                         0      0        0
  MONTH TO DATE    0                         0      0        0
  SINCE DEC 1      0                         0      0        0
  SINCE JAN 1   1506                      1196    310     1413
..................................................................


WIND (MPH)
  HIGHEST WIND SPEED    15   HIGHEST WIND DIRECTION     W (270)
  HIGHEST GUST SPEED    20   HIGHEST GUST DIRECTION     W (280)
  AVERAGE WIND SPEED     4.6


SKY COVER
  POSSIBLE SUNSHINE  MM
  AVERAGE SKY COVER 0.1


WEATHER CONDITIONS
 THE FOLLOWING WEATHER WAS RECORDED YESTERDAY.
  NO SIGNIFICANT WEATHER WAS OBSERVED.


RELATIVE HUMIDITY (PERCENT)
 HIGHEST    69           100 AM
 LOWEST     40           300 PM
 AVERAGE    55

..........................................................


THE GEORGETOWN DE CLIMATE NORMALS FOR TODAY
                         NORMAL    RECORD    YEAR
 MAXIMUM TEMPERATURE (F)   49        66      2008
 MINIMUM TEMPERATURE (F)   31         8      1968


SUNRISE AND SUNSET
DECEMBER 11 2016......SUNRISE   710 AM EST   SUNSET   440 PM EST
DECEMBER 12 2016......SUNRISE   710 AM EST   SUNSET   440 PM EST


-  INDICATES NEGATIVE NUMBERS.
R  INDICATES RECORD WAS SET OR TIED.
MM INDICATES DATA IS MISSING.
T  INDICATES TRACE AMOUNT.




$$
