000
CDUS41 KPHI 022137
CLIGED


CLIMATE REPORT
NATIONAL WEATHER SERVICE MOUNT HOLLY NJ
536 PM EDT TUE JUN 2 2015


...................................

...THE GEORGETOWN DE CLIMATE SUMMARY FOR JUNE 2 2015...
VALID TODAY AS OF 0500 PM LOCAL TIME.

CLIMATE NORMAL PERIOD 1981 TO 2010
CLIMATE RECORD PERIOD 1948 TO 2015


WEATHER ITEM   OBSERVED TIME   RECORD YEAR NORMAL DEPARTURE LAST
                VALUE   (LST)  VALUE       VALUE  FROM      YEAR
                                                  NORMAL
..................................................................
TEMPERATURE (F)
 TODAY
  MAXIMUM         68    225 AM  94    1991  79    -11       80
  MINIMUM         58    359 PM  41    1967  59     -1       46
  AVERAGE         63                        69     -6       63

PRECIPITATION (IN)
  TODAY            0.15          2.28 2006   0.15   0.00     0.00
  MONTH TO DATE    1.03                      0.29   0.74     0.00
  SINCE JUN 1      1.03                      0.29   0.74     0.00
  SINCE JAN 1     15.77                     17.23  -1.46    17.19

SNOWFALL (IN)
  TODAY           MM            MM      MM  MM     MM       MM
  MONTH TO DATE   MM                        MM     MM       MM
  SINCE JUN 1     MM                        MM     MM       MM
  SINCE JUL 1     MM                        MM     MM       MM
  SNOW DEPTH      MM

DEGREE DAYS
 HEATING
  TODAY            2                         1      1        2
  MONTH TO DATE    2                         2      0        5
  SINCE JUN 1      2                         2      0        5
  SINCE JUL 1   4618                      4395    223     4505

 COOLING
  TODAY            0                         5     -5        0
  MONTH TO DATE   15                        10      5        0
  SINCE JUN 1     15                        10      5        0
  SINCE JAN 1    190                       104     86      101
..................................................................


WIND (MPH)
  HIGHEST WIND SPEED    15   HIGHEST WIND DIRECTION    NE (60)
  HIGHEST GUST SPEED    20   HIGHEST GUST DIRECTION     E (70)
  AVERAGE WIND SPEED     8.1


SKY COVER
  POSSIBLE SUNSHINE  MM
  AVERAGE SKY COVER 1.0


WEATHER CONDITIONS
 THE FOLLOWING WEATHER WAS RECORDED TODAY.
  THUNDERSTORM
  HEAVY RAIN
  RAIN
  LIGHT RAIN
  FOG
  FOG W/VISIBILITY <= 1/4 MILE


RELATIVE HUMIDITY (PERCENT)
 HIGHEST   100           300 AM
 LOWEST     84           100 PM
 AVERAGE    92

..........................................................


THE GEORGETOWN DE CLIMATE NORMALS FOR TOMORROW
                         NORMAL    RECORD    YEAR
 MAXIMUM TEMPERATURE (F)   79        95      1991
 MINIMUM TEMPERATURE (F)   59        41      1967


SUNRISE AND SUNSET
JUNE  2 2015..........SUNRISE   538 AM EDT   SUNSET   821 PM EDT
JUNE  3 2015..........SUNRISE   538 AM EDT   SUNSET   821 PM EDT


-  INDICATES NEGATIVE NUMBERS.
R  INDICATES RECORD WAS SET OR TIED.
MM INDICATES DATA IS MISSING.
T  INDICATES TRACE AMOUNT.




$$
