000
CDUS41 KPHI 182128
CLIGED


CLIMATE REPORT
NATIONAL WEATHER SERVICE MOUNT HOLLY NJ
428 PM EST THU DEC 18 2014


...................................

...THE GEORGETOWN DE CLIMATE SUMMARY FOR DECEMBER 18 2014...
VALID TODAY AS OF 0400 PM LOCAL TIME.

CLIMATE NORMAL PERIOD 1981 TO 2010
CLIMATE RECORD PERIOD 1948 TO 2014


WEATHER ITEM   OBSERVED TIME   RECORD YEAR NORMAL DEPARTURE LAST
                VALUE   (LST)  VALUE       VALUE  FROM      YEAR
                                                  NORMAL
..................................................................
TEMPERATURE (F)
 TODAY
  MAXIMUM         42    135 PM  72    2006  47     -5       40
  MINIMUM         30    756 AM  10    1953  30      0       26
  AVERAGE         36                        38     -2       33

PRECIPITATION (IN)
  TODAY            0.00          0.93 1951   0.12  -0.12     0.02
  MONTH TO DATE    2.20                      2.06   0.14     2.97
  SINCE DEC 1      2.20                      2.06   0.14     2.97
  SINCE JAN 1     42.44                     42.54  -0.10    52.53

SNOWFALL (IN)
  TODAY           MM            MM      MM  MM     MM       MM
  MONTH TO DATE   MM                        MM     MM       MM
  SINCE DEC 1     MM                        MM     MM       MM
  SINCE JUL 1     MM                        MM     MM       MM
  SNOW DEPTH      MM

DEGREE DAYS
 HEATING
  TODAY           29                        27      2       32
  MONTH TO DATE  396                       433    -37      445
  SINCE DEC 1    396                       433    -37      445
  SINCE JUL 1   1159                      1217    -58     1248

 COOLING
  TODAY            0                         0      0        0
  MONTH TO DATE    0                         0      0        0
  SINCE DEC 1      0                         0      0        0
  SINCE JAN 1   1151                      1196    -45     1396
..................................................................


WIND (MPH)
  HIGHEST WIND SPEED    17   HIGHEST WIND DIRECTION    NW (300)
  HIGHEST GUST SPEED    25   HIGHEST GUST DIRECTION    NW (310)
  AVERAGE WIND SPEED     6.8


SKY COVER
  POSSIBLE SUNSHINE  MM
  AVERAGE SKY COVER 0.1


WEATHER CONDITIONS
 THE FOLLOWING WEATHER WAS RECORDED TODAY.
  NO SIGNIFICANT WEATHER WAS OBSERVED.


RELATIVE HUMIDITY (PERCENT)
 HIGHEST    72           800 AM
 LOWEST     45           200 PM
 AVERAGE    59

..........................................................


THE GEORGETOWN DE CLIMATE NORMALS FOR TOMORROW
                         NORMAL    RECORD    YEAR
 MAXIMUM TEMPERATURE (F)   47        72      1984
 MINIMUM TEMPERATURE (F)   30         6      1989


SUNRISE AND SUNSET
DECEMBER 18 2014......SUNRISE   714 AM EST   SUNSET   442 PM EST
DECEMBER 19 2014......SUNRISE   715 AM EST   SUNSET   442 PM EST


-  INDICATES NEGATIVE NUMBERS.
R  INDICATES RECORD WAS SET OR TIED.
MM INDICATES DATA IS MISSING.
T  INDICATES TRACE AMOUNT.




$$
