000
CDUS46 KOTX 250829
CLIGEG


CLIMATE REPORT
NATIONAL WEATHER SERVICE SPOKANE, WA
129 AM PDT MON SEP 25 2017


...................................

...THE SPOKANE WA AIRPORT CLIMATE SUMMARY FOR SEPTEMBER 24 2017...

CLIMATE NORMAL PERIOD 1981 TO 2010
CLIMATE RECORD PERIOD 1881 TO 2017


WEATHER ITEM   OBSERVED TIME   RECORD YEAR NORMAL DEPARTURE LAST
                VALUE   (LST)  VALUE       VALUE  FROM      YEAR
                                                  NORMAL
..................................................................
TEMPERATURE (F)
 YESTERDAY
  MAXIMUM         67    346 PM  90    2011  70     -3       66
  MINIMUM         45    610 AM  22    1926  44      1       41
  AVERAGE         56                        57     -1       54

PRECIPITATION (IN)
  YESTERDAY        0.00          0.33 1977   0.02  -0.02     0.00
  MONTH TO DATE    1.21                      0.53   0.68     0.20
  SINCE OCT 1     24.47                     16.42   8.05    15.36
  SINCE JAN 1     15.18                     10.64   4.54     9.00

SNOWFALL (IN)
  YESTERDAY        0.0           0.0  2002   0.0    0.0      0.0
                                      2001
                                      1999
  MONTH TO DATE    0.0                       0.0    0.0      0.0
  SINCE SEP 1      0.0                       0.0    0.0      0.0
  SINCE JUL 1      0.0                       0.0    0.0      0.0
  SNOW DEPTH       0

DEGREE DAYS
 HEATING
  YESTERDAY        9                         9      0       11
  MONTH TO DATE  141                       126     15      156
  SINCE SEP 1    141                       126     15      156
  SINCE JUL 1    144                       191    -47      186

 COOLING
  YESTERDAY        0                         1     -1        0
  MONTH TO DATE   89                        37     52        2
  SINCE SEP 1     89                        37     52        2
  SINCE JAN 1    794                       448    346      489
..................................................................


WIND (MPH)
  HIGHEST WIND SPEED    10   HIGHEST WIND DIRECTION    SW (230)
  HIGHEST GUST SPEED    14   HIGHEST GUST DIRECTION     N (360)
  AVERAGE WIND SPEED     4.8


SKY COVER
  POSSIBLE SUNSHINE  MM
  AVERAGE SKY COVER 0.6


WEATHER CONDITIONS
 THE FOLLOWING WEATHER WAS RECORDED YESTERDAY.
  NO SIGNIFICANT WEATHER WAS OBSERVED.


RELATIVE HUMIDITY (PERCENT)
 HIGHEST    93           700 AM
 LOWEST     32           200 PM
 AVERAGE    63

..........................................................


THE SPOKANE WA AIRPORT CLIMATE NORMALS FOR TODAY
                         NORMAL    RECORD    YEAR
 MAXIMUM TEMPERATURE (F)   69        93      1952
 MINIMUM TEMPERATURE (F)   44        25      1926


SUNRISE AND SUNSET
SEPTEMBER 25 2017.....SUNRISE   641 AM PDT   SUNSET   641 PM PDT
SEPTEMBER 26 2017.....SUNRISE   643 AM PDT   SUNSET   639 PM PDT


-  INDICATES NEGATIVE NUMBERS.
R  INDICATES RECORD WAS SET OR TIED.
MM INDICATES DATA IS MISSING.
T  INDICATES TRACE AMOUNT.




$$
