116
CDUS46 KOTX 010825
CLIGEG


CLIMATE REPORT
NATIONAL WEATHER SERVICE SPOKANE, WA
125 AM PDT SUN MAY 1 2016


...................................

...THE SPOKANE WA AIRPORT CLIMATE SUMMARY FOR APRIL 30 2016...

CLIMATE NORMAL PERIOD 1981 TO 2010
CLIMATE RECORD PERIOD 1881 TO 2016


WEATHER ITEM   OBSERVED TIME   RECORD YEAR NORMAL DEPARTURE LAST
                VALUE   (LST)  VALUE       VALUE  FROM      YEAR
                                                  NORMAL
..................................................................
TEMPERATURE (F)
 YESTERDAY
  MAXIMUM         64    531 PM  82    1981  62      2       63
  MINIMUM         46   1158 PM  26    1972  39      7       36
                                      1881
  AVERAGE         55                        50      5       50

PRECIPITATION (IN)
  YESTERDAY        T             0.51 1915   0.04  -0.04     0.00
  MONTH TO DATE    0.32                      1.28  -0.96     0.53
  SINCE OCT 1     13.44                     11.79   1.65    10.64
  SINCE JAN 1      7.08                      6.01   1.07     5.91

SNOWFALL (IN)
  YESTERDAY        0.0           T    2013   0.0    0.0      0.0
                                      1969
  MONTH TO DATE    0.0                       1.0   -1.0      1.0
  SINCE MAR 1      0.6                       4.5   -3.9      1.9
  SINCE JUL 1     34.2                      44.8  -10.6     17.6
  SNOW DEPTH       0

DEGREE DAYS
 HEATING
  YESTERDAY       10                        15     -5       15
  MONTH TO DATE  308                       541   -233      519
  SINCE MAR 1    991                      1307   -316     1116
  SINCE JUL 1   5280                      6136   -856     5238

 COOLING
  YESTERDAY        0                         0      0        0
  MONTH TO DATE    6                         0      6        0
  SINCE MAR 1      6                         0      6        0
  SINCE JAN 1      6                         0      6        0
..................................................................


WIND (MPH)
  HIGHEST WIND SPEED    15   HIGHEST WIND DIRECTION     E (100)
  HIGHEST GUST SPEED    18   HIGHEST GUST DIRECTION    SE (120)
  AVERAGE WIND SPEED     4.7


SKY COVER
  POSSIBLE SUNSHINE  MM
  AVERAGE SKY COVER 0.6


WEATHER CONDITIONS
 THE FOLLOWING WEATHER WAS RECORDED YESTERDAY.
  LIGHT RAIN
  FOG


RELATIVE HUMIDITY (PERCENT)
 HIGHEST    93           300 AM
 LOWEST     39           300 PM
 AVERAGE    66

..........................................................


THE SPOKANE WA AIRPORT CLIMATE NORMALS FOR TODAY
                         NORMAL    RECORD    YEAR
 MAXIMUM TEMPERATURE (F)   62        83      1998
                                             1931
 MINIMUM TEMPERATURE (F)   40        24      1954


SUNRISE AND SUNSET
MAY  1 2016...........SUNRISE   532 AM PDT   SUNSET   803 PM PDT
MAY  2 2016...........SUNRISE   530 AM PDT   SUNSET   805 PM PDT


-  INDICATES NEGATIVE NUMBERS.
R  INDICATES RECORD WAS SET OR TIED.
MM INDICATES DATA IS MISSING.
T  INDICATES TRACE AMOUNT.




$$
