000
CDUS46 KOTX 200826
CLIGEG


CLIMATE REPORT
NATIONAL WEATHER SERVICE SPOKANE, WA
1226 AM PST SAT DEC 20 2014


...................................

...THE SPOKANE WA AIRPORT CLIMATE SUMMARY FOR DECEMBER 19 2014...

CLIMATE NORMAL PERIOD 1981 TO 2010
CLIMATE RECORD PERIOD 1881 TO 2014


WEATHER ITEM   OBSERVED TIME   RECORD YEAR NORMAL DEPARTURE LAST
                VALUE   (LST)  VALUE       VALUE  FROM      YEAR
                                                  NORMAL
..................................................................
TEMPERATURE (F)
 YESTERDAY
  MAXIMUM         42   1001 AM  54    1936  31     11       31
  MINIMUM         35   1159 PM  -7    1983  22     13       19
                                      1924
  AVERAGE         39                        26     13       25

PRECIPITATION (IN)
  YESTERDAY        0.12          0.88 1895   0.08   0.04     0.00
  MONTH TO DATE    0.98                      1.48  -0.50     0.24
  SINCE OCT 1      3.74                      4.96  -1.22     1.89
  SINCE JAN 1     14.00                     15.74  -1.74    10.92

SNOWFALL (IN)
  YESTERDAY        0.0           8.9  1895   0.5   -0.5      0.0
  MONTH TO DATE    0.6                       8.3   -7.7      0.2
  SINCE DEC 1      0.6                       8.3   -7.7      0.2
  SINCE JUL 1      1.1                      15.8  -14.7      3.3
  SNOW DEPTH       0

DEGREE DAYS
 HEATING
  YESTERDAY       26                        39    -13       40
  MONTH TO DATE  563                       706   -143      768
  SINCE DEC 1    563                       706   -143      768
  SINCE JUL 1   1932                      2373   -441     2423

 COOLING
  YESTERDAY        0                         0      0        0
  MONTH TO DATE    0                         0      0        0
  SINCE DEC 1      0                         0      0        0
  SINCE JAN 1    654                       450    204      709
..................................................................


WIND (MPH)
  HIGHEST WIND SPEED    21   HIGHEST WIND DIRECTION    SW (210)
  HIGHEST GUST SPEED    26   HIGHEST GUST DIRECTION    SW (210)
  AVERAGE WIND SPEED    10.7


SKY COVER
  POSSIBLE SUNSHINE  MM
  AVERAGE SKY COVER 1.0


WEATHER CONDITIONS
 THE FOLLOWING WEATHER WAS RECORDED YESTERDAY.
  LIGHT RAIN
  FOG


RELATIVE HUMIDITY (PERCENT)
 HIGHEST   100           800 AM
 LOWEST     79           300 PM
 AVERAGE    90

..........................................................


THE SPOKANE WA AIRPORT CLIMATE NORMALS FOR TODAY
                         NORMAL    RECORD    YEAR
 MAXIMUM TEMPERATURE (F)   31        54      1933
 MINIMUM TEMPERATURE (F)   22       -18      2008


SUNRISE AND SUNSET
DECEMBER 20 2014......SUNRISE   735 AM PST   SUNSET   401 PM PST
DECEMBER 21 2014......SUNRISE   736 AM PST   SUNSET   401 PM PST


-  INDICATES NEGATIVE NUMBERS.
R  INDICATES RECORD WAS SET OR TIED.
MM INDICATES DATA IS MISSING.
T  INDICATES TRACE AMOUNT.




$$
