000
CDUS46 KOTX 310827
CLIGEG


CLIMATE REPORT
NATIONAL WEATHER SERVICE SPOKANE, WA
122 AM PDT SUN AUG 31 2014


...................................

...THE SPOKANE WA AIRPORT CLIMATE SUMMARY FOR AUGUST 30 2014...

CLIMATE NORMAL PERIOD 1981 TO 2010
CLIMATE RECORD PERIOD 1881 TO 2014


WEATHER ITEM   OBSERVED TIME   RECORD YEAR NORMAL DEPARTURE LAST
                VALUE   (LST)  VALUE       VALUE  FROM      YEAR
                                                  NORMAL
..................................................................
TEMPERATURE (F)
 YESTERDAY
  MAXIMUM         74    239 PM  98    1929  79     -5       80
  MINIMUM         53    627 AM  38    1965  53      0       59
                                      1881
  AVERAGE         64                        66     -2       70

PRECIPITATION (IN)
  YESTERDAY        0.00        0.72   1926  0.02  -0.02      T
  MONTH TO DATE    0.58                     0.57   0.01     0.68
  SINCE OCT 1     12.33                    15.87  -3.54    14.83
  SINCE JAN 1     10.00                    10.09  -0.09     7.47

SNOWFALL (IN)
  YESTERDAY        0.0                      0.0    0.0      0.0
  MONTH TO DATE    0.0                      0.0    0.0      0.0
  SINCE JUN 1      0.0                      0.0    0.0      0.0
  SINCE JUL 1      0.0                      0.0    0.0      0.0
  SNOW DEPTH       0

DEGREE DAYS
 HEATING
  YESTERDAY        1                         2     -1        0
  MONTH TO DATE    2                        31    -29        7
  SINCE JUN 1    115                       199    -84      147
  SINCE JUL 1      9                        63    -54        7

 COOLING
  YESTERDAY        0                         3     -3        5
  MONTH TO DATE  238                       164     74      236
  SINCE JUN 1    600                       393    207      568
  SINCE JAN 1    606                       407    199      598
..................................................................


WIND (MPH)
  HIGHEST WIND SPEED    22   HIGHEST WIND DIRECTION    SW (210)
  HIGHEST GUST SPEED    28   HIGHEST GUST DIRECTION    SW (210)
  AVERAGE WIND SPEED    13.4


SKY COVER
  POSSIBLE SUNSHINE  MM
  AVERAGE SKY COVER 0.7


WEATHER CONDITIONS
 THE FOLLOWING WEATHER WAS RECORDED YESTERDAY.
  NO SIGNIFICANT WEATHER WAS OBSERVED.


RELATIVE HUMIDITY (PERCENT)
 HIGHEST    86          1000 PM
 LOWEST     31           200 PM
 AVERAGE    59

..........................................................


THE SPOKANE WA AIRPORT CLIMATE NORMALS FOR TODAY
                         NORMAL    RECORD    YEAR
 MAXIMUM TEMPERATURE (F)   79       100      1967
 MINIMUM TEMPERATURE (F)   52        35      1964


SUNRISE AND SUNSET
AUGUST 31 2014........SUNRISE   607 AM PDT   SUNSET   732 PM PDT
SEPTEMBER  1 2014.....SUNRISE   609 AM PDT   SUNSET   730 PM PDT


-  INDICATES NEGATIVE NUMBERS.
R  INDICATES RECORD WAS SET OR TIED.
MM INDICATES DATA IS MISSING.
T  INDICATES TRACE AMOUNT.

$$
