000
CDUS46 KOTX 230825
CLIGEG


CLIMATE REPORT
NATIONAL WEATHER SERVICE SPOKANE, WA
125 AM PDT SUN APR 23 2017


...................................

...THE SPOKANE WA AIRPORT CLIMATE SUMMARY FOR APRIL 22 2017...

CLIMATE NORMAL PERIOD 1981 TO 2010
CLIMATE RECORD PERIOD 1881 TO 2017


WEATHER ITEM   OBSERVED TIME   RECORD YEAR NORMAL DEPARTURE LAST
                VALUE   (LST)  VALUE       VALUE  FROM      YEAR
                                                  NORMAL
..................................................................
TEMPERATURE (F)
 YESTERDAY
  MAXIMUM         64   1259 PM  84    1934  59      5       74
  MINIMUM         38    425 AM  25    1972  38      0       54
  AVERAGE         51                        48      3       64

PRECIPITATION (IN)
  YESTERDAY        T             1.04 1882   0.04  -0.04      T
  MONTH TO DATE    1.41                      0.97   0.44     0.18
  SINCE OCT 1     21.05                     11.48   9.57    13.30
  SINCE JAN 1     11.76                      5.70   6.06     6.94

SNOWFALL (IN)
  YESTERDAY        0.0           3.4  1964   0.0    0.0      0.0
  MONTH TO DATE    0.5                       0.9   -0.4      0.0
  SINCE MAR 1      5.9                       4.4    1.5      0.6
  SINCE JUL 1     61.5                      44.7   16.8     34.2
  SNOW DEPTH       0

DEGREE DAYS
 HEATING
  YESTERDAY       14                        17     -3        1
  MONTH TO DATE  421                       415      6      210
  SINCE MAR 1   1162                      1182    -20      893
  SINCE JUL 1   6155                      6011    144     5182

 COOLING
  YESTERDAY        0                         0      0        0
  MONTH TO DATE    0                         0      0        6
  SINCE MAR 1      0                         0      0        6
  SINCE JAN 1      0                         0      0        6
..................................................................


WIND (MPH)
  HIGHEST WIND SPEED    25   HIGHEST WIND DIRECTION    SW (240)
  HIGHEST GUST SPEED    31   HIGHEST GUST DIRECTION     W (250)
  AVERAGE WIND SPEED     9.3


SKY COVER
  POSSIBLE SUNSHINE  MM
  AVERAGE SKY COVER 0.7


WEATHER CONDITIONS
 THE FOLLOWING WEATHER WAS RECORDED YESTERDAY.
  LIGHT RAIN


RELATIVE HUMIDITY (PERCENT)
 HIGHEST    85           400 AM
 LOWEST     25          1200 PM
 AVERAGE    55

..........................................................


THE SPOKANE WA AIRPORT CLIMATE NORMALS FOR TODAY
                         NORMAL    RECORD    YEAR
 MAXIMUM TEMPERATURE (F)   59        87      1977
 MINIMUM TEMPERATURE (F)   38        25      2002


SUNRISE AND SUNSET
APRIL 23 2017.........SUNRISE   546 AM PDT   SUNSET   752 PM PDT
APRIL 24 2017.........SUNRISE   544 AM PDT   SUNSET   753 PM PDT


-  INDICATES NEGATIVE NUMBERS.
R  INDICATES RECORD WAS SET OR TIED.
MM INDICATES DATA IS MISSING.
T  INDICATES TRACE AMOUNT.




$$
