000
CDUS46 KOTX 302329
CLIGEG


CLIMATE REPORT
NATIONAL WEATHER SERVICE SPOKANE, WA
428 PM PDT TUE AUG 30 2016


...................................

...THE SPOKANE WA AIRPORT CLIMATE SUMMARY FOR AUGUST 30 2016...
VALID AS OF 0400 PM LOCAL TIME.

CLIMATE NORMAL PERIOD 1981 TO 2010
CLIMATE RECORD PERIOD 1881 TO 2016


WEATHER ITEM   OBSERVED TIME   RECORD YEAR NORMAL DEPARTURE LAST
                VALUE   (LST)  VALUE       VALUE  FROM      YEAR
                                                  NORMAL
..................................................................
TEMPERATURE (F)
 TODAY
  MAXIMUM         87    256 PM  98    1929  79      8       67
  MINIMUM         60    245 AM  38    1965  53      7       53
                                      1881
  AVERAGE         74                        66      8       60

PRECIPITATION (IN)
  TODAY            0.00          0.72 1926   0.02  -0.02     0.13
  MONTH TO DATE    0.16                      0.57  -0.41     0.18
  SINCE OCT 1     15.16                     15.87  -0.71    11.93
  SINCE JAN 1      8.80                     10.09  -1.29     7.20

SNOWFALL (IN)
  TODAY            0.0           0.0  2002   0.0    0.0      0.0
                                      2001
                                      1999
  MONTH TO DATE    0.0                       0.0    0.0      0.0
  SINCE JUN 1      0.0                       0.0    0.0      0.0
  SINCE JUL 1      0.0                       0.0    0.0      0.0
  SNOW DEPTH      MM

DEGREE DAYS
 HEATING
  TODAY            0                         2     -2        5
  MONTH TO DATE   10                        31    -21        6
  SINCE JUN 1    140                       199    -59       36
  SINCE JUL 1     30                        63    -33       11

 COOLING
  TODAY            9                         3      6        0
  MONTH TO DATE  206                       164     42      251
  SINCE JUN 1    472                       393     79      776
  SINCE JAN 1    484                       407     77      808
..................................................................


WIND (MPH)
  HIGHEST WIND SPEED    14   HIGHEST WIND DIRECTION    NE (60)
  HIGHEST GUST SPEED    17   HIGHEST GUST DIRECTION     E (80)
  AVERAGE WIND SPEED     5.5


SKY COVER
  POSSIBLE SUNSHINE  MM
  AVERAGE SKY COVER 0.6


WEATHER CONDITIONS
 THE FOLLOWING WEATHER WAS RECORDED TODAY.
  NO SIGNIFICANT WEATHER WAS OBSERVED.


RELATIVE HUMIDITY (PERCENT)
 HIGHEST    56           500 AM
 LOWEST     22           300 PM
 AVERAGE    39

..........................................................


THE SPOKANE WA AIRPORT CLIMATE NORMALS FOR TOMORROW
                         NORMAL    RECORD    YEAR
 MAXIMUM TEMPERATURE (F)   79       100      1967
 MINIMUM TEMPERATURE (F)   52        35      1964


SUNRISE AND SUNSET
AUGUST 30 2016........SUNRISE   607 AM PDT   SUNSET   733 PM PDT
AUGUST 31 2016........SUNRISE   608 AM PDT   SUNSET   731 PM PDT


-  INDICATES NEGATIVE NUMBERS.
R  INDICATES RECORD WAS SET OR TIED.
MM INDICATES DATA IS MISSING.
T  INDICATES TRACE AMOUNT.




$$
