000
CDUS46 KOTX 050426
CLIGEG


CLIMATE REPORT
NATIONAL WEATHER SERVICE SPOKANE, WA
924 PM PDT SAT JUL 4 2015


...................................

...THE SPOKANE WA AIRPORT CLIMATE SUMMARY FOR JULY 4 2015...
VALID TODAY AS OF 0800 PM LOCAL TIME.

CLIMATE NORMAL PERIOD 1981 TO 2010
CLIMATE RECORD PERIOD 1881 TO 2015


WEATHER ITEM   OBSERVED TIME   RECORD YEAR NORMAL DEPARTURE LAST
                VALUE   (LST)  VALUE       VALUE  FROM      YEAR
                                                  NORMAL
..................................................................
TEMPERATURE (F)
 TODAY
  MAXIMUM         97    514 PM  99    1970  80     17       80
                                      1906
  MINIMUM         66    452 AM  42    1999  54     12       60
                                      1959
  AVERAGE         82                        67     15       70

PRECIPITATION (IN)
  TODAY            0.00          0.77 1902   0.03  -0.03     0.00
  MONTH TO DATE    0.00                      0.11  -0.11     0.00
  SINCE OCT 1     11.56                     14.77  -3.21    11.57
  SINCE JAN 1      6.83                      8.99  -2.16     9.24

DEGREE DAYS
 HEATING
  TODAY            0                         2     -2        0
  MONTH TO DATE    0                         8     -8        0
  SINCE JUN 1     25                       144   -119      106
  SINCE JUL 1      0                         8     -8        0

 COOLING
  TODAY           17                         4     13        5
  MONTH TO DATE   67                        14     53       37
  SINCE JUN 1    292                        63    229       51
  SINCE JAN 1    324                        77    247       57
..................................................................


WIND (MPH)
  HIGHEST WIND SPEED    17   HIGHEST WIND DIRECTION     S (200)
  HIGHEST GUST SPEED    23   HIGHEST GUST DIRECTION    SW (230)
  AVERAGE WIND SPEED     7.8


SKY COVER
  POSSIBLE SUNSHINE  MM
  AVERAGE SKY COVER 0.2


WEATHER CONDITIONS
 THE FOLLOWING WEATHER WAS RECORDED TODAY.
  NO SIGNIFICANT WEATHER WAS OBSERVED.


RELATIVE HUMIDITY (PERCENT)
 HIGHEST    41           700 AM
 LOWEST     15           600 PM
 AVERAGE    28

..........................................................


THE SPOKANE WA AIRPORT CLIMATE NORMALS FOR TOMORROW
                         NORMAL    RECORD    YEAR
 MAXIMUM TEMPERATURE (F)   80       101      2007
 MINIMUM TEMPERATURE (F)   54        42      2002
                                             1977


SUNRISE AND SUNSET
JULY  4 2015..........SUNRISE   458 AM PDT   SUNSET   851 PM PDT
JULY  5 2015..........SUNRISE   459 AM PDT   SUNSET   850 PM PDT


-  INDICATES NEGATIVE NUMBERS.
R  INDICATES RECORD WAS SET OR TIED.
MM INDICATES DATA IS MISSING.
T  INDICATES TRACE AMOUNT.




$$
