000
CDUS46 KOTX 240045
CLIGEG


CLIMATE REPORT
NATIONAL WEATHER SERVICE SPOKANE, WA
444 PM PST FRI FEB 23 2018


...................................

...THE SPOKANE WA AIRPORT CLIMATE SUMMARY FOR FEBRUARY 23 2018...
VALID AS OF 0400 PM LOCAL TIME.

CLIMATE NORMAL PERIOD 1981 TO 2010
CLIMATE RECORD PERIOD 1881 TO 2018


WEATHER ITEM   OBSERVED TIME   RECORD YEAR NORMAL DEPARTURE LAST
                VALUE   (LST)  VALUE       VALUE  FROM      YEAR
                                                  NORMAL
..................................................................
TEMPERATURE (F)
 TODAY
  MAXIMUM         26    235 PM  59    1947  42    -16       33
  MINIMUM          7    316 AM   2    1942  27    -20       20
  AVERAGE         17                        34    -17       27

PRECIPITATION (IN)
  TODAY            T             0.48 2009   0.05  -0.05      T
  MONTH TO DATE    1.48                      1.08   0.40     4.07
  SINCE OCT 1     11.19                      8.65   2.54    15.21
  SINCE JAN 1      4.03                      2.87   1.16     5.92

SNOWFALL (IN)
  TODAY            T             6.8  2011   0.2   -0.2      0.1
  MONTH TO DATE   10.7                       5.8    4.9     15.9
  SINCE DEC 1     35.9                      31.8    4.1     48.4
  SINCE JUL 1     43.1                      39.3    3.8     51.7
  SNOW DEPTH       2

DEGREE DAYS
 HEATING
  TODAY           48                        31     17       38
  MONTH TO DATE  791                       746     45      793
  SINCE DEC 1   2930                      3012    -82     3461
  SINCE JUL 1   4470                      4679   -209     4794

 COOLING
  TODAY            0                         0      0        0
  MONTH TO DATE    0                         0      0        0
  SINCE DEC 1      0                         0      0        0
  SINCE JAN 1      0                         0      0        0
..................................................................


WIND (MPH)
  HIGHEST WIND SPEED    21   HIGHEST WIND DIRECTION    SW (240)
  HIGHEST GUST SPEED    24   HIGHEST GUST DIRECTION    SW (220)
  AVERAGE WIND SPEED     9.9


SKY COVER
  POSSIBLE SUNSHINE  MM
  AVERAGE SKY COVER 0.5


WEATHER CONDITIONS
 THE FOLLOWING WEATHER WAS RECORDED TODAY.
  LIGHT SNOW
  FOG


RELATIVE HUMIDITY (PERCENT)
 HIGHEST   100           700 AM
 LOWEST     55           200 PM
 AVERAGE    78

..........................................................


THE SPOKANE WA AIRPORT CLIMATE NORMALS FOR TOMORROW
                         NORMAL    RECORD    YEAR
 MAXIMUM TEMPERATURE (F)   42        59      1995
                                             1986
                                             1983
 MINIMUM TEMPERATURE (F)   27         3      2011


SUNRISE AND SUNSET
FEBRUARY 23 2018......SUNRISE   642 AM PST   SUNSET   526 PM PST
FEBRUARY 24 2018......SUNRISE   640 AM PST   SUNSET   528 PM PST


-  INDICATES NEGATIVE NUMBERS.
R  INDICATES RECORD WAS SET OR TIED.
MM INDICATES DATA IS MISSING.
T  INDICATES TRACE AMOUNT.




$$
