000
CDUS46 KOTX 010437
CLIGEG


CLIMATE REPORT
NATIONAL WEATHER SERVICE SPOKANE, WA
837 PM PST SAT JAN 31 2015


...................................

...THE SPOKANE WA AIRPORT CLIMATE SUMMARY FOR JANUARY 31 2015...
VALID TODAY AS OF 0800 PM LOCAL TIME.

CLIMATE NORMAL PERIOD 1981 TO 2010
CLIMATE RECORD PERIOD 1881 TO 2015


WEATHER ITEM   OBSERVED TIME   RECORD YEAR NORMAL DEPARTURE LAST
                VALUE   (LST)  VALUE       VALUE  FROM      YEAR
                                                  NORMAL
..................................................................
TEMPERATURE (F)
 TODAY
  MAXIMUM         33    245 PM  58    1971  37     -4       32
  MINIMUM         29    258 AM -21    1950  26      3       13
  AVERAGE         31                        31      0       23

PRECIPITATION (IN)
  TODAY            T             0.74 1963   0.05  -0.05     0.01
  MONTH TO DATE    1.91                      1.79   0.12     1.01
  SINCE OCT 1      6.64                      7.57  -0.93     3.34
  SINCE JAN 1      1.91                      1.79   0.12     1.01

DEGREE DAYS
 HEATING
  TODAY           34                        34      0       42
  MONTH TO DATE 1049                      1099    -50     1090
  SINCE DEC 1   2040                      2266   -226     2303
  SINCE JUL 1   3409                      3933   -524     3958

 COOLING
  TODAY            0                         0      0        0
  MONTH TO DATE    0                         0      0        0
  SINCE DEC 1      0                         0      0        0
  SINCE JAN 1      0                         0      0        0
..................................................................


WIND (MPH)
  HIGHEST WIND SPEED     9   HIGHEST WIND DIRECTION    SW (240)
  HIGHEST GUST SPEED    10   HIGHEST GUST DIRECTION    SW (230)
  AVERAGE WIND SPEED     2.9


SKY COVER
  POSSIBLE SUNSHINE  MM
  AVERAGE SKY COVER 1.0


WEATHER CONDITIONS
 THE FOLLOWING WEATHER WAS RECORDED TODAY.
  LIGHT SNOW
  FOG


RELATIVE HUMIDITY (PERCENT)
 HIGHEST   100           200 AM
 LOWEST     78           500 PM
 AVERAGE    89

..........................................................


THE SPOKANE WA AIRPORT CLIMATE NORMALS FOR TOMORROW
                         NORMAL    RECORD    YEAR
 MAXIMUM TEMPERATURE (F)   37        57      1934
 MINIMUM TEMPERATURE (F)   26       -22      1996
                                             1950


SUNRISE AND SUNSET
JANUARY 31 2015.......SUNRISE   718 AM PST   SUNSET   449 PM PST
FEBRUARY  1 2015......SUNRISE   717 AM PST   SUNSET   451 PM PST


-  INDICATES NEGATIVE NUMBERS.
R  INDICATES RECORD WAS SET OR TIED.
MM INDICATES DATA IS MISSING.
T  INDICATES TRACE AMOUNT.




$$
