000
CDUS46 KOTX 280431
CLIGEG


CLIMATE REPORT
NATIONAL WEATHER SERVICE SPOKANE, WA
830 PM PST FRI FEB 27 2015


...................................

...THE SPOKANE WA AIRPORT CLIMATE SUMMARY FOR FEBRUARY 27 2015...
VALID TODAY AS OF 0800 PM LOCAL TIME.

CLIMATE NORMAL PERIOD 1981 TO 2010
CLIMATE RECORD PERIOD 1881 TO 2015


WEATHER ITEM   OBSERVED TIME   RECORD YEAR NORMAL DEPARTURE LAST
                VALUE   (LST)  VALUE       VALUE  FROM      YEAR
                                                  NORMAL
..................................................................
TEMPERATURE (F)
 TODAY
  MAXIMUM         48    353 PM  59    1941  43      5       36
  MINIMUM         27    424 AM -16    1890  28     -1       27
  AVERAGE         38                        35      3       32

PRECIPITATION (IN)
  TODAY            0.00          0.65 1999   0.05  -0.05     0.03
  MONTH TO DATE    1.04                      1.28  -0.24     1.81
  SINCE OCT 1      7.68                      8.85  -1.17     5.15
  SINCE JAN 1      2.95                      3.07  -0.12     2.82

DEGREE DAYS
 HEATING
  TODAY           27                        30     -3       33
  MONTH TO DATE  682                       866   -184     1048
  SINCE DEC 1   2722                      3132   -410     3351
  SINCE JUL 1   4091                      4799   -708     5006

 COOLING
  TODAY            0                         0      0        0
  MONTH TO DATE    0                         0      0        0
  SINCE DEC 1      0                         0      0        0
  SINCE JAN 1      0                         0      0        0
..................................................................


WIND (MPH)
  HIGHEST WIND SPEED    21   HIGHEST WIND DIRECTION    NE (40)
  HIGHEST GUST SPEED    25   HIGHEST GUST DIRECTION    NE (40)
  AVERAGE WIND SPEED     9.8


SKY COVER
  POSSIBLE SUNSHINE  MM
  AVERAGE SKY COVER 0.5


WEATHER CONDITIONS
 THE FOLLOWING WEATHER WAS RECORDED TODAY.
  NO SIGNIFICANT WEATHER WAS OBSERVED.


RELATIVE HUMIDITY (PERCENT)
 HIGHEST    92           100 AM
 LOWEST     34           400 PM
 AVERAGE    63

..........................................................


THE SPOKANE WA AIRPORT CLIMATE NORMALS FOR TOMORROW
                         NORMAL    RECORD    YEAR
 MAXIMUM TEMPERATURE (F)   44        60      1988
 MINIMUM TEMPERATURE (F)   28       -10      1890


SUNRISE AND SUNSET
FEBRUARY 27 2015......SUNRISE   635 AM PST   SUNSET   532 PM PST
FEBRUARY 28 2015......SUNRISE   633 AM PST   SUNSET   533 PM PST


-  INDICATES NEGATIVE NUMBERS.
R  INDICATES RECORD WAS SET OR TIED.
MM INDICATES DATA IS MISSING.
T  INDICATES TRACE AMOUNT.




$$
