000
CDUS46 KOTX 230843
CLIGEG


CLIMATE REPORT
NATIONAL WEATHER SERVICE SPOKANE, WA
136 AM PDT THU OCT 23 2014


...................................

...THE SPOKANE WA AIRPORT CLIMATE SUMMARY FOR OCTOBER 22 2014...

CLIMATE NORMAL PERIOD 1981 TO 2010
CLIMATE RECORD PERIOD 1881 TO 2014


WEATHER ITEM   OBSERVED TIME   RECORD YEAR NORMAL DEPARTURE LAST
                VALUE   (LST)  VALUE       VALUE  FROM      YEAR
                                                  NORMAL
..................................................................
TEMPERATURE (F)
 YESTERDAY
  MAXIMUM         60    112 PM  74    2003  55      5       63
  MINIMUM         42   1235 AM  20    1984  35      7       39
                                      1978
  AVERAGE         51                        45      6       51

PRECIPITATION (IN)
  YESTERDAY        0.24          0.77 1963   0.05   0.19     0.00
  MONTH TO DATE    0.56                      0.70  -0.14     0.08
  SINCE OCT 1      0.56                      0.70  -0.14     0.08
  SINCE JAN 1     10.82                     11.48  -0.66     9.11

SNOWFALL (IN)
  YESTERDAY        0.0           5.9  1957   0.0    0.0      0.0
  MONTH TO DATE    0.0                       0.0    0.0      0.0
  SINCE SEP 1      0.0                       0.0    0.0      0.0
  SINCE JUL 1      0.0                       0.0    0.0      0.0
  SNOW DEPTH       0

DEGREE DAYS
 HEATING
  YESTERDAY       14                        20     -6       14
  MONTH TO DATE  204                       344   -140      394
  SINCE SEP 1    298                       527   -229      554
  SINCE JUL 1    310                       592   -282      561

 COOLING
  YESTERDAY        0                         0      0        0
  MONTH TO DATE    1                         0      1        0
  SINCE SEP 1     48                        38     10      108
  SINCE JAN 1    654                       449    205      709
..................................................................


WIND (MPH)
  HIGHEST WIND SPEED    20   HIGHEST WIND DIRECTION     S (190)
  HIGHEST GUST SPEED    27   HIGHEST GUST DIRECTION     S (170)
  AVERAGE WIND SPEED     9.6


SKY COVER
  POSSIBLE SUNSHINE  MM
  AVERAGE SKY COVER 0.7


WEATHER CONDITIONS
 THE FOLLOWING WEATHER WAS RECORDED YESTERDAY.
  LIGHT RAIN
  FOG


RELATIVE HUMIDITY (PERCENT)
 HIGHEST    93           600 PM
 LOWEST     46           100 PM
 AVERAGE    70

..........................................................


THE SPOKANE WA AIRPORT CLIMATE NORMALS FOR TODAY
                         NORMAL    RECORD    YEAR
 MAXIMUM TEMPERATURE (F)   54        72      1948
                                             1944
                                             1901
 MINIMUM TEMPERATURE (F)   35        20      1991


SUNRISE AND SUNSET
OCTOBER 23 2014.......SUNRISE   721 AM PDT   SUNSET   547 PM PDT
OCTOBER 24 2014.......SUNRISE   722 AM PDT   SUNSET   546 PM PDT


-  INDICATES NEGATIVE NUMBERS.
R  INDICATES RECORD WAS SET OR TIED.
MM INDICATES DATA IS MISSING.
T  INDICATES TRACE AMOUNT.




$$
