000
CDUS46 KOTX 260825
CLIGEG


CLIMATE REPORT
NATIONAL WEATHER SERVICE SPOKANE, WA
125 AM PDT MON SEP 26 2016


...................................

...THE SPOKANE WA AIRPORT CLIMATE SUMMARY FOR SEPTEMBER 25 2016...

CLIMATE NORMAL PERIOD 1981 TO 2010
CLIMATE RECORD PERIOD 1881 TO 2016


WEATHER ITEM   OBSERVED TIME   RECORD YEAR NORMAL DEPARTURE LAST
                VALUE   (LST)  VALUE       VALUE  FROM      YEAR
                                                  NORMAL
..................................................................
TEMPERATURE (F)
 YESTERDAY
  MAXIMUM         74    435 PM  93    1952  69      5       80
  MINIMUM         52    613 AM  25    1926  44      8       47
  AVERAGE         63                        57      6       64

PRECIPITATION (IN)
  YESTERDAY        T             0.57 1982   0.02  -0.02     0.00
  MONTH TO DATE    0.20                      0.55  -0.35     0.52
  SINCE OCT 1     15.36                     16.44  -1.08    12.45
  SINCE JAN 1      9.00                     10.66  -1.66     7.72

SNOWFALL (IN)
  YESTERDAY        0.0           0.0  2002   0.0    0.0      0.0
                                      2001
                                      1999
  MONTH TO DATE    0.0                       0.0    0.0      0.0
  SINCE SEP 1      0.0                       0.0    0.0      0.0
  SINCE JUL 1      0.0                       0.0    0.0      0.0
  SNOW DEPTH       0

DEGREE DAYS
 HEATING
  YESTERDAY        2                         9     -7        1
  MONTH TO DATE  158                       135     23      160
  SINCE SEP 1    158                       135     23      160
  SINCE JUL 1    188                       200    -12      176

 COOLING
  YESTERDAY        0                         0      0        0
  MONTH TO DATE    2                        37    -35       20
  SINCE SEP 1      2                        37    -35       20
  SINCE JAN 1    489                       448     41      828
..................................................................


WIND (MPH)
  HIGHEST WIND SPEED    14   HIGHEST WIND DIRECTION    SW (210)
  HIGHEST GUST SPEED    23   HIGHEST GUST DIRECTION    SW (230)
  AVERAGE WIND SPEED     6.7


SKY COVER
  POSSIBLE SUNSHINE  MM
  AVERAGE SKY COVER 0.5


WEATHER CONDITIONS
 THE FOLLOWING WEATHER WAS RECORDED YESTERDAY.
  LIGHT RAIN


RELATIVE HUMIDITY (PERCENT)
 HIGHEST    59           600 AM
 LOWEST     27           500 PM
 AVERAGE    43

..........................................................


THE SPOKANE WA AIRPORT CLIMATE NORMALS FOR TODAY
                         NORMAL    RECORD    YEAR
 MAXIMUM TEMPERATURE (F)   69        87      1952
 MINIMUM TEMPERATURE (F)   44        28      1908


SUNRISE AND SUNSET
SEPTEMBER 26 2016.....SUNRISE   643 AM PDT   SUNSET   638 PM PDT
SEPTEMBER 27 2016.....SUNRISE   644 AM PDT   SUNSET   636 PM PDT


-  INDICATES NEGATIVE NUMBERS.
R  INDICATES RECORD WAS SET OR TIED.
MM INDICATES DATA IS MISSING.
T  INDICATES TRACE AMOUNT.




$$
