000
CDUS46 KOTX 040827
CLIGEG


CLIMATE REPORT
NATIONAL WEATHER SERVICE SPOKANE, WA
127 AM PDT TUE AUG 4 2015


...................................

...THE SPOKANE WA AIRPORT CLIMATE SUMMARY FOR AUGUST 3 2015...

CLIMATE NORMAL PERIOD 1981 TO 2010
CLIMATE RECORD PERIOD 1881 TO 2015


WEATHER ITEM   OBSERVED TIME   RECORD YEAR NORMAL DEPARTURE LAST
                VALUE   (LST)  VALUE       VALUE  FROM      YEAR
                                                  NORMAL
..................................................................
TEMPERATURE (F)
 YESTERDAY
  MAXIMUM         90    207 PM 103    1961  86      4       93
  MINIMUM         67    500 AM  44    1956  58      9       62
  AVERAGE         79                        72      7       78

PRECIPITATION (IN)
  YESTERDAY        T             0.32 1962   0.02  -0.02     0.00
  MONTH TO DATE    T                         0.05  -0.05     0.00
  SINCE OCT 1     11.75                     15.35  -3.60    11.75
  SINCE JAN 1      7.02                      9.57  -2.55     9.42

SNOWFALL (IN)
  YESTERDAY        0.0           0.0  2002   0.0    0.0      0.0
                                      2001
                                      1999
  MONTH TO DATE    0.0                       0.0    0.0      0.0
  SINCE JUN 1      0.0                       0.0    0.0      0.0
  SINCE JUL 1      0.0                       0.0    0.0      0.0
  SNOW DEPTH       0

DEGREE DAYS
 HEATING
  YESTERDAY        0                         0      0        0
  MONTH TO DATE    0                         0      0        0
  SINCE JUN 1     30                       168   -138      113
  SINCE JUL 1      5                        32    -27        7

 COOLING
  YESTERDAY       14                         7      7       13
  MONTH TO DATE   49                        21     28       45
  SINCE JUN 1    574                       250    324      407
  SINCE JAN 1    606                       264    342      413
..................................................................


WIND (MPH)
  HIGHEST WIND SPEED    24   HIGHEST WIND DIRECTION    SW (220)
  HIGHEST GUST SPEED    31   HIGHEST GUST DIRECTION    SW (230)
  AVERAGE WIND SPEED     9.9


SKY COVER
  POSSIBLE SUNSHINE  MM
  AVERAGE SKY COVER 0.7


WEATHER CONDITIONS
 THE FOLLOWING WEATHER WAS RECORDED YESTERDAY.
  LIGHT RAIN
  HAZE


RELATIVE HUMIDITY (PERCENT)
 HIGHEST    38          1100 PM
 LOWEST     16          1200 AM
 AVERAGE    27

..........................................................


THE SPOKANE WA AIRPORT CLIMATE NORMALS FOR TODAY
                         NORMAL    RECORD    YEAR
 MAXIMUM TEMPERATURE (F)   86       108      1961
 MINIMUM TEMPERATURE (F)   58        45      1956
                                             1954


SUNRISE AND SUNSET
AUGUST  4 2015........SUNRISE   531 AM PDT   SUNSET   820 PM PDT
AUGUST  5 2015........SUNRISE   532 AM PDT   SUNSET   819 PM PDT


-  INDICATES NEGATIVE NUMBERS.
R  INDICATES RECORD WAS SET OR TIED.
MM INDICATES DATA IS MISSING.
T  INDICATES TRACE AMOUNT.




$$
