000
CDUS46 KOTX 270834
CLIGEG


CLIMATE REPORT
NATIONAL WEATHER SERVICE SPOKANE, WA
1234 AM PST THU NOV 27 2014


...................................

...THE SPOKANE WA AIRPORT CLIMATE SUMMARY FOR NOVEMBER 26 2014...

CLIMATE NORMAL PERIOD 1981 TO 2010
CLIMATE RECORD PERIOD 1881 TO 2014


WEATHER ITEM   OBSERVED TIME   RECORD YEAR NORMAL DEPARTURE LAST
                VALUE   (LST)  VALUE       VALUE  FROM      YEAR
                                                  NORMAL
..................................................................
TEMPERATURE (F)
 YESTERDAY
  MAXIMUM         46   1120 PM  57    1949  37      9       38
  MINIMUM         33    618 AM   2    1993  27      6       24
  AVERAGE         40                        32      8       31

PRECIPITATION (IN)
  YESTERDAY        0.01          0.69 1899   0.08  -0.07     0.00
  MONTH TO DATE    1.23                      1.96  -0.73     1.49
  SINCE OCT 1      2.65                      3.14  -0.49     1.58
  SINCE JAN 1     12.91                     13.92  -1.01    10.61

SNOWFALL (IN)
  YESTERDAY        0.0           3.8  1989   0.4   -0.4      0.0
  MONTH TO DATE    0.5                       5.8   -5.3      2.7
  SINCE SEP 1      0.5                       5.9   -5.4      2.7
  SINCE JUL 1      0.5                       5.9   -5.4      2.7
  SNOW DEPTH       0

DEGREE DAYS
 HEATING
  YESTERDAY       25                        33     -8       34
  MONTH TO DATE  790                       742     48      754
  SINCE SEP 1   1241                      1465   -224     1504
  SINCE JUL 1   1253                      1530   -277     1511

 COOLING
  YESTERDAY        0                         0      0        0
  MONTH TO DATE    0                         0      0        0
  SINCE SEP 1     48                        39      9      108
  SINCE JAN 1    654                       450    204      709
..................................................................


WIND (MPH)
  HIGHEST WIND SPEED    12   HIGHEST WIND DIRECTION     S (170)
  HIGHEST GUST SPEED    18   HIGHEST GUST DIRECTION     S (170)
  AVERAGE WIND SPEED     5.1


SKY COVER
  POSSIBLE SUNSHINE  MM
  AVERAGE SKY COVER 0.9


WEATHER CONDITIONS
 THE FOLLOWING WEATHER WAS RECORDED YESTERDAY.
  LIGHT RAIN
  FOG
  FOG W/VISIBILITY <= 1/4 MILE


RELATIVE HUMIDITY (PERCENT)
 HIGHEST   100           200 AM
 LOWEST     89          1100 PM
 AVERAGE    95

..........................................................


THE SPOKANE WA AIRPORT CLIMATE NORMALS FOR TODAY
                         NORMAL    RECORD    YEAR
 MAXIMUM TEMPERATURE (F)   36        57      1949
                                             1901
 MINIMUM TEMPERATURE (F)   27       -12      1985


SUNRISE AND SUNSET
NOVEMBER 27 2014......SUNRISE   712 AM PST   SUNSET   403 PM PST
NOVEMBER 28 2014......SUNRISE   714 AM PST   SUNSET   402 PM PST


-  INDICATES NEGATIVE NUMBERS.
R  INDICATES RECORD WAS SET OR TIED.
MM INDICATES DATA IS MISSING.
T  INDICATES TRACE AMOUNT.




$$
