363
CDUS45 KRIW 240746
CLIGEY


CLIMATE REPORT
NATIONAL WEATHER SERVICE RIVERTON WY
130 AM MDT WED AUG 24 2016


...................................

...THE GREYBULL WY CLIMATE SUMMARY FOR AUGUST 23 2016...

CLIMATE NORMAL PERIOD 1981 TO 2010
CLIMATE RECORD PERIOD 1998 TO 2016


WEATHER ITEM   OBSERVED TIME   RECORD YEAR NORMAL DEPARTURE LAST
                VALUE   (LST)  VALUE       VALUE  FROM      YEAR
                                                  NORMAL
..................................................................
TEMPERATURE (F)
 YESTERDAY
  MAXIMUM         84    345 PM  98    2006  88     -4       82
  MINIMUM         54    629 AM  38    2015  53      1       38
  AVERAGE         69                        70     -1       60

PRECIPITATION (IN)
  YESTERDAY        0.00          0.44 2014   0.01  -0.01     0.00
  MONTH TO DATE    0.31                      0.25   0.06     0.08
  SINCE JUN 1      0.57                      2.11  -1.54     0.33
  SINCE JAN 1      2.86                      5.28  -2.42     1.91

DEGREE DAYS
 HEATING
  YESTERDAY        0                         1     -1        5
  MONTH TO DATE    9                         1      8       25
  SINCE JUN 1     16                        77    -61       28
  SINCE JUL 1     11                         7      4       28

 COOLING
  YESTERDAY        4                         6     -2        0
  MONTH TO DATE  207                       191     16      172
  SINCE JUN 1    792                       574    218      679
  SINCE JAN 1    803                       594    209      684
..................................................................


WIND (MPH)
  HIGHEST WIND SPEED    25   HIGHEST WIND DIRECTION     N (340)
  HIGHEST GUST SPEED    30   HIGHEST GUST DIRECTION    NW (330)
  AVERAGE WIND SPEED     8.9


SKY COVER
  POSSIBLE SUNSHINE  MM
  AVERAGE SKY COVER 0.0


WEATHER CONDITIONS
 THE FOLLOWING WEATHER WAS RECORDED YESTERDAY.
  HAZE


RELATIVE HUMIDITY (PERCENT)
 HIGHEST    38           500 AM
 LOWEST      7           300 PM
 AVERAGE    23

..........................................................


THE GREYBULL WY CLIMATE NORMALS FOR TODAY
                         NORMAL    RECORD    YEAR
 MAXIMUM TEMPERATURE (F)   87        97      2011
                                             1999
 MINIMUM TEMPERATURE (F)   53        43      2015


SUNRISE AND SUNSET
AUGUST 24 2016........SUNRISE   626 AM MDT   SUNSET   802 PM MDT
AUGUST 25 2016........SUNRISE   627 AM MDT   SUNSET   800 PM MDT


-  INDICATES NEGATIVE NUMBERS.
R  INDICATES RECORD WAS SET OR TIED.
MM INDICATES DATA IS MISSING.
T  INDICATES TRACE AMOUNT.




$$
