000
CDUS45 KRIW 060732
CLIGEY


CLIMATE REPORT
NATIONAL WEATHER SERVICE RIVERTON WY
1230 AM MST TUE DEC 6 2016


...................................

...THE GREYBULL WY CLIMATE SUMMARY FOR DECEMBER 5 2016...

CLIMATE NORMAL PERIOD 1981 TO 2010
CLIMATE RECORD PERIOD 1998 TO 2016


WEATHER ITEM   OBSERVED TIME   RECORD YEAR NORMAL DEPARTURE LAST
                VALUE   (LST)  VALUE       VALUE  FROM      YEAR
                                                  NORMAL
..................................................................
TEMPERATURE (F)
 YESTERDAY
  MAXIMUM         34    328 AM  58    2012  31      3       32
  MINIMUM         10   1159 PM -15    2013   9      1        7
  AVERAGE         22                        20      2       20

PRECIPITATION (IN)
  YESTERDAY        0.01          0.07 2005   0.01   0.00     0.00
  MONTH TO DATE    0.01                      0.07  -0.06      T
  SINCE DEC 1      0.01                      0.07  -0.06      T
  SINCE JAN 1      7.06                      7.30  -0.24     2.42

DEGREE DAYS
 HEATING
  YESTERDAY       43                        45     -2       45
  MONTH TO DATE  179                       221    -42      255
  SINCE DEC 1    179                       221    -42      255
  SINCE JUL 1   1554                      2078   -524     1772

 COOLING
  YESTERDAY        0                         0      0        0
  MONTH TO DATE    0                         0      0        0
  SINCE DEC 1      0                         0      0        0
  SINCE JAN 1    887                       669    218      821
..................................................................


WIND (MPH)
  HIGHEST WIND SPEED    36   HIGHEST WIND DIRECTION    NW (330)
  HIGHEST GUST SPEED    48   HIGHEST GUST DIRECTION    NW (320)
  AVERAGE WIND SPEED    18.1


SKY COVER
  POSSIBLE SUNSHINE  MM
  AVERAGE SKY COVER 0.8


WEATHER CONDITIONS
 THE FOLLOWING WEATHER WAS RECORDED YESTERDAY.
  LIGHT SNOW


RELATIVE HUMIDITY (PERCENT)
 HIGHEST    76          1100 PM
 LOWEST     38           200 PM
 AVERAGE    57

..........................................................


THE GREYBULL WY CLIMATE NORMALS FOR TODAY
                         NORMAL    RECORD    YEAR
 MAXIMUM TEMPERATURE (F)   31        47      2003
 MINIMUM TEMPERATURE (F)    8       -15      2013


SUNRISE AND SUNSET
DECEMBER  6 2016......SUNRISE   735 AM MST   SUNSET   432 PM MST
DECEMBER  7 2016......SUNRISE   735 AM MST   SUNSET   432 PM MST


-  INDICATES NEGATIVE NUMBERS.
R  INDICATES RECORD WAS SET OR TIED.
MM INDICATES DATA IS MISSING.
T  INDICATES TRACE AMOUNT.




$$
