000
CDUS45 KRIW 230735
CLIGEY


CLIMATE REPORT
NATIONAL WEATHER SERVICE RIVERTON WY
1235 AM MST TUE JAN 23 2018


...................................

...THE GREYBULL WY CLIMATE SUMMARY FOR JANUARY 22 2018...

CLIMATE NORMAL PERIOD 1981 TO 2010
CLIMATE RECORD PERIOD 1998 TO 2018


WEATHER ITEM   OBSERVED TIME   RECORD YEAR NORMAL DEPARTURE LAST
                VALUE   (LST)  VALUE       VALUE  FROM      YEAR
                                                  NORMAL
..................................................................
TEMPERATURE (F)
 YESTERDAY
  MAXIMUM         24    425 PM  44    2005  29     -5       24
  MINIMUM          0    744 AM -33    2008   5     -5        1
  AVERAGE         12                        17     -5       13

PRECIPITATION (IN)
  YESTERDAY        0.00          0.17 2010   0.00   0.00     0.00
  MONTH TO DATE    0.01                      0.16  -0.15     0.08
  SINCE DEC 1      0.23                      0.44  -0.21     0.11
  SINCE JAN 1      0.01                      0.16  -0.15     0.08

DEGREE DAYS
 HEATING
  YESTERDAY       53                        48      5       52
  MONTH TO DATE 1100                      1067     33     1412
  SINCE DEC 1   2542                      2533      9     3061
  SINCE JUL 1   4319                      4390    -71     4436

 COOLING
  YESTERDAY        0                         0      0        0
  MONTH TO DATE    0                         0      0        0
  SINCE DEC 1      0                         0      0        0
  SINCE JAN 1      0                         0      0        0
..................................................................


WIND (MPH)
  HIGHEST WIND SPEED     9   HIGHEST WIND DIRECTION    SE (130)
  HIGHEST GUST SPEED    14   HIGHEST GUST DIRECTION    SW (230)
  AVERAGE WIND SPEED     3.3


SKY COVER
  POSSIBLE SUNSHINE  MM
  AVERAGE SKY COVER 0.3


WEATHER CONDITIONS
 THE FOLLOWING WEATHER WAS RECORDED YESTERDAY.
  FOG


RELATIVE HUMIDITY (PERCENT)
 HIGHEST    95           600 AM
 LOWEST     71           300 PM
 AVERAGE    83

..........................................................


THE GREYBULL WY CLIMATE NORMALS FOR TODAY
                         NORMAL    RECORD    YEAR
 MAXIMUM TEMPERATURE (F)   29        55      2005
 MINIMUM TEMPERATURE (F)    5       -23      2008


SUNRISE AND SUNSET
JANUARY 23 2018.......SUNRISE   740 AM MST   SUNSET   509 PM MST
JANUARY 24 2018.......SUNRISE   739 AM MST   SUNSET   510 PM MST


-  INDICATES NEGATIVE NUMBERS.
R  INDICATES RECORD WAS SET OR TIED.
MM INDICATES DATA IS MISSING.
T  INDICATES TRACE AMOUNT.




$$
