000
CDUS45 KRIW 300734
CLIGEY


CLIMATE REPORT
NATIONAL WEATHER SERVICE RIVERTON WY
127 AM MDT THU OCT 30 2014


...................................

...THE GREYBULL WY CLIMATE SUMMARY FOR OCTOBER 29 2014...

CLIMATE NORMAL PERIOD 1981 TO 2010
CLIMATE RECORD PERIOD 1998 TO 2014


WEATHER ITEM   OBSERVED TIME   RECORD YEAR NORMAL DEPARTURE LAST
                VALUE   (LST)  VALUE       VALUE  FROM      YEAR
                                                  NORMAL
..................................................................
TEMPERATURE (F)
 YESTERDAY
  MAXIMUM         65    310 PM  71    2007  54     11       34
  MINIMUM         26    346 AM  14    2002  27     -1       26
  AVERAGE         46                        41      5       30

PRECIPITATION (IN)
  YESTERDAY        0.00          0.30 2004   0.01  -0.01     0.00
  MONTH TO DATE    0.01                      0.58  -0.57     1.09
  SINCE SEP 1      0.87                      1.46  -0.59     2.20
  SINCE JAN 1      4.73                      6.91  -2.18     4.82

DEGREE DAYS
 HEATING
  YESTERDAY       19                        24     -5       35
  MONTH TO DATE  359                       539   -180      635
  SINCE SEP 1    511                       749   -238      757
  SINCE JUL 1    538                       770   -232      757

 COOLING
  YESTERDAY        0                         0      0        0
  MONTH TO DATE    0                         0      0        0
  SINCE SEP 1     43                        36      7       96
  SINCE JAN 1    698                       669     29     1005
..................................................................


WIND (MPH)
  HIGHEST WIND SPEED    28   HIGHEST WIND DIRECTION     W (290)
  HIGHEST GUST SPEED    33   HIGHEST GUST DIRECTION    NW (300)
  AVERAGE WIND SPEED     6.6


SKY COVER
  POSSIBLE SUNSHINE  MM
  AVERAGE SKY COVER 0.2


WEATHER CONDITIONS
 THE FOLLOWING WEATHER WAS RECORDED YESTERDAY.
  NO SIGNIFICANT WEATHER WAS OBSERVED.


RELATIVE HUMIDITY (PERCENT)
 HIGHEST    63           300 AM
 LOWEST     19           300 PM
 AVERAGE    41

..........................................................


THE GREYBULL WY CLIMATE NORMALS FOR TODAY
                         NORMAL    RECORD    YEAR
 MAXIMUM TEMPERATURE (F)   54        67      2008
 MINIMUM TEMPERATURE (F)   27        10      2002


SUNRISE AND SUNSET
OCTOBER 30 2014.......SUNRISE   747 AM MDT   SUNSET   604 PM MDT
OCTOBER 31 2014.......SUNRISE   748 AM MDT   SUNSET   603 PM MDT


-  INDICATES NEGATIVE NUMBERS.
R  INDICATES RECORD WAS SET OR TIED.
MM INDICATES DATA IS MISSING.
T  INDICATES TRACE AMOUNT.




$$
