000
CDUS45 KRIW 280733
CLIGEY


CLIMATE REPORT
NATIONAL WEATHER SERVICE RIVERTON WY
1233 AM MST WED JAN 28 2015


...................................

...THE GREYBULL WY CLIMATE SUMMARY FOR JANUARY 27 2015...

CLIMATE NORMAL PERIOD 1981 TO 2010
CLIMATE RECORD PERIOD 1998 TO 2015


WEATHER ITEM   OBSERVED TIME   RECORD YEAR NORMAL DEPARTURE LAST
                VALUE   (LST)  VALUE       VALUE  FROM      YEAR
                                                  NORMAL
..................................................................
TEMPERATURE (F)
 YESTERDAY
  MAXIMUM         38    137 PM  45    2006  30      8       24
  MINIMUM         12    751 AM -37    2009   6      6        4
  AVERAGE         25                        18      7       14

PRECIPITATION (IN)
  YESTERDAY        0.00          0.01 2002   0.01  -0.01     0.00
                                      2002
                                      2013
  MONTH TO DATE    0.01                      0.20  -0.19     0.02
  SINCE DEC 1      0.22                      0.48  -0.26     0.05
  SINCE JAN 1      0.01                      0.20  -0.19     0.02

DEGREE DAYS
 HEATING
  YESTERDAY       40                        47     -7       51
  MONTH TO DATE 1325                      1305     20     1155
  SINCE DEC 1   2767                      2771     -4     2462
  SINCE JUL 1   4600                      4628    -28     4270

 COOLING
  YESTERDAY        0                         0      0        0
  MONTH TO DATE    0                         0      0        0
  SINCE DEC 1      0                         0      0        0
  SINCE JAN 1      0                         0      0        0
..................................................................


WIND (MPH)
  HIGHEST WIND SPEED     9   HIGHEST WIND DIRECTION    SW (210)
  HIGHEST GUST SPEED    11   HIGHEST GUST DIRECTION     E (110)
  AVERAGE WIND SPEED     3.3


SKY COVER
  POSSIBLE SUNSHINE  MM
  AVERAGE SKY COVER 0.1


WEATHER CONDITIONS
 THE FOLLOWING WEATHER WAS RECORDED YESTERDAY.
  FOG


RELATIVE HUMIDITY (PERCENT)
 HIGHEST   100          1200 AM
 LOWEST     64           200 PM
 AVERAGE    82

..........................................................


THE GREYBULL WY CLIMATE NORMALS FOR TODAY
                         NORMAL    RECORD    YEAR
 MAXIMUM TEMPERATURE (F)   30        49      2005
 MINIMUM TEMPERATURE (F)    6       -10      2001


SUNRISE AND SUNSET
JANUARY 28 2015.......SUNRISE   735 AM MST   SUNSET   516 PM MST
JANUARY 29 2015.......SUNRISE   734 AM MST   SUNSET   517 PM MST


-  INDICATES NEGATIVE NUMBERS.
R  INDICATES RECORD WAS SET OR TIED.
MM INDICATES DATA IS MISSING.
T  INDICATES TRACE AMOUNT.




$$
