000
CDUS45 KRIW 300031
CLIGEY


CLIMATE REPORT
NATIONAL WEATHER SERVICE RIVERTON WY
628 PM MDT MON JUN 29 2015


...................................

...THE GREYBULL WY CLIMATE SUMMARY FOR JUNE 29 2015...
VALID TODAY AS OF 0500 PM LOCAL TIME.

CLIMATE NORMAL PERIOD 1981 TO 2010
CLIMATE RECORD PERIOD 1998 TO 2015


WEATHER ITEM   OBSERVED TIME   RECORD YEAR NORMAL DEPARTURE LAST
                VALUE   (LST)  VALUE       VALUE  FROM      YEAR
                                                  NORMAL
..................................................................
TEMPERATURE (F)
 TODAY
  MAXIMUM         99        MM 105    2002  86     13       84
  MINIMUM         63        MM  47    2014  55      8       47
  AVERAGE         81

PRECIPITATION (IN)
  TODAY            0.00          0.05 1999   0.02  -0.02     0.00
  MONTH TO DATE    0.25                      1.19  -0.94     0.94
  SINCE JUN 1      0.25                      1.19  -0.94     0.94
  SINCE JAN 1      1.83                      4.36  -2.53     2.64

DEGREE DAYS
 HEATING
  TODAY            0                         1     -1        0
  MONTH TO DATE    0                        70    -70       56
  SINCE JUN 1      0                        70    -70       56
  SINCE JUL 1   7119                      7750   -631     7640

 COOLING
  TODAY           16                         6     10        1
  MONTH TO DATE  226                       100    126       46
  SINCE JUN 1    226                       100    126       46
  SINCE JAN 1    231                       120    111       88
..................................................................


WIND (MPH)
  HIGHEST WIND SPEED     9   HIGHEST WIND DIRECTION     S (190)
  HIGHEST GUST SPEED    MM   HIGHEST GUST DIRECTION    MM
  AVERAGE WIND SPEED     4.7


SKY COVER
  POSSIBLE SUNSHINE  MM
  AVERAGE SKY COVER 0.0


WEATHER CONDITIONS
 THE FOLLOWING WEATHER WAS RECORDED TODAY.
  NO SIGNIFICANT WEATHER WAS OBSERVED.


RELATIVE HUMIDITY (PERCENT)
 HIGHEST    63           500 AM
 LOWEST     10           300 PM
 AVERAGE    37

..........................................................


THE GREYBULL WY CLIMATE NORMALS FOR TOMORROW
                         NORMAL    RECORD    YEAR
 MAXIMUM TEMPERATURE (F)   87       100      2002
 MINIMUM TEMPERATURE (F)   55        48      2005


SUNRISE AND SUNSET
JUNE 29 2015..........SUNRISE   530 AM MDT   SUNSET   901 PM MDT
JUNE 30 2015..........SUNRISE   531 AM MDT   SUNSET   901 PM MDT


-  INDICATES NEGATIVE NUMBERS.
R  INDICATES RECORD WAS SET OR TIED.
MM INDICATES DATA IS MISSING.
T  INDICATES TRACE AMOUNT.




$$
