042
CDUS43 KIND 052147
CLIGEZ


CLIMATE REPORT
NATIONAL WEATHER SERVICE INDIANAPOLIS IN
445 PM EST MON DEC 5 2016


...................................

...THE SHELBYVILLE IN CLIMATE SUMMARY FOR DECEMBER 5 2016...
VALID TODAY AS OF 0400 PM LOCAL TIME.

CLIMATE NORMAL PERIOD 1981 TO 2010
CLIMATE RECORD PERIOD 9999 TO 9999


WEATHER ITEM   OBSERVED TIME   NORMAL DEPARTURE LAST
                VALUE   (LST)  VALUE  FROM      YEAR
                                      NORMAL
......................................................
TEMPERATURE (F)
 TODAY
  MAXIMUM         43    345 PM  43      0       44
  MINIMUM         35    837 AM  27      8       28
  AVERAGE         39            35      4       36

PRECIPITATION (IN)
  TODAY            0.00          0.12  -0.12     0.00
  MONTH TO DATE    0.26          0.55  -0.29     0.23
  SINCE DEC 1      0.26          0.55  -0.29     0.23
  SINCE JAN 1     41.61         40.84   0.77    39.30

......................................................


WIND (MPH)
  HIGHEST WIND SPEED    16   HIGHEST WIND DIRECTION     W (270)
  HIGHEST GUST SPEED    22   HIGHEST GUST DIRECTION     W (280)
  AVERAGE WIND SPEED     6.6


SKY COVER
  AVERAGE SKY COVER 0.7


WEATHER CONDITIONS
 THE FOLLOWING WEATHER WAS RECORDED TODAY.
  NO SIGNIFICANT WEATHER WAS OBSERVED.


RELATIVE HUMIDITY (PERCENT)
 HIGHEST    85          1200 AM
 LOWEST     70           100 PM

..........................................................


THE SHELBYVILLE IN CLIMATE NORMALS FOR TOMORROW
                         NORMAL
 MAXIMUM TEMPERATURE (F)   42
 MINIMUM TEMPERATURE (F)   27


SUNRISE AND SUNSET
DECEMBER  5 2016......SUNRISE   749 AM EST   SUNSET   519 PM EST
DECEMBER  6 2016......SUNRISE   750 AM EST   SUNSET   519 PM EST


-  INDICATES NEGATIVE NUMBERS.
R  INDICATES RECORD WAS SET OR TIED.
MM INDICATES DATA IS MISSING.
T  INDICATES TRACE AMOUNT.




$$
