000
CDUS43 KIND 240539
CLIGEZ


CLIMATE REPORT
NATIONAL WEATHER SERVICE INDIANAPOLIS IN
1238 AM EST MON NOV 24 2014


...................................

...THE SHELBYVILLE IN CLIMATE SUMMARY FOR NOVEMBER 23 2014...

CLIMATE NORMAL PERIOD 1981 TO 2010
CLIMATE RECORD PERIOD 9999 TO 9999


WEATHER ITEM   OBSERVED TIME   NORMAL DEPARTURE LAST
                VALUE   (LST)  VALUE  FROM      YEAR
                                      NORMAL
......................................................
TEMPERATURE (F)
 YESTERDAY
  MAXIMUM         59   1205 PM  49     10       36
  MINIMUM         45    526 AM  32     13       23
  AVERAGE         52            40     12       30

PRECIPITATION (IN)
  YESTERDAY        1.55          0.13   1.42      T
  MONTH TO DATE    2.37          2.87  -0.50     1.52
  SINCE SEP 1      8.86          9.15  -0.29     7.83
  SINCE JAN 1     35.77         39.43  -3.66    29.24

DEGREE DAYS
 HEATING
  YESTERDAY       13            24    -11       35
  MONTH TO DATE  633           455    178      470
  SINCE SEP 1    999           884    115      807
  SINCE JUL 1   1004           890    114      815

 COOLING
  YESTERDAY        0             0      0        0
  MONTH TO DATE    0             0      0        0
  SINCE SEP 1    110           107      3      194
  SINCE JAN 1   1080           913    167     1179
......................................................


WIND (MPH)
  HIGHEST WIND SPEED    26   HIGHEST WIND DIRECTION     S (180)
  HIGHEST GUST SPEED    32   HIGHEST GUST DIRECTION     S (180)
  AVERAGE WIND SPEED    13.0


SKY COVER
  AVERAGE SKY COVER 0.7


WEATHER CONDITIONS
 THE FOLLOWING WEATHER WAS RECORDED YESTERDAY.
  HEAVY RAIN
  RAIN
  LIGHT RAIN
  FOG


RELATIVE HUMIDITY (PERCENT)
 HIGHEST    93           400 PM
 LOWEST     61          1100 AM
 AVERAGE    77

..........................................................


THE SHELBYVILLE IN CLIMATE NORMALS FOR TODAY
                         NORMAL
 MAXIMUM TEMPERATURE (F)   49
 MINIMUM TEMPERATURE (F)   31


SUNRISE AND SUNSET
NOVEMBER 24 2014......SUNRISE   737 AM EST   SUNSET   522 PM EST
NOVEMBER 25 2014......SUNRISE   738 AM EST   SUNSET   522 PM EST


-  INDICATES NEGATIVE NUMBERS.
R  INDICATES RECORD WAS SET OR TIED.
MM INDICATES DATA IS MISSING.
T  INDICATES TRACE AMOUNT.




$$
