000
CDUS43 KFGF 260659
CLIGFK


CLIMATE REPORT
NATIONAL WEATHER SERVICE EASTERN NORTH DAKOTA/GRAND FORKS
158 AM CDT FRI MAY 26 2017


...................................

...THE GRAND FORKS INTL AP ND CLIMATE SUMMARY FOR MAY 25 2017...

CLIMATE NORMAL PERIOD 1981 TO 2010
CLIMATE RECORD PERIOD 1948 TO 2017


WEATHER ITEM   OBSERVED TIME   RECORD YEAR NORMAL DEPARTURE LAST
                VALUE   (LST)  VALUE       VALUE  FROM      YEAR
                                                  NORMAL
..................................................................
TEMPERATURE (F)
 YESTERDAY
  MAXIMUM         70   1224 PM  90    1978  71     -1       69
                                      1959
  MINIMUM         49    424 AM  30    2007  45      4       57
  AVERAGE         60                        58      2       63

PRECIPITATION (IN)
  YESTERDAY        0.00          0.93 2016   0.09  -0.09     0.93
  MONTH TO DATE    0.95                      2.08  -1.13     1.82
  SINCE MAR 1      3.14                      4.05  -0.91     3.93
  SINCE JAN 1      3.99                      5.12  -1.13     4.51

SNOWFALL (IN)
  YESTERDAY        0.0          MM      MM   0.0    0.0      0.0
  MONTH TO DATE    0.0                       0.1   -0.1       T
  SINCE MAR 1      5.8                      10.2   -4.4      2.5
  SINCE JUL 1     44.1                      47.4   -3.3     28.4
  SNOW DEPTH       0

DEGREE DAYS
 HEATING
  YESTERDAY        5                         8     -3        2
  MONTH TO DATE  233                       292    -59      213
  SINCE MAR 1   2011                      2220   -209     1826
  SINCE JUL 1   7980                      9370  -1390     7805

 COOLING
  YESTERDAY        0                         1     -1        0
  MONTH TO DATE    2                        10     -8       20
  SINCE MAR 1      2                        11     -9       20
  SINCE JAN 1      2                        11     -9       20
..................................................................


WIND (MPH)
  HIGHEST WIND SPEED    36   HIGHEST WIND DIRECTION    SE (150)
  HIGHEST GUST SPEED    42   HIGHEST GUST DIRECTION    SE (150)
  AVERAGE WIND SPEED    17.3


SKY COVER
  POSSIBLE SUNSHINE  MM
  AVERAGE SKY COVER 0.6


WEATHER CONDITIONS
 THE FOLLOWING WEATHER WAS RECORDED YESTERDAY.
  NO SIGNIFICANT WEATHER WAS OBSERVED.


RELATIVE HUMIDITY (PERCENT)
 HIGHEST    80           400 AM
 LOWEST     44           100 PM
 AVERAGE    62

..........................................................


THE GRAND FORKS INTL AP ND CLIMATE NORMALS FOR TODAY
                         NORMAL    RECORD    YEAR
 MAXIMUM TEMPERATURE (F)   71        89      1980
 MINIMUM TEMPERATURE (F)   45        29      1984
                                             1961


SUNRISE AND SUNSET
MAY 26 2017...........SUNRISE   538 AM CDT   SUNSET   914 PM CDT
MAY 27 2017...........SUNRISE   537 AM CDT   SUNSET   915 PM CDT


-  INDICATES NEGATIVE NUMBERS.
R  INDICATES RECORD WAS SET OR TIED.
MM INDICATES DATA IS MISSING.
T  INDICATES TRACE AMOUNT.




$$
