000
CDUS43 KFGF 120727
CLIGFK


CLIMATE REPORT
NATIONAL WEATHER SERVICE EASTERN NORTH DAKOTA/GRAND FORKS
227 AM CDT SAT JUL 12 2014


...................................

...THE GRAND FORKS INTL AP ND CLIMATE SUMMARY FOR JULY 11 2014...

CLIMATE NORMAL PERIOD 1981 TO 2010
CLIMATE RECORD PERIOD 1941 TO 2014


WEATHER ITEM   OBSERVED TIME   RECORD YEAR NORMAL DEPARTURE LAST
                VALUE   (LST)  VALUE       VALUE  FROM      YEAR
                                                  NORMAL
..................................................................
TEMPERATURE (F)
 YESTERDAY
  MAXIMUM         85    317 PM  97    1957  81      4       88
                                      1954
  MINIMUM         59   1149 PM  42    1959  56      3       54
  AVERAGE         72                        68      4       71

PRECIPITATION (IN)
  YESTERDAY        0.00          1.66 1943   0.10  -0.10     0.00
  MONTH TO DATE    0.82                      1.27  -0.45     0.25
  SINCE JUN 1      7.42                      4.75   2.67     3.35
  SINCE JAN 1     14.60                     10.47   4.13    11.52

SNOWFALL (IN)
  YESTERDAY        0.0          MM      MM   0.0    0.0      0.0
  MONTH TO DATE    0.0                       0.0    0.0      0.0
  SINCE JUN 1      0.0                       0.0    0.0      0.0
  SINCE JUL 1      0.0                       0.0    0.0      0.0
  SNOW DEPTH       0

DEGREE DAYS
 HEATING
  YESTERDAY        0                         1     -1        0
  MONTH TO DATE   14                        12      2        0
  SINCE JUN 1     60                       115    -55       77
  SINCE JUL 1     14                        12      2        0

 COOLING
  YESTERDAY        7                         5      2        6
  MONTH TO DATE   43                        45     -2       84
  SINCE JUN 1    110                       120    -10      197
  SINCE JAN 1    163                       137     26      206
..................................................................


WIND (MPH)
  HIGHEST WIND SPEED    20   HIGHEST WIND DIRECTION    NW (310)
  HIGHEST GUST SPEED    24   HIGHEST GUST DIRECTION    NW (320)
  AVERAGE WIND SPEED     6.8


SKY COVER
  POSSIBLE SUNSHINE  MM
  AVERAGE SKY COVER 0.3


WEATHER CONDITIONS
 THE FOLLOWING WEATHER WAS RECORDED YESTERDAY.
  FOG
  FOG W/VISIBILITY <= 1/4 MILE


RELATIVE HUMIDITY (PERCENT)
 HIGHEST   100           400 AM
 LOWEST     34           300 PM
 AVERAGE    67

..........................................................


THE GRAND FORKS INTL AP ND CLIMATE NORMALS FOR TODAY
                         NORMAL    RECORD    YEAR
 MAXIMUM TEMPERATURE (F)   81        95      2006
 MINIMUM TEMPERATURE (F)   56        43      1941


SUNRISE AND SUNSET
JULY 12 2014..........SUNRISE   542 AM CDT   SUNSET   926 PM CDT
JULY 13 2014..........SUNRISE   543 AM CDT   SUNSET   925 PM CDT


-  INDICATES NEGATIVE NUMBERS.
R  INDICATES RECORD WAS SET OR TIED.
MM INDICATES DATA IS MISSING.
T  INDICATES TRACE AMOUNT.




$$
