455
CDUS43 KFGF 232258
CLIGFK


CLIMATE REPORT
NATIONAL WEATHER SERVICE EASTERN NORTH DAKOTA/GRAND FORKS
458 PM CST MON JAN 23 2017


...................................

...THE GRAND FORKS INTL AP ND CLIMATE SUMMARY FOR JANUARY 23 2017...
VALID TODAY AS OF 0400 PM LOCAL TIME.

CLIMATE NORMAL PERIOD 1981 TO 2010
CLIMATE RECORD PERIOD 1941 TO 2017


WEATHER ITEM   OBSERVED TIME   RECORD YEAR NORMAL DEPARTURE LAST
                VALUE   (LST)  VALUE       VALUE  FROM      YEAR
                                                  NORMAL
..................................................................
TEMPERATURE (F)
 TODAY
  MAXIMUM         33   1152 AM  51    1942  17     16       38
  MINIMUM         30    359 PM -35    1948  -4     34       13
  AVERAGE         32                         7     25       26

PRECIPITATION (IN)
  TODAY            0.00          0.25 2010   0.02  -0.02      T
  MONTH TO DATE    0.42                      0.42   0.00     0.28
  SINCE DEC 1      2.03                      1.03   1.00     1.34
  SINCE JAN 1      0.42                      0.42   0.00     0.28

SNOWFALL (IN)
  TODAY            0.0           4.2  1997   0.3   -0.3       T
  MONTH TO DATE    7.1                       8.3   -1.2      4.3
  SINCE DEC 1     32.2                      19.0   13.2     19.6
  SINCE JUL 1     33.3                      28.2    5.1     22.3
  SNOW DEPTH       5

DEGREE DAYS
 HEATING
  TODAY           33                        58    -25       39
  MONTH TO DATE 1310                      1347    -37     1359
  SINCE DEC 1   2914                      3007    -93     2747
  SINCE JUL 1   4382                      5206   -824     4412

 COOLING
  TODAY            0                         0      0        0
  MONTH TO DATE    0                         0      0        0
  SINCE DEC 1      0                         0      0        0
  SINCE JAN 1      0                         0      0        0
..................................................................


WIND (MPH)
  HIGHEST WIND SPEED    17   HIGHEST WIND DIRECTION     W (270)
  HIGHEST GUST SPEED    20   HIGHEST GUST DIRECTION     W (280)
  AVERAGE WIND SPEED     9.3


SKY COVER
  POSSIBLE SUNSHINE  MM
  AVERAGE SKY COVER 1.0


WEATHER CONDITIONS
 THE FOLLOWING WEATHER WAS RECORDED TODAY.
  NO SIGNIFICANT WEATHER WAS OBSERVED.


RELATIVE HUMIDITY (PERCENT)
 HIGHEST    85           300 AM
 LOWEST     66           100 PM
 AVERAGE    76

..........................................................


THE GRAND FORKS INTL AP ND CLIMATE NORMALS FOR TOMORROW
                         NORMAL    RECORD    YEAR
 MAXIMUM TEMPERATURE (F)   17        45      1981
                                             1942
 MINIMUM TEMPERATURE (F)   -3       -32      1966


SUNRISE AND SUNSET
JANUARY 23 2017.......SUNRISE   806 AM CST   SUNSET   515 PM CST
JANUARY 24 2017.......SUNRISE   805 AM CST   SUNSET   517 PM CST


-  INDICATES NEGATIVE NUMBERS.
R  INDICATES RECORD WAS SET OR TIED.
MM INDICATES DATA IS MISSING.
T  INDICATES TRACE AMOUNT.




$$
