000
CDUS43 KFGF 250723
CLIGFK


CLIMATE REPORT
NATIONAL WEATHER SERVICE EASTERN NORTH DAKOTA/GRAND FORKS
123 AM CST SUN FEB 25 2018


...................................

...THE GRAND FORKS INTL AP ND CLIMATE SUMMARY FOR FEBRUARY 24 2018...

CLIMATE NORMAL PERIOD 1981 TO 2010
CLIMATE RECORD PERIOD 1948 TO 2018


WEATHER ITEM   OBSERVED TIME   RECORD YEAR NORMAL DEPARTURE LAST
                VALUE   (LST)  VALUE       VALUE  FROM      YEAR
                                                  NORMAL
..................................................................
TEMPERATURE (F)
 YESTERDAY
  MAXIMUM         17   1102 PM  51    1976  25     -8       23
  MINIMUM         -3    701 AM -30    1950   6     -9       15
  AVERAGE          7                        15     -8       19

PRECIPITATION (IN)
  YESTERDAY        0.16          0.42 1977   0.03   0.13      T
  MONTH TO DATE    0.43                      0.42   0.01     0.34
  SINCE DEC 1      1.70                      1.58   0.12     2.40
  SINCE JAN 1      0.93                      0.97  -0.04     0.79

SNOWFALL (IN)
  YESTERDAY        1.2           4.4  1977   0.3    0.9       T
  MONTH TO DATE    7.8                       5.5    2.3      3.7
  SINCE DEC 1     25.3                      26.9   -1.6     36.2
  SINCE JUL 1     35.5                      36.1   -0.6     37.3
  SNOW DEPTH       8

DEGREE DAYS
 HEATING
  YESTERDAY       58                        50      8       46
  MONTH TO DATE 1464                      1289    175     1063
  SINCE DEC 1   4816                      4756     60     4308
  SINCE JUL 1   6801                      6955   -154     5776

 COOLING
  YESTERDAY        0                         0      0        0
  MONTH TO DATE    0                         0      0        0
  SINCE DEC 1      0                         0      0        0
  SINCE JAN 1      0                         0      0        0
..................................................................


WIND (MPH)
  HIGHEST WIND SPEED    23   HIGHEST WIND DIRECTION     S (180)
  HIGHEST GUST SPEED    27   HIGHEST GUST DIRECTION     S (180)
  AVERAGE WIND SPEED     9.8


SKY COVER
  POSSIBLE SUNSHINE  MM
  AVERAGE SKY COVER 0.6


WEATHER CONDITIONS
 THE FOLLOWING WEATHER WAS RECORDED YESTERDAY.
  LIGHT SNOW
  FOG


RELATIVE HUMIDITY (PERCENT)
 HIGHEST    92          1000 PM
 LOWEST     73           300 PM
 AVERAGE    83

..........................................................


THE GRAND FORKS INTL AP ND CLIMATE NORMALS FOR TODAY
                         NORMAL    RECORD    YEAR
 MAXIMUM TEMPERATURE (F)   25        65      1958
 MINIMUM TEMPERATURE (F)    6       -33      1950


SUNRISE AND SUNSET
FEBRUARY 25 2018......SUNRISE   717 AM CST   SUNSET   607 PM CST
FEBRUARY 26 2018......SUNRISE   715 AM CST   SUNSET   609 PM CST


-  INDICATES NEGATIVE NUMBERS.
R  INDICATES RECORD WAS SET OR TIED.
MM INDICATES DATA IS MISSING.
T  INDICATES TRACE AMOUNT.




$$
