000
CDUS43 KFGF 260648
CLIGFK


CLIMATE REPORT
NATIONAL WEATHER SERVICE EASTERN NORTH DAKOTA/GRAND FORKS
1246 AM CST SUN FEB 26 2017


...................................

...THE GRAND FORKS INTL AP ND CLIMATE SUMMARY FOR FEBRUARY 25 2017...

CLIMATE NORMAL PERIOD 1981 TO 2010
CLIMATE RECORD PERIOD 1941 TO 2017


WEATHER ITEM   OBSERVED TIME   RECORD YEAR NORMAL DEPARTURE LAST
                VALUE   (LST)  VALUE       VALUE  FROM      YEAR
                                                  NORMAL
..................................................................
TEMPERATURE (F)
 YESTERDAY
  MAXIMUM         32    336 PM  65    1958  25      7       30
  MINIMUM         14    148 AM -33    1950   6      8       22
  AVERAGE         23                        16      7       26

PRECIPITATION (IN)
  YESTERDAY        0.01          0.87 2000   0.02  -0.01      T
  MONTH TO DATE    0.35                      0.44  -0.09     0.26
  SINCE DEC 1      2.41                      1.60   0.81     1.64
  SINCE JAN 1      0.80                      0.99  -0.19     0.58

SNOWFALL (IN)
  YESTERDAY       MM             4.0  2007   0.3   MM         T
  MONTH TO DATE    3.7                       5.8   -2.1      2.6
  SINCE DEC 1     36.2                      27.2    9.0     23.2
  SINCE JUL 1     37.3                      36.4    0.9     25.9
  SNOW DEPTH       0

DEGREE DAYS
 HEATING
  YESTERDAY       42                        49     -7       39
  MONTH TO DATE 1105                      1338   -233     1102
  SINCE DEC 1   4350                      4805   -455     4159
  SINCE JUL 1   5818                      7004  -1186     5824

 COOLING
  YESTERDAY        0                         0      0        0
  MONTH TO DATE    0                         0      0        0
  SINCE DEC 1      0                         0      0        0
  SINCE JAN 1      0                         0      0        0
..................................................................


WIND (MPH)
  HIGHEST WIND SPEED    17   HIGHEST WIND DIRECTION    NW (300)
  HIGHEST GUST SPEED    20   HIGHEST GUST DIRECTION     W (290)
  AVERAGE WIND SPEED     9.5


SKY COVER
  POSSIBLE SUNSHINE  MM
  AVERAGE SKY COVER 0.7


WEATHER CONDITIONS
 THE FOLLOWING WEATHER WAS RECORDED YESTERDAY.
  LIGHT SNOW


RELATIVE HUMIDITY (PERCENT)
 HIGHEST    73          1200 AM
 LOWEST     53           300 PM
 AVERAGE    63

..........................................................


THE GRAND FORKS INTL AP ND CLIMATE NORMALS FOR TODAY
                         NORMAL    RECORD    YEAR
 MAXIMUM TEMPERATURE (F)   26        46      1958
 MINIMUM TEMPERATURE (F)    7       -20      1964
                                             1962


SUNRISE AND SUNSET
FEBRUARY 26 2017......SUNRISE   715 AM CST   SUNSET   609 PM CST
FEBRUARY 27 2017......SUNRISE   713 AM CST   SUNSET   611 PM CST


-  INDICATES NEGATIVE NUMBERS.
R  INDICATES RECORD WAS SET OR TIED.
MM INDICATES DATA IS MISSING.
T  INDICATES TRACE AMOUNT.




$$
