000
CDUS43 KFGF 100641
CLIGFK


CLIMATE REPORT
NATIONAL WEATHER SERVICE EASTERN NORTH DAKOTA/GRAND FORKS
1240 AM CST WED FEB 10 2016


...................................

...THE GRAND FORKS INTL AP ND CLIMATE SUMMARY FOR FEBRUARY 9 2016...

CLIMATE NORMAL PERIOD 1981 TO 2010
CLIMATE RECORD PERIOD 1941 TO 2016


WEATHER ITEM   OBSERVED TIME   RECORD YEAR NORMAL DEPARTURE LAST
                VALUE   (LST)  VALUE       VALUE  FROM      YEAR
                                                  NORMAL
..................................................................
TEMPERATURE (F)
 YESTERDAY
  MAXIMUM         12    405 PM  40    1977  20     -8       14
                                      1976
  MINIMUM          3    945 PM -32    1994   0      3        7
  AVERAGE          8                        10     -2       11

PRECIPITATION (IN)
  YESTERDAY        T             0.47 2009   0.02  -0.02      T
  MONTH TO DATE    0.14                      0.13   0.01     0.02
  SINCE DEC 1      1.52                      1.29   0.23     0.66
  SINCE JAN 1      0.46                      0.68  -0.22     0.44

SNOWFALL (IN)
  YESTERDAY        T            MM      MM   0.2   -0.2       T
  MONTH TO DATE    1.3                       2.0   -0.7      0.4
  SINCE DEC 1     21.9                      23.4   -1.5      6.0
  SINCE JUL 1     24.6                      32.6   -8.0     10.0
  SNOW DEPTH       1

DEGREE DAYS
 HEATING
  YESTERDAY       57                        55      2       54
  MONTH TO DATE  400                       505   -105      495
  SINCE DEC 1   3457                      3972   -515     3569
  SINCE JUL 1   5122                      6171  -1049     5713

 COOLING
  YESTERDAY        0                         0      0        0
  MONTH TO DATE    0                         0      0        0
  SINCE DEC 1      0                         0      0        0
  SINCE JAN 1      0                         0      0        0
..................................................................


WIND (MPH)
  HIGHEST WIND SPEED    17   HIGHEST WIND DIRECTION     N (350)
  HIGHEST GUST SPEED    20   HIGHEST GUST DIRECTION     N (350)
  AVERAGE WIND SPEED    11.9


SKY COVER
  POSSIBLE SUNSHINE  MM
  AVERAGE SKY COVER 0.6


WEATHER CONDITIONS
 THE FOLLOWING WEATHER WAS RECORDED YESTERDAY.
  LIGHT SNOW


RELATIVE HUMIDITY (PERCENT)
 HIGHEST    86           200 AM
 LOWEST     66           500 PM
 AVERAGE    76

..........................................................


THE GRAND FORKS INTL AP ND CLIMATE NORMALS FOR TODAY
                         NORMAL    RECORD    YEAR
 MAXIMUM TEMPERATURE (F)   20        41      1977
 MINIMUM TEMPERATURE (F)    0       -27      1949


SUNRISE AND SUNSET
FEBRUARY 10 2016......SUNRISE   744 AM CST   SUNSET   543 PM CST
FEBRUARY 11 2016......SUNRISE   742 AM CST   SUNSET   544 PM CST


-  INDICATES NEGATIVE NUMBERS.
R  INDICATES RECORD WAS SET OR TIED.
MM INDICATES DATA IS MISSING.
T  INDICATES TRACE AMOUNT.




$$
