000
CDUS41 KALY 130625
CLIGFL


CLIMATE REPORT
NATIONAL WEATHER SERVICE ALBANY NY
124 AM EST SAT FEB 13 2016


...................................

...THE GLENS FALLS NY CLIMATE SUMMARY FOR FEBRUARY 12 2016...

CLIMATE NORMAL PERIOD 1981 TO 2010
CLIMATE RECORD PERIOD 1949 TO 2016


WEATHER ITEM   OBSERVED TIME   RECORD YEAR NORMAL DEPARTURE LAST
                VALUE   (LST)  VALUE       VALUE  FROM      YEAR
                                                  NORMAL
..................................................................
TEMPERATURE (F)
 YESTERDAY
  MAXIMUM         23    413 PM  53    1999  32     -9       32
  MINIMUM         -6    716 AM -25    1979   9    -15        8
  AVERAGE          9                        20    -11       20

PRECIPITATION (IN)
  YESTERDAY        0.00          0.72 1988   0.07  -0.07      T
  MONTH TO DATE    1.39                      0.91   0.48     0.42
  SINCE DEC 1      6.50                      6.82  -0.32     5.99
  SINCE JAN 1      2.45                      3.77  -1.32     1.91

DEGREE DAYS
 HEATING
  YESTERDAY       56                        45     11       45
  MONTH TO DATE  347                       548   -201      666
  SINCE DEC 1   2235                      3246  -1011     3276
  SINCE JUL 1   3526                      4944  -1418     4737

 COOLING
  YESTERDAY        0                         0      0        0
  MONTH TO DATE    0                         0      0        0
  SINCE DEC 1      0                         0      0        0
  SINCE JAN 1      0                         0      0        0
..................................................................


WIND (MPH)
  HIGHEST WIND SPEED    17   HIGHEST WIND DIRECTION     S (180)
  HIGHEST GUST SPEED    23   HIGHEST GUST DIRECTION     S (190)
  AVERAGE WIND SPEED     6.0


SKY COVER
  AVERAGE SKY COVER 0.2



RELATIVE HUMIDITY (PERCENT)
 HIGHEST    79           200 AM
 LOWEST     41           700 PM
 AVERAGE    60

..........................................................


THE GLENS FALLS NY CLIMATE NORMALS FOR TODAY
                         NORMAL    RECORD    YEAR
 MAXIMUM TEMPERATURE (F)   32        46      1951
 MINIMUM TEMPERATURE (F)    9       -25      1967


SUNRISE AND SUNSET
FEBRUARY 13 2016......SUNRISE   656 AM EST   SUNSET   522 PM EST
FEBRUARY 14 2016......SUNRISE   655 AM EST   SUNSET   523 PM EST


-  INDICATES NEGATIVE NUMBERS.
R  INDICATES RECORD WAS SET OR TIED.
MM INDICATES DATA IS MISSING.
T  INDICATES TRACE AMOUNT.




$$
