000
CDUS41 KALY 250638
CLIGFL


CLIMATE REPORT
NATIONAL WEATHER SERVICE ALBANY NY
222 AM EDT MON JUL 25 2016


...................................

...THE GLENS FALLS NY CLIMATE SUMMARY FOR JULY 24 2016...

CLIMATE NORMAL PERIOD 1981 TO 2010
CLIMATE RECORD PERIOD 1949 TO 2016


WEATHER ITEM   OBSERVED TIME   RECORD YEAR NORMAL DEPARTURE LAST
                VALUE   (LST)  VALUE       VALUE  FROM      YEAR
                                                  NORMAL
..................................................................
TEMPERATURE (F)
 YESTERDAY
  MAXIMUM         83    536 PM  92    1963  81      2       MM
  MINIMUM         62    522 AM  43    1985  57      5       MM
  AVERAGE         73                        69      4       MM

PRECIPITATION (IN)
  YESTERDAY        0.00          0.98 1975   0.14  -0.14     0.32
  MONTH TO DATE    3.71                      3.13   0.58     1.31
  SINCE JUN 1      6.82                      6.68   0.14     7.53
  SINCE JAN 1     18.44                     21.17  -2.73    14.84

DEGREE DAYS
 HEATING
  YESTERDAY        0                         1     -1       MM
  MONTH TO DATE    0                        24    -24       11
  SINCE JUN 1     44                       114    -70       90
  SINCE JUL 1      0                        24    -24       11

 COOLING
  YESTERDAY        8                         5      3       MM
  MONTH TO DATE  158                       112     46      114
  SINCE JUN 1    261                       181     80      180
  SINCE JAN 1    317                       193    124      256
..................................................................


WIND (MPH)
  HIGHEST WIND SPEED     9   HIGHEST WIND DIRECTION     E (110)
  HIGHEST GUST SPEED    12   HIGHEST GUST DIRECTION     E (90)
  AVERAGE WIND SPEED     2.2


SKY COVER
  AVERAGE SKY COVER 0.5



RELATIVE HUMIDITY (PERCENT)
 HIGHEST   100           400 AM
 LOWEST     51           400 PM
 AVERAGE    76

..........................................................


THE GLENS FALLS NY CLIMATE NORMALS FOR TODAY
                         NORMAL    RECORD    YEAR
 MAXIMUM TEMPERATURE (F)   81        94      1963
 MINIMUM TEMPERATURE (F)   57        46      2002


SUNRISE AND SUNSET
JULY 25 2016..........SUNRISE   538 AM EDT   SUNSET   824 PM EDT
JULY 26 2016..........SUNRISE   539 AM EDT   SUNSET   823 PM EDT


-  INDICATES NEGATIVE NUMBERS.
R  INDICATES RECORD WAS SET OR TIED.
MM INDICATES DATA IS MISSING.
T  INDICATES TRACE AMOUNT.




$$
