966
CDUS41 KALY 260625
CLIGFL


CLIMATE REPORT
NATIONAL WEATHER SERVICE ALBANY NY
124 AM EST SUN FEB 26 2017


...................................

...THE GLENS FALLS NY CLIMATE SUMMARY FOR FEBRUARY 25 2017...

CLIMATE NORMAL PERIOD 1981 TO 2010
CLIMATE RECORD PERIOD 1949 TO 2017


WEATHER ITEM   OBSERVED TIME   RECORD YEAR NORMAL DEPARTURE LAST
                VALUE   (LST)  VALUE       VALUE  FROM      YEAR
                                                  NORMAL
..................................................................
TEMPERATURE (F)
 YESTERDAY
  MAXIMUM         70R   139 PM  58    1984  36     34       50
  MINIMUM         33    206 AM -12    2007  13     20       33
  AVERAGE         52                        24     28       42

PRECIPITATION (IN)
  YESTERDAY        0.66          1.34 1977   0.08   0.58    MM
  MONTH TO DATE    2.51                      1.84   0.67     3.71
  SINCE DEC 1      7.56                      7.75  -0.19     8.82
  SINCE JAN 1      4.69                      4.70  -0.01     4.77

DEGREE DAYS
 HEATING
  YESTERDAY       13                        41    -28       23
  MONTH TO DATE  873                      1103   -230      871
  SINCE DEC 1   3126                      3801   -675     2759
  SINCE JUL 1   4442                      5499  -1057     4050

 COOLING
  YESTERDAY        0                         0      0        0
  MONTH TO DATE    0                         0      0        0
  SINCE DEC 1      0                         0      0        0
  SINCE JAN 1      0                         0      0        0
..................................................................


WIND (MPH)
  HIGHEST WIND SPEED    30   HIGHEST WIND DIRECTION     W (290)
  HIGHEST GUST SPEED    39   HIGHEST GUST DIRECTION     W (290)
  AVERAGE WIND SPEED     8.0


SKY COVER
  AVERAGE SKY COVER 0.8



RELATIVE HUMIDITY (PERCENT)
 HIGHEST    92          1200 AM
 LOWEST     49           300 PM
 AVERAGE    71

..........................................................


THE GLENS FALLS NY CLIMATE NORMALS FOR TODAY
                         NORMAL    RECORD    YEAR
 MAXIMUM TEMPERATURE (F)   36        61      2002
 MINIMUM TEMPERATURE (F)   13       -16      2003


SUNRISE AND SUNSET
FEBRUARY 26 2017......SUNRISE   635 AM EST   SUNSET   540 PM EST
FEBRUARY 27 2017......SUNRISE   634 AM EST   SUNSET   541 PM EST


-  INDICATES NEGATIVE NUMBERS.
R  INDICATES RECORD WAS SET OR TIED.
MM INDICATES DATA IS MISSING.
T  INDICATES TRACE AMOUNT.




$$
