000
CDUS41 KALY 180626
CLIGFL


CLIMATE REPORT
NATIONAL WEATHER SERVICE ALBANY NY
226 AM EDT FRI APR 18 2014


...................................

...THE GLENS FALLS NY CLIMATE SUMMARY FOR APRIL 17 2014...

CLIMATE NORMAL PERIOD 1981 TO 2010
CLIMATE RECORD PERIOD 1949 TO 2014


WEATHER ITEM   OBSERVED TIME   RECORD YEAR NORMAL DEPARTURE LAST
                VALUE   (LST)  VALUE       VALUE  FROM      YEAR
                                                  NORMAL
..................................................................
TEMPERATURE (F)
 YESTERDAY
  MAXIMUM         MM        MM  91    2002  58     MM       61
  MINIMUM         MM        MM  23    2003  33     MM       39
  AVERAGE         MM                        45     MM       50

PRECIPITATION (IN)
  YESTERDAY       MM             1.07 1954   0.09  MM        0.00
  MONTH TO DATE    1.93                      1.66   0.27     1.57
  SINCE MAR 1      4.65                      4.60   0.05     4.68
  SINCE JAN 1      9.18                      9.54  -0.36     6.98

DEGREE DAYS
 HEATING
  YESTERDAY       MM                        20     MM       15
  MONTH TO DATE  337                       392    -55      393
  SINCE MAR 1   1647                      1435    212     1379
  SINCE JUL 1   7416                      7055    361     6480

 COOLING
  YESTERDAY       MM                         0     MM        0
  MONTH TO DATE    0                         0      0        0
  SINCE MAR 1      0                         0      0        0
  SINCE JAN 1      0                         0      0        0
..................................................................


WIND (MPH)
  HIGHEST WIND SPEED    MM   HIGHEST WIND DIRECTION    MM
  HIGHEST GUST SPEED    MM   HIGHEST GUST DIRECTION    MM
  AVERAGE WIND SPEED    MM


SKY COVER
  AVERAGE SKY COVER  MM



RELATIVE HUMIDITY (PERCENT)
 HIGHEST    MM
 LOWEST     MM
 AVERAGE    MM

..........................................................


THE GLENS FALLS NY CLIMATE NORMALS FOR TODAY
                         NORMAL    RECORD    YEAR
 MAXIMUM TEMPERATURE (F)   58        90      2002
 MINIMUM TEMPERATURE (F)   34        23      1990


SUNRISE AND SUNSET
APRIL 18 2014.........SUNRISE   607 AM EDT   SUNSET   741 PM EDT
APRIL 19 2014.........SUNRISE   606 AM EDT   SUNSET   742 PM EDT


-  INDICATES NEGATIVE NUMBERS.
R  INDICATES RECORD WAS SET OR TIED.
MM INDICATES DATA IS MISSING.
T  INDICATES TRACE AMOUNT.




$$
