000
CDUS41 KALY 220631
CLIGFL


CLIMATE REPORT
NATIONAL WEATHER SERVICE ALBANY NY
128 AM EST THU FEB 22 2018


...................................

...THE GLENS FALLS NY CLIMATE SUMMARY FOR FEBRUARY 21 2018...

CLIMATE NORMAL PERIOD 1981 TO 2010
CLIMATE RECORD PERIOD 1949 TO 2018


WEATHER ITEM   OBSERVED TIME   RECORD YEAR NORMAL DEPARTURE LAST
                VALUE   (LST)  VALUE       VALUE  FROM      YEAR
                                                  NORMAL
..................................................................
TEMPERATURE (F)
 YESTERDAY
  MAXIMUM         66R   243 PM  65    1981  34     32       44
  MINIMUM         33    654 AM -17    2015  11     22       13
  AVERAGE         50                        23     27       29

PRECIPITATION (IN)
  YESTERDAY        0.00          1.22 1989   0.07  -0.07     0.00
  MONTH TO DATE    1.68                      1.53   0.15     1.85
  SINCE DEC 1      6.27                      7.44  -1.17     6.90
  SINCE JAN 1      3.95                      4.39  -0.44     4.03

DEGREE DAYS
 HEATING
  YESTERDAY       15                        42    -27       36
  MONTH TO DATE  852                       937    -85      808
  SINCE DEC 1   3670                      3635     35     3061
  SINCE JUL 1   5081                      5333   -252     4377

 COOLING
  YESTERDAY        0                         0      0        0
  MONTH TO DATE    0                         0      0        0
  SINCE DEC 1      0                         0      0        0
  SINCE JAN 1      0                         0      0        0
..................................................................


WIND (MPH)
  HIGHEST WIND SPEED    24   HIGHEST WIND DIRECTION     W (290)
  HIGHEST GUST SPEED    29   HIGHEST GUST DIRECTION     W (290)
  AVERAGE WIND SPEED     7.9


SKY COVER
  AVERAGE SKY COVER 0.7



RELATIVE HUMIDITY (PERCENT)
 HIGHEST   100          1200 AM
 LOWEST     53          1100 PM
 AVERAGE    77

..........................................................


THE GLENS FALLS NY CLIMATE NORMALS FOR TODAY
                         NORMAL    RECORD    YEAR
 MAXIMUM TEMPERATURE (F)   35        63      1981
 MINIMUM TEMPERATURE (F)   12       -12      2011


SUNRISE AND SUNSET
FEBRUARY 22 2018......SUNRISE   642 AM EST   SUNSET   534 PM EST
FEBRUARY 23 2018......SUNRISE   640 AM EST   SUNSET   536 PM EST


-  INDICATES NEGATIVE NUMBERS.
R  INDICATES RECORD WAS SET OR TIED.
MM INDICATES DATA IS MISSING.
T  INDICATES TRACE AMOUNT.




$$
