000
CDUS44 KSHV 190733
CLIGGG


CLIMATE REPORT
NATIONAL WEATHER SERVICE SHREVEPORT, LA
231 AM CDT SAT APR 19 2014


...................................

...THE LONGVIEW CLIMATE SUMMARY FOR APRIL 18 2014...

CLIMATE NORMAL PERIOD 1981 TO 2010
CLIMATE RECORD PERIOD 1902 TO 2014


WEATHER ITEM   OBSERVED TIME   RECORD YEAR NORMAL DEPARTURE LAST
                VALUE   (LST)  VALUE       VALUE  FROM      YEAR
                                                  NORMAL
..................................................................
TEMPERATURE (F)
 YESTERDAY
  MAXIMUM         76    416 PM  94    2006  77     -1       76
  MINIMUM         54    650 AM  37    2001  54      0       46
  AVERAGE         65                        65      0       61

PRECIPITATION (IN)
  YESTERDAY        T             1.53 1966   0.10  -0.10     0.91
  MONTH TO DATE    2.20                      1.89   0.31     2.34
  SINCE DEC 1     13.08                     18.09  -5.01    18.16
  SINCE JAN 1      8.93                     13.60  -4.67    13.81

SNOWFALL (IN)
  YESTERDAY        0.0
  MONTH TO DATE    0.0
  SINCE MAR 1      0.1
  SINCE JUL 1      0.3
  SNOW DEPTH       0

DEGREE DAYS
 HEATING
  YESTERDAY        0                         3     -3        4
  MONTH TO DATE  107                        72     35       79
  SINCE MAR 1    455                       327    128      378
  SINCE JUL 1   2579                      2231    348     1968

 COOLING
  YESTERDAY        0                         3     -3        0
  MONTH TO DATE   48                        42      6       64
  SINCE MAR 1     58                        69    -11       82
  SINCE JAN 1     63                        81    -18       90
..................................................................


WIND (MPH)
  HIGHEST WIND SPEED    13   HIGHEST WIND DIRECTION    NE (60)
  HIGHEST GUST SPEED    18   HIGHEST GUST DIRECTION     N (10)
  AVERAGE WIND SPEED     3.4


SKY COVER
  POSSIBLE SUNSHINE  MM
  AVERAGE SKY COVER 0.5


WEATHER CONDITIONS
 THE FOLLOWING WEATHER WAS RECORDED YESTERDAY.
  HAZE


RELATIVE HUMIDITY (PERCENT)
 HIGHEST    89           600 AM
 LOWEST     38           400 PM
 AVERAGE    64

..........................................................


THE LONGVIEW CLIMATE NORMALS FOR TODAY
                         NORMAL    RECORD    YEAR
 MAXIMUM TEMPERATURE (F)   77        93      2011
 MINIMUM TEMPERATURE (F)   54        36      1953


SUNRISE AND SUNSET
APRIL 19 2014.........SUNRISE   645 AM CDT   SUNSET   751 PM CDT
APRIL 20 2014.........SUNRISE   644 AM CDT   SUNSET   752 PM CDT


-  INDICATES NEGATIVE NUMBERS.
R  INDICATES RECORD WAS SET OR TIED.
MM INDICATES DATA IS MISSING.
T  INDICATES TRACE AMOUNT.




$$
