000
CDUS44 KSHV 270750
CLIGGG


CLIMATE REPORT
NATIONAL WEATHER SERVICE SHREVEPORT, LA
250 AM CDT THU APR 27 2017


...................................

...THE LONGVIEW CLIMATE SUMMARY FOR APRIL 26 2017...

CLIMATE NORMAL PERIOD 1981 TO 2010
CLIMATE RECORD PERIOD 1902 TO 2017


WEATHER ITEM   OBSERVED TIME   RECORD YEAR NORMAL DEPARTURE LAST
                VALUE   (LST)  VALUE       VALUE  FROM      YEAR
                                                  NORMAL
..................................................................
TEMPERATURE (F)
 YESTERDAY
  MAXIMUM         84   1224 PM  90    1939  79      5       85
  MINIMUM         51   1159 PM  38    1910  56     -5       72
  AVERAGE         68                        68      0       79

PRECIPITATION (IN)
  YESTERDAY        0.29          3.50 1922   0.10   0.19     0.00
  MONTH TO DATE    5.94                      2.76   3.18     4.53
  SINCE DEC 1     21.16                     18.96   2.20    25.52
  SINCE JAN 1     16.36                     14.47   1.89    19.46

SNOWFALL (IN)
  YESTERDAY        0.0
  MONTH TO DATE    0.0
  SINCE MAR 1      0.0
  SINCE JUL 1      0.0
  SNOW DEPTH       0

DEGREE DAYS
 HEATING
  YESTERDAY        0                         1     -1        0
  MONTH TO DATE   28                        85    -57       49
  SINCE MAR 1    175                       340   -165      190
  SINCE JUL 1   1276                      2244   -968     1639

 COOLING
  YESTERDAY        3                         4     -1       14
  MONTH TO DATE  123                        69     54       68
  SINCE MAR 1    221                        96    125      106
  SINCE JAN 1    292                       108    184      112
..................................................................


WIND (MPH)
  HIGHEST WIND SPEED    30   HIGHEST WIND DIRECTION     W (280)
  HIGHEST GUST SPEED    40   HIGHEST GUST DIRECTION    NW (300)
  AVERAGE WIND SPEED    13.5


SKY COVER
  POSSIBLE SUNSHINE  MM
  AVERAGE SKY COVER 0.8


WEATHER CONDITIONS
 THE FOLLOWING WEATHER WAS RECORDED YESTERDAY.
  THUNDERSTORM
  RAIN
  LIGHT RAIN
  FOG
  HAZE


RELATIVE HUMIDITY (PERCENT)
 HIGHEST    93           600 PM
 LOWEST     69          1100 AM
 AVERAGE    81

..........................................................


THE LONGVIEW CLIMATE NORMALS FOR TODAY
                         NORMAL    RECORD    YEAR
 MAXIMUM TEMPERATURE (F)   79        88      1994
 MINIMUM TEMPERATURE (F)   57        39      1920


SUNRISE AND SUNSET
APRIL 27 2017.........SUNRISE   636 AM CDT   SUNSET   757 PM CDT
APRIL 28 2017.........SUNRISE   635 AM CDT   SUNSET   758 PM CDT


-  INDICATES NEGATIVE NUMBERS.
R  INDICATES RECORD WAS SET OR TIED.
MM INDICATES DATA IS MISSING.
T  INDICATES TRACE AMOUNT.




$$
