000
CDUS44 KSHV 270851
CLIGGG


CLIMATE REPORT
NATIONAL WEATHER SERVICE SHREVEPORT, LA
250 AM CST TUE JAN 27 2015


...................................

...THE LONGVIEW CLIMATE SUMMARY FOR JANUARY 26 2015...

CLIMATE NORMAL PERIOD 1981 TO 2010
CLIMATE RECORD PERIOD 1902 TO 2015


WEATHER ITEM   OBSERVED TIME   RECORD YEAR NORMAL DEPARTURE LAST
                VALUE   (LST)  VALUE       VALUE  FROM      YEAR
                                                  NORMAL
..................................................................
TEMPERATURE (F)
 YESTERDAY
  MAXIMUM         67    400 PM  86    1910  58      9       69
  MINIMUM         36    729 AM  12    1940  36      0       40
  AVERAGE         52                        47      5       55

PRECIPITATION (IN)
  YESTERDAY        0.00          1.00 1949   0.12  -0.12     0.00
  MONTH TO DATE    5.42                      2.73   2.69     0.47
  SINCE DEC 1      7.72                      7.22   0.50     4.62
  SINCE JAN 1      5.42                      2.73   2.69     0.47

SNOWFALL (IN)
  YESTERDAY        0.0
  MONTH TO DATE    0.0
  SINCE DEC 1      0.0
  SINCE JUL 1      0.0
  SNOW DEPTH       0

DEGREE DAYS
 HEATING
  YESTERDAY       13                        18     -5       10
  MONTH TO DATE  564                       490     74      517
  SINCE DEC 1   1006                      1024    -18     1090
  SINCE JUL 1   1416                      1396     20     1518

 COOLING
  YESTERDAY        0                         0      0        0
  MONTH TO DATE    0                         0      0        0
  SINCE DEC 1      5                         6     -1       11
  SINCE JAN 1      0                         0      0        0
..................................................................


WIND (MPH)
  HIGHEST WIND SPEED    15   HIGHEST WIND DIRECTION    SW (240)
  HIGHEST GUST SPEED    19   HIGHEST GUST DIRECTION    SW (240)
  AVERAGE WIND SPEED     6.0


SKY COVER
  POSSIBLE SUNSHINE  MM
  AVERAGE SKY COVER 0.0


WEATHER CONDITIONS
 THE FOLLOWING WEATHER WAS RECORDED YESTERDAY.
  NO SIGNIFICANT WEATHER WAS OBSERVED.


RELATIVE HUMIDITY (PERCENT)
 HIGHEST    76           800 AM
 LOWEST     28           300 PM
 AVERAGE    52

..........................................................


THE LONGVIEW CLIMATE NORMALS FOR TODAY
                         NORMAL    RECORD    YEAR
 MAXIMUM TEMPERATURE (F)   58        80      1947
 MINIMUM TEMPERATURE (F)   36        13      1904


SUNRISE AND SUNSET
JANUARY 27 2015.......SUNRISE   716 AM CST   SUNSET   547 PM CST
JANUARY 28 2015.......SUNRISE   716 AM CST   SUNSET   548 PM CST


-  INDICATES NEGATIVE NUMBERS.
R  INDICATES RECORD WAS SET OR TIED.
MM INDICATES DATA IS MISSING.
T  INDICATES TRACE AMOUNT.




$$
