000
CDUS44 KSHV 050841
CLIGGG


CLIMATE REPORT
NATIONAL WEATHER SERVICE SHREVEPORT, LA
240 AM CST THU MAR 5 2015


...................................

...THE LONGVIEW CLIMATE SUMMARY FOR MARCH 4 2015...

CLIMATE NORMAL PERIOD 1981 TO 2010
CLIMATE RECORD PERIOD 1902 TO 2015


WEATHER ITEM   OBSERVED TIME   RECORD YEAR NORMAL DEPARTURE LAST
                VALUE   (LST)  VALUE       VALUE  FROM      YEAR
                                                  NORMAL
..................................................................
TEMPERATURE (F)
 YESTERDAY
  MAXIMUM         66   1006 AM  82    1974  66      0       44
  MINIMUM         37   1159 PM  17    2002  43     -6       26
  AVERAGE         52                        55     -3       35

PRECIPITATION (IN)
  YESTERDAY        1.45          2.30 1964   0.14   1.31     0.00
  MONTH TO DATE    1.58                      0.54   1.04     0.81
  SINCE DEC 1     12.69                     12.39   0.30     7.94
  SINCE JAN 1     10.39                      7.90   2.49     3.79

SNOWFALL (IN)
  YESTERDAY        0.0
  MONTH TO DATE    0.0
  SINCE MAR 1      0.0
  SINCE JUL 1      2.9
  SNOW DEPTH       0

DEGREE DAYS
 HEATING
  YESTERDAY       13                        11      2       30
  MONTH TO DATE   66                        45     21       89
  SINCE MAR 1     66                        45     21       89
  SINCE JUL 1   2044                      1949     95     2213

 COOLING
  YESTERDAY        0                         1     -1        0
  MONTH TO DATE    0                         4     -4        3
  SINCE MAR 1      0                         4     -4        3
  SINCE JAN 1      0                        16    -16        8
..................................................................


WIND (MPH)
  HIGHEST WIND SPEED    21   HIGHEST WIND DIRECTION    NW (330)
  HIGHEST GUST SPEED    28   HIGHEST GUST DIRECTION    NE (40)
  AVERAGE WIND SPEED     8.5


SKY COVER
  POSSIBLE SUNSHINE  MM
  AVERAGE SKY COVER 1.0


WEATHER CONDITIONS
 THE FOLLOWING WEATHER WAS RECORDED YESTERDAY.
  HEAVY RAIN
  RAIN
  LIGHT RAIN
  FOG


RELATIVE HUMIDITY (PERCENT)
 HIGHEST   100           900 AM
 LOWEST     82           900 PM
 AVERAGE    91

..........................................................


THE LONGVIEW CLIMATE NORMALS FOR TODAY
                         NORMAL    RECORD    YEAR
 MAXIMUM TEMPERATURE (F)   67        82      2009
                                             1908
 MINIMUM TEMPERATURE (F)   44        22      1960


SUNRISE AND SUNSET
MARCH  5 2015.........SUNRISE   642 AM CST   SUNSET   619 PM CST
MARCH  6 2015.........SUNRISE   641 AM CST   SUNSET   620 PM CST


-  INDICATES NEGATIVE NUMBERS.
R  INDICATES RECORD WAS SET OR TIED.
MM INDICATES DATA IS MISSING.
T  INDICATES TRACE AMOUNT.




$$
