579
CDUS45 KGGW 190017
CLIGGW


CLIMATE REPORT
NATIONAL WEATHER SERVICE GLASGOW MT
516 PM MST WED JAN 18 2017


...................................

...THE GLASGOW MT CLIMATE SUMMARY FOR JANUARY 18 2017...
VALID TODAY AS OF 0500 PM LOCAL TIME.

CLIMATE NORMAL PERIOD 1981 TO 2010
CLIMATE RECORD PERIOD 1893 TO 2017


WEATHER ITEM   OBSERVED TIME   RECORD YEAR NORMAL DEPARTURE LAST
                VALUE   (LST)  VALUE       VALUE  FROM      YEAR
                                                  NORMAL
..................................................................
TEMPERATURE (F)
 TODAY
  MAXIMUM         40    224 PM  53    1919  23     17       13
  MINIMUM         22    625 AM -45    1950   4     18       -5
  AVERAGE         31                        14     17        4

PRECIPITATION (IN)
  TODAY            0.00          0.16 2011   0.01  -0.01     0.08
  MONTH TO DATE    0.43                      0.25   0.18     0.22
  SINCE OCT 1      3.96                      1.80   2.16     3.20
  SINCE JAN 1      0.43                      0.25   0.18     0.22

SNOWFALL (IN)
  TODAY            0.0           3.5  2011   0.2   -0.2      1.4
  MONTH TO DATE   11.6                       5.3    6.3      3.8
  SINCE DEC 1     20.8                      13.3    7.5     16.6
  SINCE JUL 1     21.2                      19.9    1.3     17.6
  SNOW DEPTH       4

DEGREE DAYS
 HEATING
  TODAY           34                        51    -17       61
  MONTH TO DATE 1152                       933    219      980
  SINCE DEC 1   2789                      2442    347     2323
  SINCE JUL 1   4408                      4435    -27     3985

 COOLING
  TODAY            0                         0      0        0
  MONTH TO DATE    0                         0      0        0
  SINCE DEC 1      0                         0      0        0
  SINCE JAN 1      0                         0      0        0
..................................................................


WIND (MPH)
  HIGHEST WIND SPEED    15   HIGHEST WIND DIRECTION    SE (130)
  HIGHEST GUST SPEED    17   HIGHEST GUST DIRECTION    SE (150)
  AVERAGE WIND SPEED    11.3


SKY COVER
  POSSIBLE SUNSHINE  MM
  AVERAGE SKY COVER 0.0


WEATHER CONDITIONS
 THE FOLLOWING WEATHER WAS RECORDED TODAY.
  NO SIGNIFICANT WEATHER WAS OBSERVED.


RELATIVE HUMIDITY (PERCENT)
 HIGHEST    88           500 AM
 LOWEST     70          1100 AM
 AVERAGE    79

..........................................................


THE GLASGOW MT CLIMATE NORMALS FOR TOMORROW
                         NORMAL    RECORD    YEAR
 MAXIMUM TEMPERATURE (F)   23        61      1919
 MINIMUM TEMPERATURE (F)    4       -43      1936


SUNRISE AND SUNSET
JANUARY 18 2017.......SUNRISE   750 AM MST   SUNSET   445 PM MST
JANUARY 19 2017.......SUNRISE   749 AM MST   SUNSET   447 PM MST


-  INDICATES NEGATIVE NUMBERS.
R  INDICATES RECORD WAS SET OR TIED.
MM INDICATES DATA IS MISSING.
T  INDICATES TRACE AMOUNT.




$$
