000
CDUS45 KGGW 291230
CLIGGW


CLIMATE REPORT
NATIONAL WEATHER SERVICE GLASGOW MT
630 AM MDT THU JUN 29 2017


...................................

...THE GLASGOW MT CLIMATE SUMMARY FOR JUNE 29 2017...
VALID AS OF 0600 AM LOCAL TIME.

CLIMATE NORMAL PERIOD 1981 TO 2010
CLIMATE RECORD PERIOD 1893 TO 2017


WEATHER ITEM   OBSERVED TIME   RECORD YEAR NORMAL DEPARTURE LAST
                VALUE   (LST)  VALUE       VALUE  FROM      YEAR
                                                  NORMAL
..................................................................
TEMPERATURE (F)
 TODAY
  MINIMUM         51    500 AM  37    1902  54     -3       55

PRECIPITATION (IN)
  TODAY            0.00          1.83 1952   0.07  -0.07     0.00
  MONTH TO DATE    0.14                      2.27  -2.13     3.51
  SINCE OCT 1      6.28                      7.64  -1.36    14.70
  SINCE JAN 1      2.75                      6.09  -3.34    11.72

SNOWFALL (IN)
  TODAY            0.0           T    1952   0.0    0.0      0.0
  MONTH TO DATE    0.0                       0.0    0.0      0.0
  SINCE JUN 1      0.0                       0.0    0.0      0.0
  SINCE JUL 1     37.7                      34.8    2.9     27.6
  SNOW DEPTH       0

DEGREE DAYS
 HEATING
  TODAY            8                         2      6        0
  MONTH TO DATE   50                       105    -55       32
  SINCE JUN 1     50                       105    -55       32
  SINCE JUL 1   7963                      8436   -473     7089

 COOLING
  TODAY            0                         4     -4        5
  MONTH TO DATE   80                        71      9       66
  SINCE JUN 1     80                        71      9       66
  SINCE JAN 1     95                        88      7       77
..................................................................





WEATHER CONDITIONS
 THE FOLLOWING WEATHER WAS RECORDED TODAY.
  NO SIGNIFICANT WEATHER WAS OBSERVED.


RELATIVE HUMIDITY (PERCENT)
 HIGHEST    77           400 AM

..........................................................


THE GLASGOW MT CLIMATE NORMALS FOR TOMORROW
                         NORMAL    RECORD    YEAR
 MAXIMUM TEMPERATURE (F)   81       100      1989
 MINIMUM TEMPERATURE (F)   54        35      1918


SUNRISE AND SUNSET
JUNE 29 2017..........SUNRISE   509 AM MDT   SUNSET   911 PM MDT
JUNE 30 2017..........SUNRISE   510 AM MDT   SUNSET   910 PM MDT


-  INDICATES NEGATIVE NUMBERS.
R  INDICATES RECORD WAS SET OR TIED.
MM INDICATES DATA IS MISSING.
T  INDICATES TRACE AMOUNT.




$$
