000
CDUS45 KGGW 141230
CLIGGW


CLIMATE REPORT
NATIONAL WEATHER SERVICE GLASGOW MT
530 AM MST SUN FEB 14 2016


...................................

...THE GLASGOW MT CLIMATE SUMMARY FOR FEBRUARY 14 2016...
VALID AS OF 0500 AM LOCAL TIME.

CLIMATE NORMAL PERIOD 1981 TO 2010
CLIMATE RECORD PERIOD 1893 TO 2016


WEATHER ITEM   OBSERVED TIME   RECORD YEAR NORMAL DEPARTURE LAST
                VALUE   (LST)  VALUE       VALUE  FROM      YEAR
                                                  NORMAL
..................................................................
TEMPERATURE (F)
 TODAY
  MINIMUM         27    215 AM -54    1936   9     18       14

PRECIPITATION (IN)
  TODAY            0.00          0.21 1905   0.01  -0.01     0.00
  MONTH TO DATE    0.15                      0.12   0.03     0.22
  SINCE OCT 1      3.47                      2.04   1.43     2.28
  SINCE JAN 1      0.49                      0.49   0.00     1.02

SNOWFALL (IN)
  TODAY            0.0           4.0  1965   0.2   -0.2      0.0
  MONTH TO DATE    1.3                       2.2   -0.9      2.6
  SINCE DEC 1     19.7                      18.2    1.5     23.3
  SINCE JUL 1     20.7                      24.8   -4.1     34.7
  SNOW DEPTH       1 (12Z / 5AM MST)

DEGREE DAYS
 HEATING
  TODAY           36                        46    -10       42
  MONTH TO DATE  523                       671   -148      630
  SINCE DEC 1   3365                      3767   -402     3351
  SINCE JUL 1   5027                      5760   -733     5436

 COOLING
  TODAY            0                         0      0        0
  MONTH TO DATE    0                         0      0        0
  SINCE DEC 1      0                         0      0        0
  SINCE JAN 1      0                         0      0        0
..................................................................





WEATHER CONDITIONS
 THE FOLLOWING WEATHER WAS RECORDED TODAY.
  NO SIGNIFICANT WEATHER WAS OBSERVED.


RELATIVE HUMIDITY (PERCENT)
 HIGHEST    85          1200 AM

..........................................................


THE GLASGOW MT CLIMATE NORMALS FOR TOMORROW
                         NORMAL    RECORD    YEAR
 MAXIMUM TEMPERATURE (F)   29        58      1921
 MINIMUM TEMPERATURE (F)    9       -59      1936


SUNRISE AND SUNSET
FEBRUARY 14 2016......SUNRISE   716 AM MST   SUNSET   526 PM MST
FEBRUARY 15 2016......SUNRISE   714 AM MST   SUNSET   528 PM MST


-  INDICATES NEGATIVE NUMBERS.
R  INDICATES RECORD WAS SET OR TIED.
MM INDICATES DATA IS MISSING.
T  INDICATES TRACE AMOUNT.

$$
