000
CDUS45 KGGW 311231
CLIGGW


CLIMATE REPORT
NATIONAL WEATHER SERVICE GLASGOW MT
631 AM MDT TUE MAY 31 2016


...................................

...THE GLASGOW MT CLIMATE SUMMARY FOR MAY 31 2016...
VALID AS OF 0600 AM LOCAL TIME.

CLIMATE NORMAL PERIOD 1981 TO 2010
CLIMATE RECORD PERIOD 1893 TO 2016


WEATHER ITEM   OBSERVED TIME   RECORD YEAR NORMAL DEPARTURE LAST
                VALUE   (LST)  VALUE       VALUE  FROM      YEAR
                                                  NORMAL
..................................................................
TEMPERATURE (F)
 TODAY
  MINIMUM         49    200 AM  31    1954  47      2       50

PRECIPITATION (IN)
  TODAY            0.09          1.01 2000   0.09   0.00     0.06
  MONTH TO DATE    4.44                      1.92   2.52     1.32
  SINCE OCT 1     11.17                      5.37   5.80     5.58
  SINCE JAN 1      8.19                      3.82   4.37     4.32

SNOWFALL (IN)
  TODAY            0.0           T    1996   0.0    0.0      0.0
  MONTH TO DATE    0.0                       1.2   -1.2      0.0
  SINCE MAR 1      6.1                       7.8   -1.7      8.1
  SINCE JUL 1     27.6                      34.8   -7.2     43.2
  SNOW DEPTH       0

DEGREE DAYS
 HEATING
  TODAY           15                         6      9        3
  MONTH TO DATE  276                       324    -48      345
  SINCE MAR 1   1599                      1961   -362     1686
  SINCE JUL 1   7064                      8331  -1267     7770

 COOLING
  TODAY            0                         1     -1        0
  MONTH TO DATE   11                        16     -5        0
  SINCE MAR 1     11                        17     -6        0
  SINCE JAN 1     11                        17     -6        0
..................................................................





WEATHER CONDITIONS
 THE FOLLOWING WEATHER WAS RECORDED TODAY.
  RAIN
  LIGHT RAIN
  FOG


RELATIVE HUMIDITY (PERCENT)
 HIGHEST   100           200 AM

..........................................................


THE GLASGOW MT CLIMATE NORMALS FOR TOMORROW
                         NORMAL    RECORD    YEAR
 MAXIMUM TEMPERATURE (F)   72        93      1956
                                             1948
 MINIMUM TEMPERATURE (F)   48        30      1951


SUNRISE AND SUNSET
MAY 31 2016...........SUNRISE   511 AM MDT   SUNSET   858 PM MDT
JUNE  1 2016..........SUNRISE   510 AM MDT   SUNSET   859 PM MDT


-  INDICATES NEGATIVE NUMBERS.
R  INDICATES RECORD WAS SET OR TIED.
MM INDICATES DATA IS MISSING.
T  INDICATES TRACE AMOUNT.




$$
