000
CDUS45 KGGW 160743
CLIGGW


CLIMATE REPORT
NATIONAL WEATHER SERVICE GLASGOW MT
1242 AM MST SAT DEC 16 2017


...................................

...THE GLASGOW MT CLIMATE SUMMARY FOR DECEMBER 15 2017...

CLIMATE NORMAL PERIOD 1981 TO 2010
CLIMATE RECORD PERIOD 1893 TO 2017


WEATHER ITEM   OBSERVED TIME   RECORD YEAR NORMAL DEPARTURE LAST
                VALUE   (LST)  VALUE       VALUE  FROM      YEAR
                                                  NORMAL
..................................................................
TEMPERATURE (F)
 YESTERDAY
  MAXIMUM         42    251 PM  57    1980  26     16       14
  MINIMUM         22    256 AM -39    1927   6     16       -9
  AVERAGE         32                        16     16        3

PRECIPITATION (IN)
  YESTERDAY        T             0.32 1915   0.02  -0.02      T
  MONTH TO DATE    0.04                      0.17  -0.13     0.28
  SINCE OCT 1      1.12                      1.32  -0.20     3.45
  SINCE JAN 1      5.96                     11.43  -5.47    20.78

SNOWFALL (IN)
  YESTERDAY        0.0           3.8  1964   0.3   -0.3      0.1
  MONTH TO DATE    0.7                       3.2   -2.5      7.2
  SINCE DEC 1      0.7                       3.2   -2.5      7.2
  SINCE JUL 1      2.3                       9.8   -7.5      7.6
  SNOW DEPTH       0

DEGREE DAYS
 HEATING
  YESTERDAY       33                        49    -16       62
  MONTH TO DATE  487                       699   -212      845
  SINCE DEC 1    487                       699   -212      845
  SINCE JUL 1   2422                      2692   -270     2464

 COOLING
  YESTERDAY        0                         0      0        0
  MONTH TO DATE    0                         0      0        0
  SINCE DEC 1      0                         0      0        0
  SINCE JAN 1    684                       533    151      434
..................................................................


WIND (MPH)
  HIGHEST WIND SPEED    22   HIGHEST WIND DIRECTION     N (340)
  HIGHEST GUST SPEED    26   HIGHEST GUST DIRECTION    NW (320)
  AVERAGE WIND SPEED     6.7


SKY COVER
  POSSIBLE SUNSHINE  MM
  AVERAGE SKY COVER 0.2


WEATHER CONDITIONS
 THE FOLLOWING WEATHER WAS RECORDED YESTERDAY.
  LIGHT RAIN


RELATIVE HUMIDITY (PERCENT)
 HIGHEST    96           400 AM
 LOWEST     48           100 PM
 AVERAGE    72

..........................................................


THE GLASGOW MT CLIMATE NORMALS FOR TODAY
                         NORMAL    RECORD    YEAR
 MAXIMUM TEMPERATURE (F)   25        62      1939
 MINIMUM TEMPERATURE (F)    6       -29      1914


SUNRISE AND SUNSET
DECEMBER 16 2017......SUNRISE   752 AM MST   SUNSET   413 PM MST
DECEMBER 17 2017......SUNRISE   752 AM MST   SUNSET   413 PM MST


-  INDICATES NEGATIVE NUMBERS.
R  INDICATES RECORD WAS SET OR TIED.
MM INDICATES DATA IS MISSING.
T  INDICATES TRACE AMOUNT.




$$
