000
CDUS45 KGGW 040741
CLIGGW


CLIMATE REPORT
NATIONAL WEATHER SERVICE GLASGOW MT
140 AM MDT SAT JUL 4 2015


...................................

...THE GLASGOW MT CLIMATE SUMMARY FOR JULY 3 2015...

CLIMATE NORMAL PERIOD 1981 TO 2010
CLIMATE RECORD PERIOD 1893 TO 2015


WEATHER ITEM   OBSERVED TIME   RECORD YEAR NORMAL DEPARTURE LAST
                VALUE   (LST)  VALUE       VALUE  FROM      YEAR
                                                  NORMAL
..................................................................
TEMPERATURE (F)
 YESTERDAY
  MAXIMUM         89    432 PM 105    1936  82      7       86
  MINIMUM         59    508 AM  41    1967  55      4       56
                                      1899
  AVERAGE         74                        69      5       71

PRECIPITATION (IN)
  YESTERDAY        0.00          1.02 2000   0.06  -0.06     0.00
  MONTH TO DATE    0.00                      0.19  -0.19     0.00
  SINCE OCT 1      8.16                      7.89   0.27     7.10
  SINCE JAN 1      6.90                      6.34   0.56     5.65

SNOWFALL (IN)
  YESTERDAY        0.0           0.0  2002   0.0    0.0      0.0
                                      2001
                                      2000
  MONTH TO DATE    0.0                       0.0    0.0      0.0
  SINCE JUN 1      0.0                       0.0    0.0      0.0
  SINCE JUL 1      0.0                       0.0    0.0      0.0
  SNOW DEPTH       0

DEGREE DAYS
 HEATING
  YESTERDAY        0                         1     -1        0
  MONTH TO DATE    0                         3     -3        0
  SINCE JUN 1     46                       108    -62      108
  SINCE JUL 1      0                         3     -3        0

 COOLING
  YESTERDAY        9                         5      4        6
  MONTH TO DATE   20                        14      6        9
  SINCE JUN 1    147                        89     58       29
  SINCE JAN 1    147                       106     41       63
..................................................................


WIND (MPH)
  HIGHEST WIND SPEED    15   HIGHEST WIND DIRECTION     S (160)
  HIGHEST GUST SPEED    18   HIGHEST GUST DIRECTION    SE (150)
  AVERAGE WIND SPEED     7.8


SKY COVER
  POSSIBLE SUNSHINE  MM
  AVERAGE SKY COVER 0.0


WEATHER CONDITIONS
 THE FOLLOWING WEATHER WAS RECORDED YESTERDAY.
  FOG
  HAZE


RELATIVE HUMIDITY (PERCENT)
 HIGHEST    84           500 AM
 LOWEST     26           400 PM
 AVERAGE    55

..........................................................


THE GLASGOW MT CLIMATE NORMALS FOR TODAY
                         NORMAL    RECORD    YEAR
 MAXIMUM TEMPERATURE (F)   82       106      1937
 MINIMUM TEMPERATURE (F)   55        38      1915


SUNRISE AND SUNSET
JULY  4 2015..........SUNRISE   512 AM MDT   SUNSET   909 PM MDT
JULY  5 2015..........SUNRISE   513 AM MDT   SUNSET   909 PM MDT


-  INDICATES NEGATIVE NUMBERS.
R  INDICATES RECORD WAS SET OR TIED.
MM INDICATES DATA IS MISSING.
T  INDICATES TRACE AMOUNT.




$$
