000
CDUS45 KGGW 011250
CLIGGW


CLIMATE REPORT
NATIONAL WEATHER SERVICE GLASGOW MT
650 AM MDT SAT OCT 1 2016


...................................

...THE GLASGOW MT CLIMATE SUMMARY FOR OCTOBER 1 2016...
VALID AS OF 0600 AM LOCAL TIME.

CLIMATE NORMAL PERIOD 1981 TO 2010
CLIMATE RECORD PERIOD 1893 TO 2016


WEATHER ITEM   OBSERVED TIME   RECORD YEAR NORMAL DEPARTURE LAST
                VALUE   (LST)  VALUE       VALUE  FROM      YEAR
                                                  NORMAL
..................................................................
TEMPERATURE (F)
 TODAY
  MINIMUM         48    545 AM  17    1936  38     10       39

PRECIPITATION (IN)
  TODAY            0.00          0.95 1897   0.04  -0.04     0.00
  MONTH TO DATE    0.00                      0.04  -0.04     0.00
  SINCE OCT 1      0.00                      0.04  -0.04     0.00
  SINCE JAN 1     17.33                     10.15   7.18    10.06

SNOWFALL (IN)
  TODAY            0.0           0.6  1982   0.0    0.0      0.0
  MONTH TO DATE    0.0                       0.0    0.0      0.0
  SINCE SEP 1      0.0                       0.2   -0.2      0.0
  SINCE JUL 1      0.0                       0.2   -0.2      0.0
  SNOW DEPTH       0

DEGREE DAYS
 HEATING
  TODAY           13                        14     -1        8
  MONTH TO DATE   13                        14     -1        8
  SINCE SEP 1    237                       255    -18      169
  SINCE JUL 1    271                       308    -37      219

 COOLING
  TODAY            0                         0      0        0
  MONTH TO DATE    0                         0      0        0
  SINCE SEP 1     29                        37     -8       48
  SINCE JAN 1    434                       532    -98      612
..................................................................





WEATHER CONDITIONS
 THE FOLLOWING WEATHER WAS RECORDED TODAY.
  NO SIGNIFICANT WEATHER WAS OBSERVED.


RELATIVE HUMIDITY (PERCENT)
 HIGHEST    89           100 AM

..........................................................


THE GLASGOW MT CLIMATE NORMALS FOR TOMORROW
                         NORMAL    RECORD    YEAR
 MAXIMUM TEMPERATURE (F)   64        88      1997
 MINIMUM TEMPERATURE (F)   38        19      1999


SUNRISE AND SUNSET
OCTOBER  1 2016.......SUNRISE   707 AM MDT   SUNSET   644 PM MDT
OCTOBER  2 2016.......SUNRISE   708 AM MDT   SUNSET   642 PM MDT


-  INDICATES NEGATIVE NUMBERS.
R  INDICATES RECORD WAS SET OR TIED.
MM INDICATES DATA IS MISSING.
T  INDICATES TRACE AMOUNT.

$$
