000
CDUS45 KGGW 240742
CLIGGW


CLIMATE REPORT
NATIONAL WEATHER SERVICE GLASGOW MT
141 AM MDT FRI OCT 24 2014


...................................

...THE GLASGOW MT CLIMATE SUMMARY FOR OCTOBER 23 2014...

CLIMATE NORMAL PERIOD 1981 TO 2010
CLIMATE RECORD PERIOD 1893 TO 2014


WEATHER ITEM   OBSERVED TIME   RECORD YEAR NORMAL DEPARTURE LAST
                VALUE   (LST)  VALUE       VALUE  FROM      YEAR
                                                  NORMAL
..................................................................
TEMPERATURE (F)
 YESTERDAY
  MAXIMUM         68    126 PM  78    1903  54     14       49
  MINIMUM         36    636 AM  11    2002  30      6       29
  AVERAGE         52                        42     10       39

PRECIPITATION (IN)
  YESTERDAY        0.00          0.99 1893   0.02  -0.02     0.00
  MONTH TO DATE    0.34                      0.62  -0.28     0.23
  SINCE OCT 1      0.34                      0.62  -0.28     0.23
  SINCE JAN 1     14.08                     10.73   3.35    14.65

SNOWFALL (IN)
  YESTERDAY        0.0           2.0  1919   0.0    0.0      0.0
  MONTH TO DATE    0.0                       0.8   -0.8       T
  SINCE SEP 1      0.0                       1.0   -1.0       T
  SINCE JUL 1      0.0                       1.0   -1.0       T
  SNOW DEPTH       0

DEGREE DAYS
 HEATING
  YESTERDAY       13                        23    -10       26
  MONTH TO DATE  315                       426   -111      442
  SINCE SEP 1    546                       667   -121      565
  SINCE JUL 1    599                       720   -121      580

 COOLING
  YESTERDAY        0                         0      0        0
  MONTH TO DATE    0                         0      0        0
  SINCE SEP 1     23                        37    -14       86
  SINCE JAN 1    495                       532    -37      563
..................................................................


WIND (MPH)
  HIGHEST WIND SPEED    17   HIGHEST WIND DIRECTION     W (270)
  HIGHEST GUST SPEED    22   HIGHEST GUST DIRECTION     W (250)
  AVERAGE WIND SPEED     7.4


SKY COVER
  POSSIBLE SUNSHINE  MM
  AVERAGE SKY COVER 0.0


WEATHER CONDITIONS
 THE FOLLOWING WEATHER WAS RECORDED YESTERDAY.
  NO SIGNIFICANT WEATHER WAS OBSERVED.


RELATIVE HUMIDITY (PERCENT)
 HIGHEST    85           300 AM
 LOWEST     30           100 PM
 AVERAGE    58

..........................................................


THE GLASGOW MT CLIMATE NORMALS FOR TODAY
                         NORMAL    RECORD    YEAR
 MAXIMUM TEMPERATURE (F)   53        80      1915
 MINIMUM TEMPERATURE (F)   29        -1      1919


SUNRISE AND SUNSET
OCTOBER 24 2014.......SUNRISE   740 AM MDT   SUNSET   601 PM MDT
OCTOBER 25 2014.......SUNRISE   741 AM MDT   SUNSET   559 PM MDT


-  INDICATES NEGATIVE NUMBERS.
R  INDICATES RECORD WAS SET OR TIED.
MM INDICATES DATA IS MISSING.
T  INDICATES TRACE AMOUNT.

$$
