000
CDUS45 KGJT 220733
CLIGJT


CLIMATE REPORT
NATIONAL WEATHER SERVICE GRAND JUNCTION CO
128 AM MDT FRI MAY 22 2015


...................................

...THE GRAND JUNCTION CO CLIMATE SUMMARY FOR MAY 21 2015...

CLIMATE NORMAL PERIOD 1981 TO 2010
CLIMATE RECORD PERIOD 1893 TO 2015


WEATHER ITEM   OBSERVED TIME   RECORD YEAR NORMAL DEPARTURE LAST
                VALUE   (LST)  VALUE       VALUE  FROM      YEAR
                                                  NORMAL
..................................................................
TEMPERATURE (F)
 YESTERDAY
  MAXIMUM         71    252 PM  92    2005  78     -7       74
  MINIMUM         45    412 AM  33    1974  48     -3       55
  AVERAGE         58                        63     -5       65

PRECIPITATION (IN)
  YESTERDAY        T             0.29 1959   0.02  -0.02     0.00
  MONTH TO DATE    1.28                      0.63   0.65     1.05
  SINCE MAR 1      3.67                      2.46   1.21     1.96
  SINCE JAN 1      4.53                      3.58   0.95     3.34

SNOWFALL (IN)
  YESTERDAY        0.0           0.0  2014   0.0    0.0      0.0
  MONTH TO DATE    T                         0.1   -0.1      0.0
  SINCE MAR 1      3.9                       3.6    0.3       T
  SINCE JUL 1     12.5                      19.1   -6.6     25.7
  SNOW DEPTH       0

DEGREE DAYS
 HEATING
  YESTERDAY        7                         4      3        0
  MONTH TO DATE  166                       128     38      173
  SINCE MAR 1   1121                      1183    -62     1281
  SINCE JUL 1   5106                      5562   -456     6219

 COOLING
  YESTERDAY        0                         2     -2        0
  MONTH TO DATE    2                        22    -20       19
  SINCE MAR 1      2                        25    -23       19
  SINCE JAN 1      2                        25    -23       19
..................................................................


WIND (MPH)
  HIGHEST WIND SPEED    26   HIGHEST WIND DIRECTION     S (160)
  HIGHEST GUST SPEED    35   HIGHEST GUST DIRECTION     S (170)
  AVERAGE WIND SPEED     8.1


SKY COVER
  POSSIBLE SUNSHINE  MM
  AVERAGE SKY COVER 0.3


WEATHER CONDITIONS
 THE FOLLOWING WEATHER WAS RECORDED YESTERDAY.
  LIGHT RAIN


RELATIVE HUMIDITY (PERCENT)
 HIGHEST    86           100 AM
 LOWEST     26           300 PM
 AVERAGE    56

..........................................................


THE GRAND JUNCTION CO CLIMATE NORMALS FOR TODAY
                         NORMAL    RECORD    YEAR
 MAXIMUM TEMPERATURE (F)   78        94      2012
                                             2005
 MINIMUM TEMPERATURE (F)   49        34      2002


SUNRISE AND SUNSET
MAY 22 2015...........SUNRISE   556 AM MDT   SUNSET   826 PM MDT
MAY 23 2015...........SUNRISE   555 AM MDT   SUNSET   827 PM MDT


-  INDICATES NEGATIVE NUMBERS.
R  INDICATES RECORD WAS SET OR TIED.
MM INDICATES DATA IS MISSING.
T  INDICATES TRACE AMOUNT.




$$
