000
CDUS45 KGJT 280741
CLIGJT


CLIMATE REPORT
NATIONAL WEATHER SERVICE GRAND JUNCTION CO
130 AM MDT SAT MAR 28 2015


...................................

...THE GRAND JUNCTION CO CLIMATE SUMMARY FOR MARCH 27 2015...

CLIMATE NORMAL PERIOD 1981 TO 2010
CLIMATE RECORD PERIOD 1893 TO 2015


WEATHER ITEM   OBSERVED TIME   RECORD YEAR NORMAL DEPARTURE LAST
                VALUE   (LST)  VALUE       VALUE  FROM      YEAR
                                                  NORMAL
..................................................................
TEMPERATURE (F)
 YESTERDAY
  MAXIMUM         71    437 PM  77    1988  60     11       58
  MINIMUM         34    626 AM  16    1975  33      1       34
                                      1931
  AVERAGE         53                        46      7       46

PRECIPITATION (IN)
  YESTERDAY        0.00          1.00 1993   0.03  -0.03     0.01
  MONTH TO DATE    0.27                      0.78  -0.51     0.10
  SINCE MAR 1      0.27                      0.78  -0.51     0.10
  SINCE JAN 1      1.13                      1.90  -0.77     1.48

SNOWFALL (IN)
  YESTERDAY        0.0           1.8  1901   0.1   -0.1      0.0
  MONTH TO DATE    1.9                       2.3   -0.4       T
  SINCE MAR 1      1.9                       2.3   -0.4       T
  SINCE JUL 1     10.5                      17.8   -7.3     25.7
  SNOW DEPTH       0

DEGREE DAYS
 HEATING
  YESTERDAY       12                        18     -6       19
  MONTH TO DATE  492                       581    -89      573
  SINCE MAR 1    492                       581    -89      573
  SINCE JUL 1   4477                      4960   -483     5511

 COOLING
  YESTERDAY        0                         0      0        0
  MONTH TO DATE    0                         0      0        0
  SINCE MAR 1      0                         0      0        0
  SINCE JAN 1      0                         0      0        0
..................................................................


WIND (MPH)
  HIGHEST WIND SPEED    13   HIGHEST WIND DIRECTION     N (360)
  HIGHEST GUST SPEED    15   HIGHEST GUST DIRECTION     N (360)
  AVERAGE WIND SPEED     6.7


SKY COVER
  POSSIBLE SUNSHINE  MM
  AVERAGE SKY COVER 0.0


WEATHER CONDITIONS
 THE FOLLOWING WEATHER WAS RECORDED YESTERDAY.
  NO SIGNIFICANT WEATHER WAS OBSERVED.


RELATIVE HUMIDITY (PERCENT)
 HIGHEST    56           500 AM
 LOWEST     18           300 PM
 AVERAGE    37

..........................................................


THE GRAND JUNCTION CO CLIMATE NORMALS FOR TODAY
                         NORMAL    RECORD    YEAR
 MAXIMUM TEMPERATURE (F)   60        77      1986
 MINIMUM TEMPERATURE (F)   34        11      1975


SUNRISE AND SUNSET
MARCH 28 2015.........SUNRISE   705 AM MDT   SUNSET   734 PM MDT
MARCH 29 2015.........SUNRISE   704 AM MDT   SUNSET   735 PM MDT


-  INDICATES NEGATIVE NUMBERS.
R  INDICATES RECORD WAS SET OR TIED.
MM INDICATES DATA IS MISSING.
T  INDICATES TRACE AMOUNT.




$$
