000
CDUS45 KGJT 182335
CLIGJT


CLIMATE REPORT
NATIONAL WEATHER SERVICE GRAND JUNCTION CO
434 PM MST WED JAN 18 2017


...................................

...THE GRAND JUNCTION CO CLIMATE SUMMARY FOR JANUARY 18 2017...
VALID TODAY AS OF 0400 PM LOCAL TIME.

CLIMATE NORMAL PERIOD 1981 TO 2010
CLIMATE RECORD PERIOD 1893 TO 2017


WEATHER ITEM   OBSERVED TIME   RECORD YEAR NORMAL DEPARTURE LAST
                VALUE   (LST)  VALUE       VALUE  FROM      YEAR
                                                  NORMAL
..................................................................
TEMPERATURE (F)
 TODAY
  MAXIMUM         43    357 PM  58    1921  38      5       35
                                      1914
  MINIMUM         24    738 AM -11    1930  17      7       21
  AVERAGE         34                        27      7       28

PRECIPITATION (IN)
  TODAY            0.00          0.34 1963   0.01  -0.01     0.06
  MONTH TO DATE    0.73                      0.35   0.38     0.40
  SINCE DEC 1      1.46                      0.94   0.52     1.09
  SINCE JAN 1      0.73                      0.35   0.38     0.40

SNOWFALL (IN)
  TODAY            0.0           6.5  1963   0.2   -0.2      0.4
  MONTH TO DATE    4.1                       3.2    0.9      4.6
  SINCE DEC 1      7.6                       8.1   -0.5     14.1
  SINCE JUL 1      8.1                      10.6   -2.5     17.5
  SNOW DEPTH       0

DEGREE DAYS
 HEATING
  TODAY           31                        38     -7       37
  MONTH TO DATE  615                       688    -73      766
  SINCE DEC 1   1692                      1819   -127     1993
  SINCE JUL 1   2562                      3047   -485     3042

 COOLING
  TODAY            0                         0      0        0
  MONTH TO DATE    0                         0      0        0
  SINCE DEC 1      0                         0      0        0
  SINCE JAN 1      0                         0      0        0
..................................................................


WIND (MPH)
  HIGHEST WIND SPEED    12   HIGHEST WIND DIRECTION     W (270)
  HIGHEST GUST SPEED    15   HIGHEST GUST DIRECTION    NW (300)
  AVERAGE WIND SPEED     3.5


SKY COVER
  POSSIBLE SUNSHINE  MM
  AVERAGE SKY COVER 0.5


WEATHER CONDITIONS
 THE FOLLOWING WEATHER WAS RECORDED TODAY.
  NO SIGNIFICANT WEATHER WAS OBSERVED.


RELATIVE HUMIDITY (PERCENT)
 HIGHEST   100           300 AM
 LOWEST     62           200 PM
 AVERAGE    81

..........................................................


THE GRAND JUNCTION CO CLIMATE NORMALS FOR TOMORROW
                         NORMAL    RECORD    YEAR
 MAXIMUM TEMPERATURE (F)   38        56      1971
 MINIMUM TEMPERATURE (F)   17        -8      1984


SUNRISE AND SUNSET
JANUARY 18 2017.......SUNRISE   730 AM MST   SUNSET   519 PM MST
JANUARY 19 2017.......SUNRISE   730 AM MST   SUNSET   521 PM MST


-  INDICATES NEGATIVE NUMBERS.
R  INDICATES RECORD WAS SET OR TIED.
MM INDICATES DATA IS MISSING.
T  INDICATES TRACE AMOUNT.




$$
