000
CDUS45 KGJT 030802
CLIGJT


CLIMATE REPORT
NATIONAL WEATHER SERVICE GRAND JUNCTION CO
1259 AM MST SAT DEC 3 2016


...................................

...THE GRAND JUNCTION CO CLIMATE SUMMARY FOR DECEMBER 2 2016...

CLIMATE NORMAL PERIOD 1981 TO 2010
CLIMATE RECORD PERIOD 1893 TO 2016


WEATHER ITEM   OBSERVED TIME   RECORD YEAR NORMAL DEPARTURE LAST
                VALUE   (LST)  VALUE       VALUE  FROM      YEAR
                                                  NORMAL
..................................................................
TEMPERATURE (F)
 YESTERDAY
  MAXIMUM         39    327 PM  58    1961  42     -3       37
  MINIMUM         22   1156 PM   0    2004  21      1       13
  AVERAGE         31                        32     -1       25

PRECIPITATION (IN)
  YESTERDAY        0.00          0.38 2005   0.02  -0.02     0.00
  MONTH TO DATE    0.00                      0.04  -0.04     0.00
  SINCE DEC 1      0.00                      0.04  -0.04     0.00
  SINCE JAN 1      8.10                      8.87  -0.77    12.56

SNOWFALL (IN)
  YESTERDAY        0.0           4.0  1978   0.1   -0.1      0.0
  MONTH TO DATE    0.0                       0.2   -0.2      0.0
  SINCE DEC 1      0.0                       0.2   -0.2      0.0
  SINCE JUL 1      0.5                       2.7   -2.2      3.4
  SNOW DEPTH       0

DEGREE DAYS
 HEATING
  YESTERDAY       34                        33      1       40
  MONTH TO DATE   68                        66      2       81
  SINCE DEC 1     68                        66      2       81
  SINCE JUL 1    938                      1294   -356     1130

 COOLING
  YESTERDAY        0                         0      0        0
  MONTH TO DATE    0                         0      0        0
  SINCE DEC 1      0                         0      0        0
  SINCE JAN 1   1245                      1125    120     1041
..................................................................


WIND (MPH)
  HIGHEST WIND SPEED    16   HIGHEST WIND DIRECTION    NE (50)
  HIGHEST GUST SPEED    19   HIGHEST GUST DIRECTION    NE (50)
  AVERAGE WIND SPEED     4.4


SKY COVER
  POSSIBLE SUNSHINE  MM
  AVERAGE SKY COVER 0.9


WEATHER CONDITIONS
 THE FOLLOWING WEATHER WAS RECORDED YESTERDAY.
  NO SIGNIFICANT WEATHER WAS OBSERVED.


RELATIVE HUMIDITY (PERCENT)
 HIGHEST    85           200 AM
 LOWEST     47           600 PM
 AVERAGE    66

..........................................................


THE GRAND JUNCTION CO CLIMATE NORMALS FOR TODAY
                         NORMAL    RECORD    YEAR
 MAXIMUM TEMPERATURE (F)   42        64      1980
 MINIMUM TEMPERATURE (F)   21         0      2004


SUNRISE AND SUNSET
DECEMBER  3 2016......SUNRISE   717 AM MST   SUNSET   451 PM MST
DECEMBER  4 2016......SUNRISE   718 AM MST   SUNSET   451 PM MST


-  INDICATES NEGATIVE NUMBERS.
R  INDICATES RECORD WAS SET OR TIED.
MM INDICATES DATA IS MISSING.
T  INDICATES TRACE AMOUNT.




$$
