325
CDUS45 KGJT 222351
CLIGJT


CLIMATE REPORT
NATIONAL WEATHER SERVICE GRAND JUNCTION CO
450 PM MST WED NOV 22 2017


...................................

...THE GRAND JUNCTION CO CLIMATE SUMMARY FOR NOVEMBER 22 2017...
VALID TODAY AS OF 0400 PM LOCAL TIME.

CLIMATE NORMAL PERIOD 1981 TO 2010
CLIMATE RECORD PERIOD 1893 TO 2017


WEATHER ITEM   OBSERVED TIME   RECORD YEAR NORMAL DEPARTURE LAST
                VALUE   (LST)  VALUE       VALUE  FROM      YEAR
                                                  NORMAL
..................................................................
TEMPERATURE (F)
 TODAY
  MAXIMUM         63R   339 PM  63    1966  47     16       50
                                      1917
  MINIMUM         32    749 AM  11    1979  25      7       33
  AVERAGE         48                        36     12       42

PRECIPITATION (IN)
  TODAY            0.00          0.42 2013   0.03  -0.03     0.15
  MONTH TO DATE    0.01                      0.56  -0.55     0.74
  SINCE SEP 1      1.03                      2.81  -1.78     1.78
  SINCE JAN 1      5.04                      8.66  -3.62     8.03

SNOWFALL (IN)
  TODAY            0.0           3.8  1906   0.1   -0.1      0.0
  MONTH TO DATE    T                         1.3   -1.3      0.1
  SINCE SEP 1      T                         1.7   -1.7      0.1
  SINCE JUL 1      T                         1.7   -1.7      0.1
  SNOW DEPTH       0

DEGREE DAYS
 HEATING
  TODAY           17                        29    -12       23
  MONTH TO DATE  426                       528   -102      359
  SINCE SEP 1    957                       973    -16      634
  SINCE JUL 1    957                       976    -19      634

 COOLING
  TODAY            0                         0      0        0
  MONTH TO DATE    0                         0      0        0
  SINCE SEP 1    183                       106     77      131
  SINCE JAN 1   1479                      1125    354     1245
..................................................................


WIND (MPH)
  HIGHEST WIND SPEED    15   HIGHEST WIND DIRECTION    SE (120)
  HIGHEST GUST SPEED    17   HIGHEST GUST DIRECTION    SE (130)
  AVERAGE WIND SPEED     4.7


SKY COVER
  POSSIBLE SUNSHINE  MM
  AVERAGE SKY COVER 0.0


WEATHER CONDITIONS
 THE FOLLOWING WEATHER WAS RECORDED TODAY.
  NO SIGNIFICANT WEATHER WAS OBSERVED.


RELATIVE HUMIDITY (PERCENT)
 HIGHEST    78           700 AM
 LOWEST     34           300 PM
 AVERAGE    56

..........................................................


THE GRAND JUNCTION CO CLIMATE NORMALS FOR TOMORROW
                         NORMAL    RECORD    YEAR
 MAXIMUM TEMPERATURE (F)   46        62      1939
 MINIMUM TEMPERATURE (F)   25         4      2003


SUNRISE AND SUNSET
NOVEMBER 22 2017......SUNRISE   705 AM MST   SUNSET   455 PM MST
NOVEMBER 23 2017......SUNRISE   706 AM MST   SUNSET   455 PM MST


-  INDICATES NEGATIVE NUMBERS.
R  INDICATES RECORD WAS SET OR TIED.
MM INDICATES DATA IS MISSING.
T  INDICATES TRACE AMOUNT.




$$
