000
CDUS45 KGJT 182349
CLIGJT


CLIMATE REPORT
NATIONAL WEATHER SERVICE GRAND JUNCTION CO
448 PM MST SUN FEB 18 2018


...................................

...THE GRAND JUNCTION CO CLIMATE SUMMARY FOR FEBRUARY 18 2018...
VALID TODAY AS OF 0400 PM LOCAL TIME.

CLIMATE NORMAL PERIOD 1981 TO 2010
CLIMATE RECORD PERIOD 1893 TO 2018


WEATHER ITEM   OBSERVED TIME   RECORD YEAR NORMAL DEPARTURE LAST
                VALUE   (LST)  VALUE       VALUE  FROM      YEAR
                                                  NORMAL
..................................................................
TEMPERATURE (F)
 TODAY
  MAXIMUM         60    359 PM  62    2016  47     13       52
                                      1986
                                      1983
  MINIMUM         27    623 AM  -9    1903  25      2       37
  AVERAGE         44                        36      8       45

PRECIPITATION (IN)
  TODAY            0.00          0.51 1980   0.02  -0.02      T
  MONTH TO DATE    0.52                      0.33   0.19     0.22
  SINCE DEC 1      1.32                      1.50  -0.18     1.96
  SINCE JAN 1      1.28                      0.91   0.37     1.23

SNOWFALL (IN)
  TODAY            0.0           3.5  1955   0.2   -0.2      0.0
  MONTH TO DATE    1.0                       2.3   -1.3      0.0
  SINCE DEC 1      5.4                      12.1   -6.7     11.2
  SINCE JUL 1      5.4                      14.6   -9.2     11.7
  SNOW DEPTH       0

DEGREE DAYS
 HEATING
  TODAY           21                        29     -8       20
  MONTH TO DATE  470                       582   -112      380
  SINCE DEC 1   2531                      2880   -349     2511
  SINCE JUL 1   3645                      4108   -463     3381

 COOLING
  TODAY            0                         0      0        0
  MONTH TO DATE    0                         0      0        0
  SINCE DEC 1      0                         0      0        0
  SINCE JAN 1      0                         0      0        0
..................................................................


WIND (MPH)
  HIGHEST WIND SPEED    24   HIGHEST WIND DIRECTION    SW (210)
  HIGHEST GUST SPEED    30   HIGHEST GUST DIRECTION     S (200)
  AVERAGE WIND SPEED     7.7


SKY COVER
  POSSIBLE SUNSHINE  MM
  AVERAGE SKY COVER 0.0


WEATHER CONDITIONS
 THE FOLLOWING WEATHER WAS RECORDED TODAY.
  NO SIGNIFICANT WEATHER WAS OBSERVED.


RELATIVE HUMIDITY (PERCENT)
 HIGHEST    75           400 AM
 LOWEST     30           100 PM
 AVERAGE    53

..........................................................


THE GRAND JUNCTION CO CLIMATE NORMALS FOR TOMORROW
                         NORMAL    RECORD    YEAR
 MAXIMUM TEMPERATURE (F)   47        64      1986
 MINIMUM TEMPERATURE (F)   25        -4      1903


SUNRISE AND SUNSET
FEBRUARY 18 2018......SUNRISE   702 AM MST   SUNSET   555 PM MST
FEBRUARY 19 2018......SUNRISE   700 AM MST   SUNSET   556 PM MST


-  INDICATES NEGATIVE NUMBERS.
R  INDICATES RECORD WAS SET OR TIED.
MM INDICATES DATA IS MISSING.
T  INDICATES TRACE AMOUNT.




$$
