000
CDUS45 KGJT 222346
CLIGJT


CLIMATE REPORT
NATIONAL WEATHER SERVICE GRAND JUNCTION CO
530 PM MDT FRI SEP 22 2017


...................................

...THE GRAND JUNCTION CO CLIMATE SUMMARY FOR SEPTEMBER 22 2017...
VALID TODAY AS OF 0500 PM LOCAL TIME.

CLIMATE NORMAL PERIOD 1981 TO 2010
CLIMATE RECORD PERIOD 1893 TO 2017


WEATHER ITEM   OBSERVED TIME   RECORD YEAR NORMAL DEPARTURE LAST
                VALUE   (LST)  VALUE       VALUE  FROM      YEAR
                                                  NORMAL
..................................................................
TEMPERATURE (F)
 TODAY
  MAXIMUM         78   1246 PM  90    2016  77      1       90
                                      1966
  MINIMUM         63    630 AM  34    2009  49     14       58
                                      1995
  AVERAGE         71                        63      8       74

PRECIPITATION (IN)
  TODAY            0.00          1.87 1941   0.05  -0.05      T
  MONTH TO DATE    0.30                      0.87  -0.57     0.18
  SINCE SEP 1      0.30                      0.87  -0.57     0.18
  SINCE JAN 1      4.31                      6.72  -2.41     6.43

SNOWFALL (IN)
  TODAY            0.0           T    2005   0.0    0.0      0.0
  MONTH TO DATE    0.0                       0.0    0.0      0.0
  SINCE SEP 1      0.0                       0.0    0.0      0.0
  SINCE JUL 1      0.0                       0.0    0.0      0.0
  SNOW DEPTH       0

DEGREE DAYS
 HEATING
  TODAY            0                         3     -3        0
  MONTH TO DATE   12                        33    -21       10
  SINCE SEP 1     12                        33    -21       10
  SINCE JUL 1     12                        36    -24       10

 COOLING
  TODAY            6                         2      4        9
  MONTH TO DATE  186                        94     92      119
  SINCE SEP 1    186                        94     92      119
  SINCE JAN 1   1482                      1113    369     1233
..................................................................


WIND (MPH)
  HIGHEST WIND SPEED    33   HIGHEST WIND DIRECTION    SW (210)
  HIGHEST GUST SPEED    45   HIGHEST GUST DIRECTION     S (200)
  AVERAGE WIND SPEED    16.8


SKY COVER
  POSSIBLE SUNSHINE  MM
  AVERAGE SKY COVER 0.1


WEATHER CONDITIONS
 THE FOLLOWING WEATHER WAS RECORDED TODAY.
  NO SIGNIFICANT WEATHER WAS OBSERVED.


RELATIVE HUMIDITY (PERCENT)
 HIGHEST    29           500 AM
 LOWEST     16          1200 AM
 AVERAGE    23

..........................................................


THE GRAND JUNCTION CO CLIMATE NORMALS FOR TOMORROW
                         NORMAL    RECORD    YEAR
 MAXIMUM TEMPERATURE (F)   77        90      1966
 MINIMUM TEMPERATURE (F)   49        35      1895


SUNRISE AND SUNSET
SEPTEMBER 22 2017.....SUNRISE   702 AM MDT   SUNSET   711 PM MDT
SEPTEMBER 23 2017.....SUNRISE   703 AM MDT   SUNSET   709 PM MDT


-  INDICATES NEGATIVE NUMBERS.
R  INDICATES RECORD WAS SET OR TIED.
MM INDICATES DATA IS MISSING.
T  INDICATES TRACE AMOUNT.




$$
