000
CDUS45 KGJT 290746
CLIGJT


CLIMATE REPORT
NATIONAL WEATHER SERVICE GRAND JUNCTION CO
140 AM MDT TUE JUL 29 2014


...................................

...THE GRAND JUNCTION CO CLIMATE SUMMARY FOR JULY 28 2014...

CLIMATE NORMAL PERIOD 1981 TO 2010
CLIMATE RECORD PERIOD 1893 TO 2014


WEATHER ITEM   OBSERVED TIME   RECORD YEAR NORMAL DEPARTURE LAST
                VALUE   (LST)  VALUE       VALUE  FROM      YEAR
                                                  NORMAL
..................................................................
TEMPERATURE (F)
 YESTERDAY
  MAXIMUM         87    351 PM 104    1995  93     -6       82
  MINIMUM         66    449 AM  52    2004  64      2       61
  AVERAGE         77                        78     -1       72

PRECIPITATION (IN)
  YESTERDAY        T             0.38 2013   0.02  -0.02     0.38
  MONTH TO DATE    0.12                      0.53  -0.41     1.16
  SINCE JUN 1      0.25                      0.99  -0.74     1.17
  SINCE JAN 1      4.03                      4.82  -0.79     4.58

SNOWFALL (IN)
  YESTERDAY        0.0           0.0  2013  0.0    0.0      0.0
  MONTH TO DATE    0.0                       0.0    0.0      0.0
  SINCE JUN 1      0.0                       0.0    0.0      0.0
  SINCE JUL 1      0.0                       0.0    0.0      0.0
  SNOW DEPTH       0

DEGREE DAYS
 HEATING
  YESTERDAY        0                         0      0        0
  MONTH TO DATE    0                         0      0        0
  SINCE JUN 1     19                        22     -3        5
  SINCE JUL 1      0                         0      0        0

 COOLING
  YESTERDAY       12                        13     -1        7
  MONTH TO DATE  430                       373     57      424
  SINCE JUN 1    628                       604     24      738
  SINCE JAN 1    687                       655     32      793
..................................................................


WIND (MPH)
  HIGHEST WIND SPEED    25   HIGHEST WIND DIRECTION    NE (60)
  HIGHEST GUST SPEED    33   HIGHEST GUST DIRECTION    NE (60)
  AVERAGE WIND SPEED     7.4


SKY COVER
  POSSIBLE SUNSHINE  MM
  AVERAGE SKY COVER 0.4


WEATHER CONDITIONS
 THE FOLLOWING WEATHER WAS RECORDED YESTERDAY.
  THUNDERSTORM
  LIGHT RAIN


RELATIVE HUMIDITY (PERCENT)
 HIGHEST    66          1000 PM
 LOWEST     30           200 PM
 AVERAGE    48

..........................................................


THE GRAND JUNCTION CO CLIMATE NORMALS FOR TODAY
                         NORMAL    RECORD    YEAR
 MAXIMUM TEMPERATURE (F)   93       104      1995
 MINIMUM TEMPERATURE (F)   64        57      2005
                                             2002
                                             1922


SUNRISE AND SUNSET
JULY 29 2014..........SUNRISE   612 AM MDT   SUNSET   829 PM MDT
JULY 30 2014..........SUNRISE   613 AM MDT   SUNSET   828 PM MDT


-  INDICATES NEGATIVE NUMBERS.
R  INDICATES RECORD WAS SET OR TIED.
MM INDICATES DATA IS MISSING.
T  INDICATES TRACE AMOUNT.




$$
