605
CDUS45 KGJT 032328
CLIGJT


CLIMATE REPORT
NATIONAL WEATHER SERVICE GRAND JUNCTION CO
525 PM MDT TUE MAY 3 2016


...................................

...THE GRAND JUNCTION CO CLIMATE SUMMARY FOR MAY 3 2016...
VALID TODAY AS OF 0500 PM LOCAL TIME.

CLIMATE NORMAL PERIOD 1981 TO 2010
CLIMATE RECORD PERIOD 1893 TO 2016


WEATHER ITEM   OBSERVED TIME   RECORD YEAR NORMAL DEPARTURE LAST
                VALUE   (LST)  VALUE       VALUE  FROM      YEAR
                                                  NORMAL
..................................................................
TEMPERATURE (F)
 TODAY
  MAXIMUM         73    354 PM  91    1947  71      2       75
  MINIMUM         36    542 AM  29    1967  43     -7       52
  AVERAGE         55                        57     -2       64

PRECIPITATION (IN)
  TODAY            0.00          1.01 1905   0.03  -0.03      T
  MONTH TO DATE    T                         0.09  -0.09      T
  SINCE MAR 1      2.69                      1.92   0.77     2.39
  SINCE JAN 1      4.06                      3.04   1.02     3.25

SNOWFALL (IN)
  TODAY            0.0           2.4  1905   0.0    0.0      0.0
  MONTH TO DATE    0.0                       0.0    0.0      0.0
  SINCE MAR 1      1.1                       3.5   -2.4      3.9
  SINCE JUL 1     28.5                      19.0    9.5     12.5
  SNOW DEPTH       0

DEGREE DAYS
 HEATING
  TODAY           10                         8      2        1
  MONTH TO DATE   37                        25     12        1
  SINCE MAR 1   1081                      1080      1      956
  SINCE JUL 1   5559                      5459    100     4941

 COOLING
  TODAY            0                         0      0        0
  MONTH TO DATE    0                         0      0        2
  SINCE MAR 1      0                         3     -3        2
  SINCE JAN 1      0                         3     -3        2
..................................................................


WIND (MPH)
  HIGHEST WIND SPEED    13   HIGHEST WIND DIRECTION    NW (300)
  HIGHEST GUST SPEED    16   HIGHEST GUST DIRECTION    NW (300)
  AVERAGE WIND SPEED     4.0


SKY COVER
  POSSIBLE SUNSHINE  MM
  AVERAGE SKY COVER 0.0


WEATHER CONDITIONS
 THE FOLLOWING WEATHER WAS RECORDED TODAY.
  NO SIGNIFICANT WEATHER WAS OBSERVED.


RELATIVE HUMIDITY (PERCENT)
 HIGHEST    92           300 AM
 LOWEST     20           300 PM
 AVERAGE    56

..........................................................


THE GRAND JUNCTION CO CLIMATE NORMALS FOR TOMORROW
                         NORMAL    RECORD    YEAR
 MAXIMUM TEMPERATURE (F)   72        93      1947
 MINIMUM TEMPERATURE (F)   44        34      1964
                                             1950
                                             1915


SUNRISE AND SUNSET
MAY  3 2016...........SUNRISE   613 AM MDT   SUNSET   810 PM MDT
MAY  4 2016...........SUNRISE   612 AM MDT   SUNSET   811 PM MDT


-  INDICATES NEGATIVE NUMBERS.
R  INDICATES RECORD WAS SET OR TIED.
MM INDICATES DATA IS MISSING.
T  INDICATES TRACE AMOUNT.




$$
