000
CDUS43 KGLD 170743
CLIGLD

CLIMATE REPORT
NATIONAL WEATHER SERVICE GOODLAND
1241 AM MST SUN DEC 17 2017

...................................

...THE GOODLAND KS CLIMATE SUMMARY FOR DECEMBER 16 2017...

CLIMATE NORMAL PERIOD 1981 TO 2010
CLIMATE RECORD PERIOD 1895 TO 2017

WEATHER ITEM   OBSERVED TIME   RECORD YEAR NORMAL DEPARTURE LAST
                VALUE   (LST)  VALUE       VALUE  FROM      YEAR
                                                  NORMAL
..................................................................
TEMPERATURE (F)
 YESTERDAY
  MAXIMUM         55   1222 PM  74    1962  42     13       22
  MINIMUM         25    639 AM  -4    1964  17      8        7
                                      1914
  AVERAGE         40                        29     11       15

PRECIPITATION (IN)
  YESTERDAY        0.00          0.20 1915   0.02  -0.02     0.00
  MONTH TO DATE    T                         0.25  -0.25     0.09
  SINCE DEC 1      T                         0.25  -0.25     0.09
  SINCE JAN 1     26.28                     19.45   6.83    16.87

SNOWFALL (IN)
  YESTERDAY        0.0                       0.2   -0.2      0.0
  MONTH TO DATE    T                         2.8   -2.8      2.1
  SINCE DEC 1      T                         2.8   -2.8      2.1
  SINCE JUL 1      0.1                      10.0   -9.9      2.7
  SNOW DEPTH       0

DEGREE DAYS
 HEATING
  YESTERDAY       25                        36    -11       50
  MONTH TO DATE  427                       552   -125      658
  SINCE DEC 1    427                       552   -125      658
  SINCE JUL 1   1578                      1871   -293     1521

 COOLING
  YESTERDAY        0                         0      0        0
  MONTH TO DATE    0                         0      0        0
  SINCE DEC 1      0                         0      0        0
  SINCE JAN 1    959                       941     18     1103
..................................................................

WIND (MPH)
  HIGHEST WIND SPEED    23   HIGHEST WIND DIRECTION     N (20)
  HIGHEST GUST SPEED    31   HIGHEST GUST DIRECTION     N (20)
  AVERAGE WIND SPEED    13.5


SKY COVER
  AVERAGE SKY COVER 0.1


WEATHER CONDITIONS
 THE FOLLOWING WEATHER WAS RECORDED YESTERDAY.
  NO SIGNIFICANT WEATHER WAS OBSERVED.


RELATIVE HUMIDITY (PERCENT)
 HIGHEST    92
 LOWEST     21
 AVERAGE    57

..........................................................


THE GOODLAND KS CLIMATE NORMALS FOR TODAY
                         NORMAL    RECORD    YEAR
 MAXIMUM TEMPERATURE (F)   42        79      1980
 MINIMUM TEMPERATURE (F)   17       -15      2016


SUNRISE AND SUNSET
DECEMBER 17 2017......SUNRISE   701 AM MST   SUNSET   425 PM MST
DECEMBER 18 2017......SUNRISE   702 AM MST   SUNSET   426 PM MST


-  INDICATES NEGATIVE NUMBERS.
R  INDICATES RECORD WAS SET OR TIED.
MM INDICATES DATA IS MISSING.
T  INDICATES TRACE AMOUNT.

&&

THE AVERAGE SOIL TEMPERATURE AT THE FOUR INCH DEPTH... 37
THE CURRENT DEPTH OF FROST... 0 INCHES

$$
