000
CDUS43 KGLD 310043
CLIGLD

CLIMATE REPORT
NATIONAL WEATHER SERVICE GOODLAND
539 PM MST FRI JAN 30 2015

...................................

...THE GOODLAND KS CLIMATE SUMMARY FOR JANUARY 30 2015...
VALID TODAY AS OF 0500 PM LOCAL TIME.

CLIMATE NORMAL PERIOD 1981 TO 2010
CLIMATE RECORD PERIOD 1895 TO 2015

WEATHER ITEM   OBSERVED TIME   RECORD YEAR NORMAL DEPARTURE LAST
                VALUE   (LST)  VALUE       VALUE  FROM      YEAR
                                                  NORMAL
..................................................................
TEMPERATURE (F)
 TODAY
  MAXIMUM         48   1154 AM  72    1986  43      5       51
  MINIMUM         26   1243 AM -15    1918  17      9       21
  AVERAGE         37                        30      7       36

PRECIPITATION (IN)
  TODAY            T             0.35 1896   0.02  -0.02     0.16
  MONTH TO DATE    0.21                      0.37  -0.16     0.40
  SINCE DEC 1      1.67                      0.83   0.84     0.45
  SINCE JAN 1      0.21                      0.37  -0.16     0.40

SNOWFALL (IN)
  TODAY            0.0                       0.2   -0.2      2.4
  MONTH TO DATE    2.0                       5.7   -3.7      7.8
  SINCE DEC 1     11.7                      11.2    0.5     10.3
  SINCE JUL 1     11.9                      18.4   -6.5     14.6
  SNOW DEPTH       0

DEGREE DAYS
 HEATING
  TODAY           28                        35     -7       29
  MONTH TO DATE  983                      1052    -69     1029
  SINCE DEC 1   2042                      2140    -98     2122
  SINCE JUL 1   3297                      3459   -162     3395

 COOLING
  TODAY            0                         0      0        0
  MONTH TO DATE    0                         0      0        0
  SINCE DEC 1      0                         0      0        0
  SINCE JAN 1      0                         0      0        0
..................................................................

WIND (MPH)
  HIGHEST WIND SPEED    26   HIGHEST WIND DIRECTION    SW (220)
  HIGHEST GUST SPEED    35   HIGHEST GUST DIRECTION    SW (210)
  AVERAGE WIND SPEED    16.3


SKY COVER
  AVERAGE SKY COVER 0.5


WEATHER CONDITIONS
 THE FOLLOWING WEATHER WAS RECORDED TODAY.
  NO SIGNIFICANT WEATHER WAS OBSERVED.


RELATIVE HUMIDITY (PERCENT)
 HIGHEST    75           100 AM
 LOWEST     49          1100 AM
 AVERAGE    62

..........................................................


THE GOODLAND KS CLIMATE NORMALS FOR TOMORROW
                         NORMAL    RECORD    YEAR
 MAXIMUM TEMPERATURE (F)   43        75      1989
 MINIMUM TEMPERATURE (F)   17       -19      1951
                                             1918


SUNRISE AND SUNSET
JANUARY 30 2015.......SUNRISE   656 AM MST   SUNSET   505 PM MST
JANUARY 31 2015.......SUNRISE   655 AM MST   SUNSET   506 PM MST


-  INDICATES NEGATIVE NUMBERS.
R  INDICATES RECORD WAS SET OR TIED.
MM INDICATES DATA IS MISSING.
T  INDICATES TRACE AMOUNT.

&&

THE AVERAGE SOIL TEMPERATURE AT THE FOUR INCH DEPTH... 36
THE CURRENT DEPTH OF FROST... 0 INCHES

$$
