144
CDUS44 KJAN 240736
CLIGLH


CLIMATE REPORT
NATIONAL WEATHER SERVICE JACKSON MS
134 AM CST FRI NOV 24 2017


...................................

...THE GREENVILLE CLIMATE SUMMARY FOR NOVEMBER 23 2017...

CLIMATE NORMAL PERIOD 1981 TO 2010
CLIMATE RECORD PERIOD 1903 TO 2017


WEATHER ITEM   OBSERVED TIME   RECORD YEAR NORMAL DEPARTURE LAST
                VALUE   (LST)  VALUE       VALUE  FROM      YEAR
                                                  NORMAL
..................................................................
TEMPERATURE (F)
 YESTERDAY
  MAXIMUM         57    329 PM  83    1921  61     -4       67
  MINIMUM         24    610 AM  21    1964  40    -16       54
  AVERAGE         41                        51    -10       61

PRECIPITATION (IN)
  YESTERDAY        0.00          3.20 1986   0.18  -0.18     0.33
  MONTH TO DATE    1.43                      3.53  -2.10     0.93
  SINCE SEP 1      4.38                     10.93  -6.55     1.81
  SINCE JAN 1     33.57                     45.49 -11.92    43.70

SNOWFALL (IN)
  YESTERDAY        0.0

DEGREE DAYS
 HEATING
  YESTERDAY       24                        14     10        4
  MONTH TO DATE  220                       240    -20      150
  SINCE SEP 1    338                       354    -16      172
  SINCE JUL 1    338                       354    -16      172

 COOLING
  YESTERDAY        0                         0      0        0
  MONTH TO DATE   47                         9     38       27
  SINCE SEP 1    501                       404     97      660
  SINCE JAN 1   2244                      2183     61     2672
..................................................................


WIND (MPH)
  HIGHEST WIND SPEED     9   HIGHEST WIND DIRECTION     N (350)
  HIGHEST GUST SPEED    14   HIGHEST GUST DIRECTION     N (10)
  AVERAGE WIND SPEED     4.1


SKY COVER
  POSSIBLE SUNSHINE  MM
  AVERAGE SKY COVER 0.0


WEATHER CONDITIONS
 THE FOLLOWING WEATHER WAS RECORDED YESTERDAY.
  NO SIGNIFICANT WEATHER WAS OBSERVED.


RELATIVE HUMIDITY (PERCENT)
 HIGHEST    84           600 AM
 LOWEST     24           200 PM
 AVERAGE    54

..........................................................


THE GREENVILLE CLIMATE NORMALS FOR TODAY
                         NORMAL    RECORD    YEAR
 MAXIMUM TEMPERATURE (F)   61        84      1921
 MINIMUM TEMPERATURE (F)   40        17      1970


SUNRISE AND SUNSET
NOVEMBER 24 2017......SUNRISE   644 AM CST   SUNSET   457 PM CST
NOVEMBER 25 2017......SUNRISE   645 AM CST   SUNSET   457 PM CST


-  INDICATES NEGATIVE NUMBERS.
R  INDICATES RECORD WAS SET OR TIED.
MM INDICATES DATA IS MISSING.
T  INDICATES TRACE AMOUNT.




$$
