000
CDUS44 KJAN 300640
CLIGLH


CLIMATE REPORT
NATIONAL WEATHER SERVICE JACKSON MS
137 AM CDT TUE AUG 30 2016


...................................

...THE GREENVILLE CLIMATE SUMMARY FOR AUGUST 29 2016...

CLIMATE NORMAL PERIOD 1981 TO 2010
CLIMATE RECORD PERIOD 1920 TO 2016


WEATHER ITEM   OBSERVED TIME   RECORD YEAR NORMAL DEPARTURE LAST
                VALUE   (LST)  VALUE       VALUE  FROM      YEAR
                                                  NORMAL
..................................................................
TEMPERATURE (F)
 YESTERDAY
  MAXIMUM         97    234 PM 105    1924  91      6       95
  MINIMUM         73    601 AM  55    1986  69      4       63
  AVERAGE         85                        80      5       79

PRECIPITATION (IN)
  YESTERDAY        0.07          2.01 2005   0.10  -0.03     0.00
  MONTH TO DATE    6.96                      2.25   4.71     1.76
  SINCE JUN 1     13.36                     10.09   3.27     7.36
  SINCE JAN 1     41.89                     34.35   7.54    27.33

SNOWFALL (IN)
  YESTERDAY        0.0

DEGREE DAYS
 HEATING
  YESTERDAY        0                         0      0        0
  MONTH TO DATE    0                         0      0        0
  SINCE JUN 1      0                         0      0        0
  SINCE JUL 1      0                         0      0        0

 COOLING
  YESTERDAY       20                        15      5       14
  MONTH TO DATE  535                       480     55      472
  SINCE JUN 1   1630                      1427    203     1548
  SINCE JAN 1   1972                      1749    223     1929
..................................................................


WIND (MPH)
  HIGHEST WIND SPEED    25   HIGHEST WIND DIRECTION     E (70)
  HIGHEST GUST SPEED    31   HIGHEST GUST DIRECTION     E (70)
  AVERAGE WIND SPEED     4.0


SKY COVER
  POSSIBLE SUNSHINE  MM
  AVERAGE SKY COVER 0.0


WEATHER CONDITIONS
 THE FOLLOWING WEATHER WAS RECORDED YESTERDAY.
  THUNDERSTORM
  HEAVY RAIN
  RAIN
  LIGHT RAIN
  FOG


RELATIVE HUMIDITY (PERCENT)
 HIGHEST    93           400 AM
 LOWEST     45           200 PM
 AVERAGE    69

..........................................................


THE GREENVILLE CLIMATE NORMALS FOR TODAY
                         NORMAL    RECORD    YEAR
 MAXIMUM TEMPERATURE (F)   91       103      1954
 MINIMUM TEMPERATURE (F)   69        58      1992
                                             1967


SUNRISE AND SUNSET
AUGUST 30 2016........SUNRISE   637 AM CDT   SUNSET   731 PM CDT
AUGUST 31 2016........SUNRISE   638 AM CDT   SUNSET   730 PM CDT


-  INDICATES NEGATIVE NUMBERS.
R  INDICATES RECORD WAS SET OR TIED.
MM INDICATES DATA IS MISSING.
T  INDICATES TRACE AMOUNT.




$$
