000
CDUS44 KJAN 250733
CLIGLH


CLIMATE REPORT
NATIONAL WEATHER SERVICE JACKSON MS
127 AM CST SUN FEB 25 2018


...................................

...THE GREENVILLE CLIMATE SUMMARY FOR FEBRUARY 24 2018...

CLIMATE NORMAL PERIOD 1981 TO 2010
CLIMATE RECORD PERIOD 1903 TO 2018


WEATHER ITEM   OBSERVED TIME   RECORD YEAR NORMAL DEPARTURE LAST
                VALUE   (LST)  VALUE       VALUE  FROM      YEAR
                                                  NORMAL
..................................................................
TEMPERATURE (F)
 YESTERDAY
  MAXIMUM         77    410 PM  82    1918  60     17       75
  MINIMUM         54   1159 PM  22    1914  39     15       53
  AVERAGE         66                        49     17       64

PRECIPITATION (IN)
  YESTERDAY       MM             2.10 1924   0.14  MM        0.00
  MONTH TO DATE    7.35                      4.45   2.90     2.19
  SINCE DEC 1     14.33                     15.04  -0.71    10.16
  SINCE JAN 1      9.47                      9.42   0.05     7.30

SNOWFALL (IN)
  YESTERDAY        0.0

DEGREE DAYS
 HEATING
  YESTERDAY        0                        16    -16        1
  MONTH TO DATE  350                       460   -110      238
  SINCE DEC 1   1773                      1787    -14     1218
  SINCE JUL 1   2187                      2249    -62     1487

 COOLING
  YESTERDAY        1                         0      1        0
  MONTH TO DATE   19                         0     19       12
  SINCE DEC 1     23                         4     19       35
  SINCE JAN 1     19                         1     18       23
..................................................................


WIND (MPH)
  HIGHEST WIND SPEED    29   HIGHEST WIND DIRECTION     S (190)
  HIGHEST GUST SPEED    36   HIGHEST GUST DIRECTION     S (190)
  AVERAGE WIND SPEED    16.1


SKY COVER
  POSSIBLE SUNSHINE  MM
  AVERAGE SKY COVER 0.7


WEATHER CONDITIONS
 THE FOLLOWING WEATHER WAS RECORDED YESTERDAY.
  HEAVY RAIN
  RAIN
  LIGHT RAIN


RELATIVE HUMIDITY (PERCENT)
 HIGHEST    93           100 AM
 LOWEST     64           400 PM
 AVERAGE    79

..........................................................


THE GREENVILLE CLIMATE NORMALS FOR TODAY
                         NORMAL    RECORD    YEAR
 MAXIMUM TEMPERATURE (F)   60        88      1918
 MINIMUM TEMPERATURE (F)   39        17      1965


SUNRISE AND SUNSET
FEBRUARY 25 2018......SUNRISE   637 AM CST   SUNSET   557 PM CST
FEBRUARY 26 2018......SUNRISE   636 AM CST   SUNSET   558 PM CST


-  INDICATES NEGATIVE NUMBERS.
R  INDICATES RECORD WAS SET OR TIED.
MM INDICATES DATA IS MISSING.
T  INDICATES TRACE AMOUNT.




$$
