000
CDUS44 KJAN 220803
CLIGLH


CLIMATE REPORT
NATIONAL WEATHER SERVICE JACKSON MS
301 AM CDT MON MAY 22 2017


...................................

...THE GREENVILLE CLIMATE SUMMARY FOR MAY 21 2017...

CLIMATE NORMAL PERIOD 1981 TO 2010
CLIMATE RECORD PERIOD 1903 TO 2017


WEATHER ITEM   OBSERVED TIME   RECORD YEAR NORMAL DEPARTURE LAST
                VALUE   (LST)  VALUE       VALUE  FROM      YEAR
                                                  NORMAL
..................................................................
TEMPERATURE (F)
 YESTERDAY
  MAXIMUM         75   1229 PM  95    1987  84     -9       83
  MINIMUM         62   1026 PM  48    1993  64     -2       59
  AVERAGE         69                        74     -5       71

PRECIPITATION (IN)
  YESTERDAY        T             1.46 2013   0.15  -0.15     0.00
  MONTH TO DATE    0.64                      3.62  -2.98     0.26
  SINCE MAR 1      7.30                     12.98  -5.68    20.55
  SINCE JAN 1     15.33                     22.97  -7.64    27.06

SNOWFALL (IN)
  YESTERDAY        0.0

DEGREE DAYS
 HEATING
  YESTERDAY        0                         0      0        0
  MONTH TO DATE   17                        10      7        7
  SINCE MAR 1    294                       462   -168      245
  SINCE JUL 1   1827                      2771   -944     1925

 COOLING
  YESTERDAY        4                         9     -5        6
  MONTH TO DATE  133                       138     -5       95
  SINCE MAR 1    299                       219     80      217
  SINCE JAN 1    328                       224    104      221
..................................................................


WIND (MPH)
  HIGHEST WIND SPEED    17   HIGHEST WIND DIRECTION     W (280)
  HIGHEST GUST SPEED    21   HIGHEST GUST DIRECTION     W (290)
  AVERAGE WIND SPEED     6.7


SKY COVER
  POSSIBLE SUNSHINE  MM
  AVERAGE SKY COVER 0.4


WEATHER CONDITIONS
 THE FOLLOWING WEATHER WAS RECORDED YESTERDAY.
  THUNDERSTORM
  LIGHT RAIN
  FOG


RELATIVE HUMIDITY (PERCENT)
 HIGHEST   100           100 AM
 LOWEST     68           100 PM
 AVERAGE    84

..........................................................


THE GREENVILLE CLIMATE NORMALS FOR TODAY
                         NORMAL    RECORD    YEAR
 MAXIMUM TEMPERATURE (F)   84        94      1972
                                             1970
                                             1956
 MINIMUM TEMPERATURE (F)   64        49      1929


SUNRISE AND SUNSET
MAY 22 2017...........SUNRISE   559 AM CDT   SUNSET   803 PM CDT
MAY 23 2017...........SUNRISE   558 AM CDT   SUNSET   803 PM CDT


-  INDICATES NEGATIVE NUMBERS.
R  INDICATES RECORD WAS SET OR TIED.
MM INDICATES DATA IS MISSING.
T  INDICATES TRACE AMOUNT.




$$
