000
CDUS44 KJAN 240714
CLIGLH


CLIMATE REPORT
NATIONAL WEATHER SERVICE JACKSON MS
209 AM CDT THU APR 24 2014


...................................

...THE GREENVILLE CLIMATE SUMMARY FOR APRIL 23 2014...

CLIMATE NORMAL PERIOD 1981 TO 2010
CLIMATE RECORD PERIOD 1920 TO 2014


WEATHER ITEM   OBSERVED TIME   RECORD YEAR NORMAL DEPARTURE LAST
                VALUE   (LST)  VALUE       VALUE  FROM      YEAR
                                                  NORMAL
..................................................................
TEMPERATURE (F)
 YESTERDAY
  MAXIMUM         80    313 PM  90    1925  77      3       79
  MINIMUM         50    516 AM  39    1931  55     -5       59
  AVERAGE         65                        66     -1       69

PRECIPITATION (IN)
  YESTERDAY        0.00          2.35 1995   0.14  -0.14     0.00
  MONTH TO DATE    6.65                      3.82   2.83     3.30
  SINCE MAR 1     12.16                      8.37   3.79     8.05
  SINCE JAN 1     16.46                     18.36  -1.90    20.51

SNOWFALL (IN)
  YESTERDAY        0.0

DEGREE DAYS
 HEATING
  YESTERDAY        0                         2     -2        0
  MONTH TO DATE  123                       105     18      141
  SINCE MAR 1    557                       441    116      616
  SINCE JUL 1   3164                      2750    414     2619

 COOLING
  YESTERDAY        0                         3     -3        4
  MONTH TO DATE   40                        39      1       58
  SINCE MAR 1     45                        56    -11       60
  SINCE JAN 1     45                        61    -16       70
..................................................................


WIND (MPH)
  HIGHEST WIND SPEED    MM   HIGHEST WIND DIRECTION    MM
  HIGHEST GUST SPEED    MM   HIGHEST GUST DIRECTION    MM
  AVERAGE WIND SPEED    MM


SKY COVER
  POSSIBLE SUNSHINE  MM
  AVERAGE SKY COVER 0.0


WEATHER CONDITIONS
 THE FOLLOWING WEATHER WAS RECORDED YESTERDAY.
  NO SIGNIFICANT WEATHER WAS OBSERVED.


RELATIVE HUMIDITY (PERCENT)
 HIGHEST    93           500 AM
 LOWEST     25           500 PM
 AVERAGE    59

..........................................................


THE GREENVILLE CLIMATE NORMALS FOR TODAY
                         NORMAL    RECORD    YEAR
 MAXIMUM TEMPERATURE (F)   77        91      1953
 MINIMUM TEMPERATURE (F)   55        43      2013
                                             2012
                                             2005


SUNRISE AND SUNSET
APRIL 24 2014.........SUNRISE   623 AM CDT   SUNSET   742 PM CDT
APRIL 25 2014.........SUNRISE   622 AM CDT   SUNSET   742 PM CDT


-  INDICATES NEGATIVE NUMBERS.
R  INDICATES RECORD WAS SET OR TIED.
MM INDICATES DATA IS MISSING.
T  INDICATES TRACE AMOUNT.




$$
