000
CDUS44 KJAN 010701
CLIGLH


CLIMATE REPORT
NATIONAL WEATHER SERVICE JACKSON MS
1257 AM CST SUN MAR 1 2015


...................................

...THE GREENVILLE CLIMATE SUMMARY FOR FEBRUARY 28 2015...

CLIMATE NORMAL PERIOD 1981 TO 2010
CLIMATE RECORD PERIOD 1920 TO 2015


WEATHER ITEM   OBSERVED TIME   RECORD YEAR NORMAL DEPARTURE LAST
                VALUE   (LST)  VALUE       VALUE  FROM      YEAR
                                                  NORMAL
..................................................................
TEMPERATURE (F)
 YESTERDAY
  MAXIMUM         48    531 PM  82    1954  61    -13       56
                                      1940
  MINIMUM         31    724 AM  20    1935  40     -9       30
  AVERAGE         40                        50    -10       43

PRECIPITATION (IN)
  YESTERDAY        0.00          1.60 1995   0.14  -0.14     0.01
  MONTH TO DATE    3.08                      5.02  -1.94     3.46
  SINCE DEC 1     10.56                     15.61  -5.05     8.83
  SINCE JAN 1      6.45                      9.99  -3.54     4.30

SNOWFALL (IN)
  YESTERDAY        0.0

DEGREE DAYS
 HEATING
  YESTERDAY       25                        15     10       22
  MONTH TO DATE  718                       521    197      611
  SINCE DEC 1   1947                      1847    100     2073
  SINCE JUL 1   2487                      2309    178     2607

 COOLING
  YESTERDAY        0                         0      0        0
  MONTH TO DATE    0                         4     -4        0
  SINCE DEC 1      0                         8     -8        9
  SINCE JAN 1      0                         5     -5        0
..................................................................


WIND (MPH)
  HIGHEST WIND SPEED    15   HIGHEST WIND DIRECTION    NE (50)
  HIGHEST GUST SPEED    19   HIGHEST GUST DIRECTION    NE (50)
  AVERAGE WIND SPEED     9.7


SKY COVER
  POSSIBLE SUNSHINE  MM
  AVERAGE SKY COVER 0.8


WEATHER CONDITIONS
 THE FOLLOWING WEATHER WAS RECORDED YESTERDAY.
  NO SIGNIFICANT WEATHER WAS OBSERVED.


RELATIVE HUMIDITY (PERCENT)
 HIGHEST    79          1100 PM
 LOWEST     56           200 PM
 AVERAGE    68

..........................................................


THE GREENVILLE CLIMATE NORMALS FOR TODAY
                         NORMAL    RECORD    YEAR
 MAXIMUM TEMPERATURE (F)   61        83      1932
 MINIMUM TEMPERATURE (F)   41        22      1980


SUNRISE AND SUNSET
MARCH  1 2015.........SUNRISE   632 AM CST   SUNSET   601 PM CST
MARCH  2 2015.........SUNRISE   631 AM CST   SUNSET   601 PM CST


-  INDICATES NEGATIVE NUMBERS.
R  INDICATES RECORD WAS SET OR TIED.
MM INDICATES DATA IS MISSING.
T  INDICATES TRACE AMOUNT.




$$
