000
CDUS44 KJAN 180818
CLIGLH


CLIMATE REPORT
NATIONAL WEATHER SERVICE JACKSON MS
214 AM CST THU DEC 18 2014


...................................

...THE GREENVILLE CLIMATE SUMMARY FOR DECEMBER 17 2014...

CLIMATE NORMAL PERIOD 1981 TO 2010
CLIMATE RECORD PERIOD 1920 TO 2014


WEATHER ITEM   OBSERVED TIME   RECORD YEAR NORMAL DEPARTURE LAST
                VALUE   (LST)  VALUE       VALUE  FROM      YEAR
                                                  NORMAL
..................................................................
TEMPERATURE (F)
 YESTERDAY
  MAXIMUM         48    309 PM  80    1924  54     -6       64
  MINIMUM         33    718 AM  13    1989  35     -2       36
  AVERAGE         41                        45     -4       50

PRECIPITATION (IN)
  YESTERDAY        0.00          4.05 1931   0.18  -0.18     0.00
  MONTH TO DATE    1.40                      3.35  -1.95     3.49
  SINCE DEC 1      1.40                      3.35  -1.95     3.49
  SINCE JAN 1     50.32                     50.37  -0.05    51.80

SNOWFALL (IN)
  YESTERDAY        0.0

DEGREE DAYS
 HEATING
  YESTERDAY       24                        20      4       15
  MONTH TO DATE  267                       321    -54      365
  SINCE DEC 1    267                       321    -54      365
  SINCE JUL 1    807                       783     24      899

 COOLING
  YESTERDAY        0                         0      0        0
  MONTH TO DATE    0                         0      0        6
  SINCE DEC 1      0                         0      0        6
  SINCE JAN 1   2177                      2186     -9     2253
..................................................................


WIND (MPH)
  HIGHEST WIND SPEED    12   HIGHEST WIND DIRECTION     N (350)
  HIGHEST GUST SPEED    14   HIGHEST GUST DIRECTION    NE (60)
  AVERAGE WIND SPEED     6.8


SKY COVER
  POSSIBLE SUNSHINE  MM
  AVERAGE SKY COVER 0.2


WEATHER CONDITIONS
 THE FOLLOWING WEATHER WAS RECORDED YESTERDAY.
  NO SIGNIFICANT WEATHER WAS OBSERVED.


RELATIVE HUMIDITY (PERCENT)
 HIGHEST    89           500 AM
 LOWEST     65           100 PM
 AVERAGE    77

..........................................................


THE GREENVILLE CLIMATE NORMALS FOR TODAY
                         NORMAL    RECORD    YEAR
 MAXIMUM TEMPERATURE (F)   54        77      1939
 MINIMUM TEMPERATURE (F)   35        17      1979
                                             1964


SUNRISE AND SUNSET
DECEMBER 18 2014......SUNRISE   702 AM CST   SUNSET   459 PM CST
DECEMBER 19 2014......SUNRISE   703 AM CST   SUNSET   459 PM CST


-  INDICATES NEGATIVE NUMBERS.
R  INDICATES RECORD WAS SET OR TIED.
MM INDICATES DATA IS MISSING.
T  INDICATES TRACE AMOUNT.




$$
