000
CDUS44 KJAN 020951
CLIGLH


CLIMATE REPORT
NATIONAL WEATHER SERVICE JACKSON MS
450 AM CDT SUN AUG 2 2015


...................................

...THE GREENVILLE CLIMATE SUMMARY FOR AUGUST 1 2015...

CLIMATE NORMAL PERIOD 1981 TO 2010
CLIMATE RECORD PERIOD 1920 TO 2015


WEATHER ITEM   OBSERVED TIME   RECORD YEAR NORMAL DEPARTURE LAST
                VALUE   (LST)  VALUE       VALUE  FROM      YEAR
                                                  NORMAL
..................................................................
TEMPERATURE (F)
 YESTERDAY
  MAXIMUM         95    338 PM 104    2010  92      3       79
  MINIMUM         66    521 AM  60    1965  72     -6       70
  AVERAGE         81                        82     -1       75

PRECIPITATION (IN)
  YESTERDAY        0.00          1.60 1975   0.06  -0.06     0.11
  MONTH TO DATE    0.00                      0.06  -0.06     0.11
  SINCE JUN 1      5.60                      7.90  -2.30    11.80
  SINCE JAN 1     25.57                     32.16  -6.59    35.93

SNOWFALL (IN)
  YESTERDAY        0.0

DEGREE DAYS
 HEATING
  YESTERDAY        0                         0      0        0
  MONTH TO DATE    0                         0      0        0
  SINCE JUN 1      0                         0      0        0
  SINCE JUL 1      0                         0      0        0

 COOLING
  YESTERDAY       16                        17     -1       10
  MONTH TO DATE   16                        17     -1       10
  SINCE JUN 1   1092                       964    128      874
  SINCE JAN 1   1473                      1286    187     1189
..................................................................


WIND (MPH)
  HIGHEST WIND SPEED    14   HIGHEST WIND DIRECTION    NE (40)
  HIGHEST GUST SPEED    16   HIGHEST GUST DIRECTION    NE (60)
  AVERAGE WIND SPEED     4.5


SKY COVER
  POSSIBLE SUNSHINE  MM
  AVERAGE SKY COVER 0.0


WEATHER CONDITIONS
 THE FOLLOWING WEATHER WAS RECORDED YESTERDAY.
  NO SIGNIFICANT WEATHER WAS OBSERVED.


RELATIVE HUMIDITY (PERCENT)
 HIGHEST    94           900 PM
 LOWEST     39           200 PM
 AVERAGE    67

..........................................................


THE GREENVILLE CLIMATE NORMALS FOR TODAY
                         NORMAL    RECORD    YEAR
 MAXIMUM TEMPERATURE (F)   92       104      2010
 MINIMUM TEMPERATURE (F)   72        59      1925


SUNRISE AND SUNSET
AUGUST  2 2015........SUNRISE   617 AM CDT   SUNSET   803 PM CDT
AUGUST  3 2015........SUNRISE   618 AM CDT   SUNSET   802 PM CDT


-  INDICATES NEGATIVE NUMBERS.
R  INDICATES RECORD WAS SET OR TIED.
MM INDICATES DATA IS MISSING.
T  INDICATES TRACE AMOUNT.




$$
